{"id":141,"date":"2021-04-23T13:30:57","date_gmt":"2021-04-23T16:30:57","guid":{"rendered":"https:\/\/www2.uepg.br\/deel\/?page_id=141"},"modified":"2021-05-05T09:05:38","modified_gmt":"2021-05-05T12:05:38","slug":"laboratorio","status":"publish","type":"page","link":"https:\/\/www2.uepg.br\/deel\/laboratorio\/","title":{"rendered":"Laborat\u00f3rios"},"content":{"rendered":"<p style=\"text-align: center;\"><strong>LABORAT\u00d3RIOS<\/strong><\/p>\n<p><img loading=\"lazy\" class=\"alignnone size-medium wp-image-230\" src=\"http:\/\/www2.uepg.br\/deel\/wp-content\/uploads\/sites\/189\/2021\/05\/n_w0Y57a_400x400-1-300x225.jpg\" alt=\"\" width=\"300\" height=\"225\" srcset=\"https:\/\/www2.uepg.br\/deel\/wp-content\/uploads\/sites\/189\/2021\/05\/n_w0Y57a_400x400-1-300x225.jpg 300w, https:\/\/www2.uepg.br\/deel\/wp-content\/uploads\/sites\/189\/2021\/05\/n_w0Y57a_400x400-1-1024x768.jpg 1024w, https:\/\/www2.uepg.br\/deel\/wp-content\/uploads\/sites\/189\/2021\/05\/n_w0Y57a_400x400-1-768x576.jpg 768w, https:\/\/www2.uepg.br\/deel\/wp-content\/uploads\/sites\/189\/2021\/05\/n_w0Y57a_400x400-1-1232x924.jpg 1232w, https:\/\/www2.uepg.br\/deel\/wp-content\/uploads\/sites\/189\/2021\/05\/n_w0Y57a_400x400-1.jpg 1280w\" sizes=\"(max-width: 300px) 100vw, 300px\" \/> <img loading=\"lazy\" class=\"alignnone size-medium wp-image-229\" src=\"http:\/\/www2.uepg.br\/deel\/wp-content\/uploads\/sites\/189\/2021\/05\/n_w0Y57a_400x400-300x225.jpg\" alt=\"\" width=\"300\" height=\"225\" srcset=\"https:\/\/www2.uepg.br\/deel\/wp-content\/uploads\/sites\/189\/2021\/05\/n_w0Y57a_400x400-300x225.jpg 300w, https:\/\/www2.uepg.br\/deel\/wp-content\/uploads\/sites\/189\/2021\/05\/n_w0Y57a_400x400-1024x768.jpg 1024w, https:\/\/www2.uepg.br\/deel\/wp-content\/uploads\/sites\/189\/2021\/05\/n_w0Y57a_400x400-768x576.jpg 768w, https:\/\/www2.uepg.br\/deel\/wp-content\/uploads\/sites\/189\/2021\/05\/n_w0Y57a_400x400-1232x924.jpg 1232w, https:\/\/www2.uepg.br\/deel\/wp-content\/uploads\/sites\/189\/2021\/05\/n_w0Y57a_400x400.jpg 1280w\" sizes=\"(max-width: 300px) 100vw, 300px\" \/><\/p>\n<p>Laborat\u00f3rio de Estudos de Textos &#8211; LET &#8211; Programa de Extens\u00e3o criado em 2007 sob a Coordena\u00e7\u00e3o da Professora Dr\u00aa Djane Antonucci Correa. Atualmente coordenado pela Professora Rosita Maria Bastos dos Santos<br \/>\nCampus Central &#8211; Bloco B &#8211; Sala 213 &#8211; Ramal &#8211; 3304<\/p>\n<p><img loading=\"lazy\" class=\"alignnone size-medium wp-image-230\" src=\"http:\/\/www2.uepg.br\/deel\/wp-content\/uploads\/sites\/189\/2021\/05\/n_w0Y57a_400x400-1-300x225.jpg\" alt=\"\" width=\"300\" height=\"225\" srcset=\"https:\/\/www2.uepg.br\/deel\/wp-content\/uploads\/sites\/189\/2021\/05\/n_w0Y57a_400x400-1-300x225.jpg 300w, https:\/\/www2.uepg.br\/deel\/wp-content\/uploads\/sites\/189\/2021\/05\/n_w0Y57a_400x400-1-1024x768.jpg 1024w, https:\/\/www2.uepg.br\/deel\/wp-content\/uploads\/sites\/189\/2021\/05\/n_w0Y57a_400x400-1-768x576.jpg 768w, https:\/\/www2.uepg.br\/deel\/wp-content\/uploads\/sites\/189\/2021\/05\/n_w0Y57a_400x400-1-1232x924.jpg 1232w, https:\/\/www2.uepg.br\/deel\/wp-content\/uploads\/sites\/189\/2021\/05\/n_w0Y57a_400x400-1.jpg 1280w\" sizes=\"(max-width: 300px) 100vw, 300px\" \/><\/p>\n<p>Laborat\u00f3rio do Paran\u00e1 Fala Ingl\u00eas &#8211; PFI &#8211; Programa coordenado pela Professora Mariza Tulio. Salas equipadas com computadores e Tela digital Interativa para realiza\u00e7\u00e3o de aulas de l\u00edngua estrangeira.<br \/>\nCampus Central &#8211; Bloco C &#8211; Salas 01 e 02<\/p>\n","protected":false},"excerpt":{"rendered":"<p>LABORAT\u00d3RIOS Laborat\u00f3rio de Estudos de Textos &#8211; LET &#8211; Programa de Extens\u00e3o criado em 2007 sob a Coordena\u00e7\u00e3o da Professora Dr\u00aa Djane Antonucci Correa. Atualmente coordenado pela Professora Rosita Maria Bastos dos Santos Campus Central &#8211; Bloco B &#8211; Sala 213 &#8211; Ramal &#8211; 3304 Laborat\u00f3rio do Paran\u00e1 Fala Ingl\u00eas &#8211; PFI &#8211; Programa coordenado&nbsp;&hellip;<\/p>\n","protected":false},"author":305,"featured_media":0,"parent":0,"menu_order":0,"comment_status":"closed","ping_status":"closed","template":"","meta":[],"_links":{"self":[{"href":"https:\/\/www2.uepg.br\/deel\/wp-json\/wp\/v2\/pages\/141"}],"collection":[{"href":"https:\/\/www2.uepg.br\/deel\/wp-json\/wp\/v2\/pages"}],"about":[{"href":"https:\/\/www2.uepg.br\/deel\/wp-json\/wp\/v2\/types\/page"}],"author":[{"embeddable":true,"href":"https:\/\/www2.uepg.br\/deel\/wp-json\/wp\/v2\/users\/305"}],"replies":[{"embeddable":true,"href":"https:\/\/www2.uepg.br\/deel\/wp-json\/wp\/v2\/comments?post=141"}],"version-history":[{"count":7,"href":"https:\/\/www2.uepg.br\/deel\/wp-json\/wp\/v2\/pages\/141\/revisions"}],"predecessor-version":[{"id":232,"href":"https:\/\/www2.uepg.br\/deel\/wp-json\/wp\/v2\/pages\/141\/revisions\/232"}],"wp:attachment":[{"href":"https:\/\/www2.uepg.br\/deel\/wp-json\/wp\/v2\/media?parent=141"}],"curies":[{"name":"wp","href":"https:\/\/api.w.org\/{rel}","templated":true}]}}