{"id":284,"date":"2019-04-04T10:26:09","date_gmt":"2019-04-04T13:26:09","guid":{"rendered":"http:\/\/www2.uepg.br\/defis\/?page_id=284"},"modified":"2019-04-24T13:42:32","modified_gmt":"2019-04-24T16:42:32","slug":"mestrado-em-ciencias-fisica","status":"publish","type":"page","link":"https:\/\/www2.uepg.br\/defis\/ensino\/pos-graduacao\/mestrado-em-ciencias-fisica\/","title":{"rendered":"Mestrado em Ci\u00eancias\/F\u00edsica"},"content":{"rendered":"<div><b>&#8211; Mestrado em Ensino de Ci\u00eancias e Educa\u00e7\u00e3o Matem\u00e1tica (PPGECEM)<\/b><\/div>\n<div><a href=\"http:\/\/sites.uepg.br\/ppgecem\" target=\"_blank\" rel=\"noopener noreferrer\">http:\/\/sites.uepg.br\/ppgecem<\/a><\/div>\n<div><\/div>\n","protected":false},"excerpt":{"rendered":"<p>&#8211; Mestrado em Ensino de Ci\u00eancias e Educa\u00e7\u00e3o Matem\u00e1tica (PPGECEM) http:\/\/sites.uepg.br\/ppgecem<\/p>\n","protected":false},"author":24,"featured_media":0,"parent":304,"menu_order":0,"comment_status":"closed","ping_status":"closed","template":"","meta":[],"_links":{"self":[{"href":"https:\/\/www2.uepg.br\/defis\/wp-json\/wp\/v2\/pages\/284"}],"collection":[{"href":"https:\/\/www2.uepg.br\/defis\/wp-json\/wp\/v2\/pages"}],"about":[{"href":"https:\/\/www2.uepg.br\/defis\/wp-json\/wp\/v2\/types\/page"}],"author":[{"embeddable":true,"href":"https:\/\/www2.uepg.br\/defis\/wp-json\/wp\/v2\/users\/24"}],"replies":[{"embeddable":true,"href":"https:\/\/www2.uepg.br\/defis\/wp-json\/wp\/v2\/comments?post=284"}],"version-history":[{"count":3,"href":"https:\/\/www2.uepg.br\/defis\/wp-json\/wp\/v2\/pages\/284\/revisions"}],"predecessor-version":[{"id":486,"href":"https:\/\/www2.uepg.br\/defis\/wp-json\/wp\/v2\/pages\/284\/revisions\/486"}],"up":[{"embeddable":true,"href":"https:\/\/www2.uepg.br\/defis\/wp-json\/wp\/v2\/pages\/304"}],"wp:attachment":[{"href":"https:\/\/www2.uepg.br\/defis\/wp-json\/wp\/v2\/media?parent=284"}],"curies":[{"name":"wp","href":"https:\/\/api.w.org\/{rel}","templated":true}]}}