{"id":304,"date":"2019-04-04T10:38:01","date_gmt":"2019-04-04T13:38:01","guid":{"rendered":"http:\/\/www2.uepg.br\/defis\/?page_id=304"},"modified":"2019-04-05T10:15:20","modified_gmt":"2019-04-05T13:15:20","slug":"pos-graduacao","status":"publish","type":"page","link":"https:\/\/www2.uepg.br\/defis\/ensino\/pos-graduacao\/","title":{"rendered":"P\u00f3s &#8211; Gradua\u00e7\u00e3o"},"content":{"rendered":"<h4 style=\"text-align: center\"><a href=\"http:\/\/www2.uepg.br\/defis\/ensino\/pos-graduacao\/mestrado-em-ciencias-fisica\/\">-Mestrado em Ci\u00eancias\/F\u00edsica<\/a><\/h4>\n<h4 style=\"text-align: center\"><a href=\"http:\/\/www2.uepg.br\/defis\/ensino\/pos-graduacao\/doutorado-em-ciencias-fisica\/\">-Doutorado em Ci\u00eancias\/F\u00edsica<\/a><\/h4>\n<h4 style=\"text-align: center\"><\/h4>\n<h4 style=\"text-align: center\"><a href=\"http:\/\/www2.uepg.br\/defis\/ensino\/pos-graduacao\/mestrado-profissional-em-ensino-de-fisica\/\">-Mestrado Profissional em Ensino de F\u00edsica<\/a><\/h4>\n<h4 style=\"text-align: center\"><\/h4>\n","protected":false},"excerpt":{"rendered":"<p>-Mestrado em Ci\u00eancias\/F\u00edsica -Doutorado em Ci\u00eancias\/F\u00edsica -Mestrado Profissional em Ensino de F\u00edsica<\/p>\n","protected":false},"author":24,"featured_media":0,"parent":298,"menu_order":0,"comment_status":"closed","ping_status":"closed","template":"","meta":[],"_links":{"self":[{"href":"https:\/\/www2.uepg.br\/defis\/wp-json\/wp\/v2\/pages\/304"}],"collection":[{"href":"https:\/\/www2.uepg.br\/defis\/wp-json\/wp\/v2\/pages"}],"about":[{"href":"https:\/\/www2.uepg.br\/defis\/wp-json\/wp\/v2\/types\/page"}],"author":[{"embeddable":true,"href":"https:\/\/www2.uepg.br\/defis\/wp-json\/wp\/v2\/users\/24"}],"replies":[{"embeddable":true,"href":"https:\/\/www2.uepg.br\/defis\/wp-json\/wp\/v2\/comments?post=304"}],"version-history":[{"count":3,"href":"https:\/\/www2.uepg.br\/defis\/wp-json\/wp\/v2\/pages\/304\/revisions"}],"predecessor-version":[{"id":428,"href":"https:\/\/www2.uepg.br\/defis\/wp-json\/wp\/v2\/pages\/304\/revisions\/428"}],"up":[{"embeddable":true,"href":"https:\/\/www2.uepg.br\/defis\/wp-json\/wp\/v2\/pages\/298"}],"wp:attachment":[{"href":"https:\/\/www2.uepg.br\/defis\/wp-json\/wp\/v2\/media?parent=304"}],"curies":[{"name":"wp","href":"https:\/\/api.w.org\/{rel}","templated":true}]}}