{"id":146,"date":"2022-04-11T10:25:37","date_gmt":"2022-04-11T13:25:37","guid":{"rendered":"https:\/\/www2.uepg.br\/dehis\/?page_id=146"},"modified":"2026-02-04T09:56:42","modified_gmt":"2026-02-04T12:56:42","slug":"colegiado","status":"publish","type":"page","link":"https:\/\/www2.uepg.br\/dehis\/colegiado\/","title":{"rendered":"Cursos do Departamento de Hist\u00f3ria"},"content":{"rendered":"<p style=\"text-align: left\" align=\"center\"><strong>Bacharelado em Hist\u00f3ria<\/strong><\/p>\n<p style=\"text-align: left\" align=\"center\">Elizabeth Johansen (Coordenadora) e Maura R. Petruski (Vice-coordenadora)<\/p>\n<p style=\"text-align: left\"><strong>Licenciatura em Hist\u00f3ria<\/strong><\/p>\n<p style=\"text-align: left\">Erivan Cassiano Karvat (Coordenador) e Ilton Cesar Martins (Vice-coordenador)<strong><br \/>\n<\/strong><\/p>\n<p style=\"text-align: left\" align=\"center\"><strong>Programa de P\u00f3s-Gradua\u00e7\u00e3o em Ensino de Hist\u00f3ria &#8211; (Mestrado e Doutorado Profissional)\u00a0 <a href=\"https:\/\/www2.uepg.br\/profhistoria\/\">PROFHIST\u00d3RIA<\/a><br \/>\n<\/strong><\/p>\n<p style=\"text-align: left\" align=\"center\">Paulo Eduardo Dias de Mello\u00a0 (Coordenador) e Angela Ribeiro Ferreira (Vice-Coordenadora)<\/p>\n<h4>Programa de P\u00f3s-Gradua\u00e7\u00e3o em Hist\u00f3ria (Mestrado e Doutorado Acad\u00eamico) &#8211; <a href=\"https:\/\/www2.uepg.br\/ppgh\/\">PPGH<\/a><\/h4>\n<p style=\"text-align: left\" align=\"center\">Luis Fernando Cerri (Coordenador) e Robson Laverdi (Vice-Coordenador)<\/p>\n<p align=\"center\">\n","protected":false},"excerpt":{"rendered":"<p>Bacharelado em Hist\u00f3ria Elizabeth Johansen (Coordenadora) e Maura R. Petruski (Vice-coordenadora) Licenciatura em Hist\u00f3ria Erivan Cassiano Karvat (Coordenador) e Ilton Cesar Martins (Vice-coordenador) Programa de P\u00f3s-Gradua\u00e7\u00e3o em Ensino de Hist\u00f3ria &#8211; (Mestrado e Doutorado Profissional)\u00a0 PROFHIST\u00d3RIA Paulo Eduardo Dias de Mello\u00a0 (Coordenador) e Angela Ribeiro Ferreira (Vice-Coordenadora) Programa de P\u00f3s-Gradua\u00e7\u00e3o em Hist\u00f3ria (Mestrado e Doutorado&nbsp;&hellip;<\/p>\n","protected":false},"author":378,"featured_media":0,"parent":0,"menu_order":0,"comment_status":"closed","ping_status":"closed","template":"","meta":[],"_links":{"self":[{"href":"https:\/\/www2.uepg.br\/dehis\/wp-json\/wp\/v2\/pages\/146"}],"collection":[{"href":"https:\/\/www2.uepg.br\/dehis\/wp-json\/wp\/v2\/pages"}],"about":[{"href":"https:\/\/www2.uepg.br\/dehis\/wp-json\/wp\/v2\/types\/page"}],"author":[{"embeddable":true,"href":"https:\/\/www2.uepg.br\/dehis\/wp-json\/wp\/v2\/users\/378"}],"replies":[{"embeddable":true,"href":"https:\/\/www2.uepg.br\/dehis\/wp-json\/wp\/v2\/comments?post=146"}],"version-history":[{"count":10,"href":"https:\/\/www2.uepg.br\/dehis\/wp-json\/wp\/v2\/pages\/146\/revisions"}],"predecessor-version":[{"id":332,"href":"https:\/\/www2.uepg.br\/dehis\/wp-json\/wp\/v2\/pages\/146\/revisions\/332"}],"wp:attachment":[{"href":"https:\/\/www2.uepg.br\/dehis\/wp-json\/wp\/v2\/media?parent=146"}],"curies":[{"name":"wp","href":"https:\/\/api.w.org\/{rel}","templated":true}]}}