{"id":185,"date":"2024-10-30T10:21:01","date_gmt":"2024-10-30T13:21:01","guid":{"rendered":"https:\/\/www2.uepg.br\/deinfo\/?page_id=185"},"modified":"2026-04-01T15:49:39","modified_gmt":"2026-04-01T18:49:39","slug":"grade-curricular","status":"publish","type":"page","link":"https:\/\/www2.uepg.br\/deinfo\/engenharia-de-computacao\/grade-curricular\/","title":{"rendered":"Grade Curricular"},"content":{"rendered":"<p>Para completar o curr\u00edculo pleno do curso superior de gradua\u00e7\u00e3o em Bacharelado em Engenharia de Computa\u00e7\u00e3o, o acad\u00eamico dever\u00e1 perfazer um total m\u00ednimo de 4.127 (quatro mil, cento e vinte e sete) horas, sendo 1.224 (mil duzentas e vinte e quatro) horas em disciplinas de Forma\u00e7\u00e3o B\u00e1sica Geral, 2.023 (duas mil e vinte e tr\u00eas) horas em Forma\u00e7\u00e3o Espec\u00edfica Profissional, 102 (cento e duas) horas em disciplinas de Diversifica\u00e7\u00e3o ou Aprofundamento, 200 (duzentas) horas em Atividades Complementares, 165 (Cento e sessenta e cinco) horas em Est\u00e1gio Curricular Supervisionado e 413 (quatrocentas e treze) horas em Extens\u00e3o enquanto componente curricular, distribu\u00eddas em no m\u00ednimo 5 (cinco) anos e no m\u00e1ximo 7 (sete) anos letivos.<\/p>\n<p><a href=\"https:\/\/www2.uepg.br\/deinfo\/wp-content\/uploads\/sites\/277\/2026\/02\/MATRIZ-CURRICULAR-Eng-de-Computacao.pdf\">Curr\u00edculo e ementas do curso<\/a><\/p>\n<p><a href=\"https:\/\/www2.uepg.br\/deinfo\/wp-content\/uploads\/sites\/277\/2026\/04\/MATRIZ-CURRICULAR-Eng-de-Computacao-Curriculo3.pdf\">Curr\u00edculo anterior<\/a> (para alunos que ingressaram entre 2016 e 2022)<\/p>\n<p>&nbsp;<\/p>\n","protected":false},"excerpt":{"rendered":"<p>Para completar o curr\u00edculo pleno do curso superior de gradua\u00e7\u00e3o em Bacharelado em Engenharia de Computa\u00e7\u00e3o, o acad\u00eamico dever\u00e1 perfazer um total m\u00ednimo de 4.127 (quatro mil, cento e vinte e sete) horas, sendo 1.224 (mil duzentas e vinte e quatro) horas em disciplinas de Forma\u00e7\u00e3o B\u00e1sica Geral, 2.023 (duas mil e vinte e tr\u00eas)&nbsp;&hellip;<\/p>\n","protected":false},"author":661,"featured_media":0,"parent":183,"menu_order":0,"comment_status":"closed","ping_status":"closed","template":"","meta":[],"_links":{"self":[{"href":"https:\/\/www2.uepg.br\/deinfo\/wp-json\/wp\/v2\/pages\/185"}],"collection":[{"href":"https:\/\/www2.uepg.br\/deinfo\/wp-json\/wp\/v2\/pages"}],"about":[{"href":"https:\/\/www2.uepg.br\/deinfo\/wp-json\/wp\/v2\/types\/page"}],"author":[{"embeddable":true,"href":"https:\/\/www2.uepg.br\/deinfo\/wp-json\/wp\/v2\/users\/661"}],"replies":[{"embeddable":true,"href":"https:\/\/www2.uepg.br\/deinfo\/wp-json\/wp\/v2\/comments?post=185"}],"version-history":[{"count":8,"href":"https:\/\/www2.uepg.br\/deinfo\/wp-json\/wp\/v2\/pages\/185\/revisions"}],"predecessor-version":[{"id":575,"href":"https:\/\/www2.uepg.br\/deinfo\/wp-json\/wp\/v2\/pages\/185\/revisions\/575"}],"up":[{"embeddable":true,"href":"https:\/\/www2.uepg.br\/deinfo\/wp-json\/wp\/v2\/pages\/183"}],"wp:attachment":[{"href":"https:\/\/www2.uepg.br\/deinfo\/wp-json\/wp\/v2\/media?parent=185"}],"curies":[{"name":"wp","href":"https:\/\/api.w.org\/{rel}","templated":true}]}}