{"id":207,"date":"2024-10-30T10:44:20","date_gmt":"2024-10-30T13:44:20","guid":{"rendered":"https:\/\/www2.uepg.br\/deinfo\/?page_id=207"},"modified":"2026-03-01T21:23:54","modified_gmt":"2026-03-02T00:23:54","slug":"licenciatura-em-computacao","status":"publish","type":"page","link":"https:\/\/www2.uepg.br\/deinfo\/licenciatura-em-computacao\/","title":{"rendered":"Licenciatura em Computa\u00e7\u00e3o"},"content":{"rendered":"<h2>LICENCIATURA EM COMPUTA\u00c7\u00c3O<\/h2>\n<p>A Licenciatura em Computa\u00e7\u00e3o \u00e9 um curso destinado \u00e0 forma\u00e7\u00e3o de professores para atuarem no ensino fundamental e m\u00e9dio, no ensino profissionalizante, nas empresas (forma\u00e7\u00e3o para treinamento e educa\u00e7\u00e3o corporativa) e at\u00e9 mesmo no ensino superior.<\/p>\n<p>Os egressos ser\u00e3o especialistas da \u00e1rea de computa\u00e7\u00e3o, capazes de tratar os conte\u00fados da ci\u00eancia da computa\u00e7\u00e3o, necess\u00e1rios e significativos para os anos finais do ensino fundamental (6\u00ba a 9\u00ba anos) e m\u00e9dio, podendo abordar esses conte\u00fados de forma integrada ou n\u00e3o a outras disciplinas, ou tratados como projetos, temas transversais ou atividades colaborativas.<\/p>\n","protected":false},"excerpt":{"rendered":"<p>LICENCIATURA EM COMPUTA\u00c7\u00c3O A Licenciatura em Computa\u00e7\u00e3o \u00e9 um curso destinado \u00e0 forma\u00e7\u00e3o de professores para atuarem no ensino fundamental e m\u00e9dio, no ensino profissionalizante, nas empresas (forma\u00e7\u00e3o para treinamento e educa\u00e7\u00e3o corporativa) e at\u00e9 mesmo no ensino superior. Os egressos ser\u00e3o especialistas da \u00e1rea de computa\u00e7\u00e3o, capazes de tratar os conte\u00fados da ci\u00eancia da&nbsp;&hellip;<\/p>\n","protected":false},"author":661,"featured_media":0,"parent":0,"menu_order":0,"comment_status":"closed","ping_status":"closed","template":"","meta":[],"_links":{"self":[{"href":"https:\/\/www2.uepg.br\/deinfo\/wp-json\/wp\/v2\/pages\/207"}],"collection":[{"href":"https:\/\/www2.uepg.br\/deinfo\/wp-json\/wp\/v2\/pages"}],"about":[{"href":"https:\/\/www2.uepg.br\/deinfo\/wp-json\/wp\/v2\/types\/page"}],"author":[{"embeddable":true,"href":"https:\/\/www2.uepg.br\/deinfo\/wp-json\/wp\/v2\/users\/661"}],"replies":[{"embeddable":true,"href":"https:\/\/www2.uepg.br\/deinfo\/wp-json\/wp\/v2\/comments?post=207"}],"version-history":[{"count":3,"href":"https:\/\/www2.uepg.br\/deinfo\/wp-json\/wp\/v2\/pages\/207\/revisions"}],"predecessor-version":[{"id":542,"href":"https:\/\/www2.uepg.br\/deinfo\/wp-json\/wp\/v2\/pages\/207\/revisions\/542"}],"wp:attachment":[{"href":"https:\/\/www2.uepg.br\/deinfo\/wp-json\/wp\/v2\/media?parent=207"}],"curies":[{"name":"wp","href":"https:\/\/api.w.org\/{rel}","templated":true}]}}

Licenciatura em Computação

<h2>LICENCIATURA EM COMPUTAÇÃO</h2>
<p>A Licenciatura em Computação é um curso destinado à formação de professores para atuarem no ensino fundamental e médio, no ensino profissionalizante, nas empresas (formação para treinamento e educação corporativa) e até mesmo no ensino superior.</p>
<p>Os egressos serão especialistas da área de computação, capazes de tratar os conteúdos da ciência da computação, necessários e significativos para os anos finais do ensino fundamental (6º a 9º anos) e médio, podendo abordar esses conteúdos de forma integrada ou não a outras disciplinas, ou tratados como projetos, temas transversais ou atividades colaborativas.</p>

<p>LICENCIATURA EM COMPUTAÇÃO A Licenciatura em Computação é um curso destinado à formação de professores para atuarem no ensino fundamental e médio, no ensino profissionalizante, nas empresas (formação para treinamento e educação corporativa) e até mesmo no ensino superior. Os egressos serão especialistas da área de computação, capazes de tratar os conteúdos da ciência da&nbsp;&hellip;</p>
