{"id":218,"date":"2024-10-30T10:48:15","date_gmt":"2024-10-30T13:48:15","guid":{"rendered":"https:\/\/www2.uepg.br\/deinfo\/?page_id=218"},"modified":"2026-03-09T15:45:26","modified_gmt":"2026-03-09T18:45:26","slug":"pesquisa","status":"publish","type":"page","link":"https:\/\/www2.uepg.br\/deinfo\/pesquisa\/","title":{"rendered":"Pesquisa"},"content":{"rendered":"<h2>PROJETOS E LINHAS DE PESQUISA<\/h2>\n<p>S\u00e3o desenvolvidas pesquisas em computa\u00e7\u00e3o aplicada a agricultura; estat\u00edstica computacional e aplicada; reconhecimento de padr\u00f5es, sistemas inteligentes, processamento de imagens; banco de dados convencionais e n\u00e3o convencionais; automa\u00e7\u00e3o e controle; tecnologias WEB; e redes e sistemas distribu\u00eddos.<\/p>\n<p>Os projetos de pesquisa atualmente sendo desenvolvidos podem ser vistos na <a href=\"https:\/\/www2.uepg.br\/computacaoaplicada\/projetos\/\">p\u00e1gina do mestrado<\/a>.<\/p>\n","protected":false},"excerpt":{"rendered":"<p>PROJETOS E LINHAS DE PESQUISA S\u00e3o desenvolvidas pesquisas em computa\u00e7\u00e3o aplicada a agricultura; estat\u00edstica computacional e aplicada; reconhecimento de padr\u00f5es, sistemas inteligentes, processamento de imagens; banco de dados convencionais e n\u00e3o convencionais; automa\u00e7\u00e3o e controle; tecnologias WEB; e redes e sistemas distribu\u00eddos. Os projetos de pesquisa atualmente sendo desenvolvidos podem ser vistos na p\u00e1gina do&nbsp;&hellip;<\/p>\n","protected":false},"author":661,"featured_media":0,"parent":0,"menu_order":0,"comment_status":"closed","ping_status":"closed","template":"","meta":[],"_links":{"self":[{"href":"https:\/\/www2.uepg.br\/deinfo\/wp-json\/wp\/v2\/pages\/218"}],"collection":[{"href":"https:\/\/www2.uepg.br\/deinfo\/wp-json\/wp\/v2\/pages"}],"about":[{"href":"https:\/\/www2.uepg.br\/deinfo\/wp-json\/wp\/v2\/types\/page"}],"author":[{"embeddable":true,"href":"https:\/\/www2.uepg.br\/deinfo\/wp-json\/wp\/v2\/users\/661"}],"replies":[{"embeddable":true,"href":"https:\/\/www2.uepg.br\/deinfo\/wp-json\/wp\/v2\/comments?post=218"}],"version-history":[{"count":5,"href":"https:\/\/www2.uepg.br\/deinfo\/wp-json\/wp\/v2\/pages\/218\/revisions"}],"predecessor-version":[{"id":569,"href":"https:\/\/www2.uepg.br\/deinfo\/wp-json\/wp\/v2\/pages\/218\/revisions\/569"}],"wp:attachment":[{"href":"https:\/\/www2.uepg.br\/deinfo\/wp-json\/wp\/v2\/media?parent=218"}],"curies":[{"name":"wp","href":"https:\/\/api.w.org\/{rel}","templated":true}]}}