{"id":285,"date":"2024-11-04T10:09:41","date_gmt":"2024-11-04T13:09:41","guid":{"rendered":"https:\/\/www2.uepg.br\/deinfo\/?page_id=285"},"modified":"2024-11-04T10:09:41","modified_gmt":"2024-11-04T13:09:41","slug":"mestrado-em-computacao-aplicada","status":"publish","type":"page","link":"https:\/\/www2.uepg.br\/deinfo\/mestrado-em-computacao-aplicada\/","title":{"rendered":"Mestrado em Computa\u00e7\u00e3o Aplicada"},"content":{"rendered":"<h4>Apresenta\u00e7\u00e3o<\/h4>\n<p>O Mestrado Acad\u00eamico em Computa\u00e7\u00e3o Aplicada \u00e9 um mestrado interdisciplinar, aprovado pela Capes em 2010, voltado para o estudo e desenvolvimento de tecnologia computacional aplicada \u00e0 Agricultura. Sendo um mestrado interdisciplinar, enquadrado na \u00e1rea de Engenharia\/Gest\u00e3o\/Tecnologia da Capes, tem um corpo docente envolvendo renomados professores doutores das \u00e1reas da Computa\u00e7\u00e3o e da Agricultura. O curso conta com laborat\u00f3rios multidisciplinares e infraestrutura planejada para proporcionar aos alunos condi\u00e7\u00f5es de aquisi\u00e7\u00e3o de conhecimento e desenvolvimento de seus trabalhos com alto n\u00edvel de qualidade. Considerando que o desenvolvimento do setor agr\u00edcola \u00e9 de extrema import\u00e2ncia para o Brasil e requer constantes inova\u00e7\u00f5es tecnol\u00f3gicas, esse mestrado vem atender a uma forte demanda regional e nacional por forma\u00e7\u00e3o de profissionais aptos a atuarem no segmento da computa\u00e7\u00e3o aplicada a agricultura.<\/p>\n<h4>Objetivos \/ Perfil Profissional a ser formado<\/h4>\n<p>O PPG em Computa\u00e7\u00e3o Aplicada visa formar profissionais para desenvolver e aplicar solu\u00e7\u00f5es computacionais que contribuam para o setor agr\u00edcola, capacitar profissionais para atuar no ensino e pesquisa na \u00e1rea de computa\u00e7\u00e3o aplicada \u00e0 agricultura de forma que esse profissional contribua para a dissemina\u00e7\u00e3o do conhecimento e gera\u00e7\u00e3o de novas tecnologias e solu\u00e7\u00f5es computacionais voltadas para a \u00e1rea agr\u00edcola. O concluinte do mestrado receber\u00e1 o t\u00edtulo de Mestre em Computa\u00e7\u00e3o Aplicada.<\/p>\n<h4>P\u00fablico Alvo<\/h4>\n<p>S\u00e3o habilitados \u00e0 inscri\u00e7\u00e3o todos os portadores de t\u00edtulo de gradua\u00e7\u00e3o em Engenharia de Computa\u00e7\u00e3o, Inform\u00e1tica, Agronomia ou \u00e1reas correlatas, em curso recomendado pelo MEC.<\/p>\n<p>Saiba Mais:\u00a0<a href=\"http:\/\/www3.uepg.br\/computacaoaplicada\/\" target=\"source window\" rel=\"noopener\">https:\/\/www2.uepg.br\/computacaoaplicada<\/a><\/p>\n","protected":false},"excerpt":{"rendered":"<p>Apresenta\u00e7\u00e3o O Mestrado Acad\u00eamico em Computa\u00e7\u00e3o Aplicada \u00e9 um mestrado interdisciplinar, aprovado pela Capes em 2010, voltado para o estudo e desenvolvimento de tecnologia computacional aplicada \u00e0 Agricultura. Sendo um mestrado interdisciplinar, enquadrado na \u00e1rea de Engenharia\/Gest\u00e3o\/Tecnologia da Capes, tem um corpo docente envolvendo renomados professores doutores das \u00e1reas da Computa\u00e7\u00e3o e da Agricultura. O&nbsp;&hellip;<\/p>\n","protected":false},"author":661,"featured_media":0,"parent":0,"menu_order":0,"comment_status":"closed","ping_status":"closed","template":"","meta":[],"_links":{"self":[{"href":"https:\/\/www2.uepg.br\/deinfo\/wp-json\/wp\/v2\/pages\/285"}],"collection":[{"href":"https:\/\/www2.uepg.br\/deinfo\/wp-json\/wp\/v2\/pages"}],"about":[{"href":"https:\/\/www2.uepg.br\/deinfo\/wp-json\/wp\/v2\/types\/page"}],"author":[{"embeddable":true,"href":"https:\/\/www2.uepg.br\/deinfo\/wp-json\/wp\/v2\/users\/661"}],"replies":[{"embeddable":true,"href":"https:\/\/www2.uepg.br\/deinfo\/wp-json\/wp\/v2\/comments?post=285"}],"version-history":[{"count":1,"href":"https:\/\/www2.uepg.br\/deinfo\/wp-json\/wp\/v2\/pages\/285\/revisions"}],"predecessor-version":[{"id":286,"href":"https:\/\/www2.uepg.br\/deinfo\/wp-json\/wp\/v2\/pages\/285\/revisions\/286"}],"wp:attachment":[{"href":"https:\/\/www2.uepg.br\/deinfo\/wp-json\/wp\/v2\/media?parent=285"}],"curies":[{"name":"wp","href":"https:\/\/api.w.org\/{rel}","templated":true}]}}