{"id":442,"date":"2025-02-11T15:41:46","date_gmt":"2025-02-11T18:41:46","guid":{"rendered":"https:\/\/www2.uepg.br\/deinfo\/?page_id=442"},"modified":"2026-04-16T14:46:56","modified_gmt":"2026-04-16T17:46:56","slug":"tcc-documentos","status":"publish","type":"page","link":"https:\/\/www2.uepg.br\/deinfo\/tcc\/tcc-documentos\/","title":{"rendered":"Documentos"},"content":{"rendered":"<h4 style=\"text-align: center\"><strong>Documentos, Modelos e Regulamentos<\/strong><\/h4>\n<table class=\"table table-striped table-bordered\">\n<thead>\n<tr>\n<th width=\"2%\"><\/th>\n<th><\/th>\n<\/tr>\n<\/thead>\n<tbody>\n<tr>\n<td class=\"muted\"><span style=\"color: #000000\">1<\/span><\/td>\n<td class=\"text-info\"><a href=\"https:\/\/www2.uepg.br\/deinfo\/wp-content\/uploads\/sites\/277\/2025\/02\/01-RegulamentoTCC_ES_2020.pdf\">Regulamento do TCC do Curso de Engenharia de Software<\/a><\/td>\n<\/tr>\n<tr>\n<td class=\"muted\"><span style=\"color: #000000\">2<\/span><\/td>\n<td class=\"text-info\"><a href=\"https:\/\/www2.uepg.br\/deinfo\/wp-content\/uploads\/sites\/277\/2025\/02\/01-RegulamentoTCC_EC_2019.pdf\">Regulamento do TCC do Curso de Engenharia de Computa\u00e7\u00e3o<\/a><\/td>\n<\/tr>\n<tr>\n<td class=\"muted\"><span style=\"color: #000000\">3<\/span><\/td>\n<td class=\"text-info\"><a href=\"https:\/\/www2.uepg.br\/deinfo\/wp-content\/uploads\/sites\/277\/2025\/02\/02-Manual_ABNT_UEPG_2023.pdf\">Manual de escrita do TCC &#8211; Monografia (ABNT\/UEPG)<\/a><\/td>\n<\/tr>\n<tr>\n<td class=\"muted\"><span style=\"color: #000000\">4<\/span><\/td>\n<td class=\"text-info\"><a href=\"https:\/\/www2.uepg.br\/deinfo\/wp-content\/uploads\/sites\/277\/2025\/07\/sbc_template.doc\">Modelo de Artigo da SBC (Sociedade Brasileira de Computa\u00e7\u00e3o)<\/a>\u00a0 (formato doc)<\/td>\n<\/tr>\n<tr>\n<td class=\"muted\">5<\/td>\n<td class=\"text-info\"><a href=\"https:\/\/www.sbc.org.br\/wp-content\/uploads\/2024\/07\/modelosparapublicaodeartigos.zip\">Modelos de Artigo SBC (Sociedade Brasileira de Computa\u00e7\u00e3o)<\/a>\u00a0 (formatos doc, odt e <em>latex<\/em>)<\/td>\n<\/tr>\n<tr>\n<td class=\"muted\"><span style=\"color: #000000\">6<\/span><\/td>\n<td class=\"text-info\"><a href=\"https:\/\/github.com\/ljsenger\/tcc-uepg-latex\/\">Modelo para TCC em formato de monografia<\/a> (formato <em>latex<\/em>)<\/td>\n<\/tr>\n<tr>\n<td class=\"muted\"><span style=\"color: #000000\">7<\/span><\/td>\n<td class=\"text-info\"><a href=\"https:\/\/www2.uepg.br\/deinfo\/wp-content\/uploads\/sites\/277\/2026\/03\/Proposta.doc\">Proposta de TCC para Engenharia de Computa\u00e7\u00e3o<\/a><\/td>\n<\/tr>\n<tr>\n<td class=\"muted\"><span style=\"color: #000000\">8<\/span><\/td>\n<td class=\"text-info\"><a href=\"https:\/\/www2.uepg.br\/deinfo\/wp-content\/uploads\/sites\/277\/2026\/03\/PropostaES.doc\">Proposta de TCC para Engenharia de Software<\/a><\/td>\n<\/tr>\n<tr>\n<td class=\"muted\"><span style=\"color: #000000\">9<\/span><\/td>\n<td class=\"text-info\"><a href=\"https:\/\/www2.uepg.br\/deinfo\/wp-content\/uploads\/sites\/277\/2026\/04\/Banca.doc\">Proposta da Banca Examinadora para Engenharia de Computa\u00e7\u00e3o<\/a><\/td>\n<\/tr>\n<tr>\n<td class=\"muted\"><span style=\"color: #000000\">10<\/span><\/td>\n<td class=\"text-info\"><a href=\"https:\/\/www2.uepg.br\/deinfo\/wp-content\/uploads\/sites\/277\/2026\/04\/BancaES.doc\">Proposta da Banca Examinadora para Engenharia de Software<\/a><\/td>\n<\/tr>\n<tr>\n<td class=\"muted\"><span style=\"color: #000000\">11<\/span><\/td>\n<td class=\"text-info\"><a href=\"https:\/\/www2.uepg.br\/deinfo\/wp-content\/uploads\/sites\/277\/2026\/03\/Preliminar.doc\">Carta de encaminhamento vers\u00e3o preliminar para Engenharia de Computa\u00e7\u00e3o<\/a><\/td>\n<\/tr>\n<tr>\n<td class=\"muted\"><span style=\"color: #000000\">12<\/span><\/td>\n<td class=\"text-info\"><a href=\"https:\/\/www2.uepg.br\/deinfo\/wp-content\/uploads\/sites\/277\/2026\/03\/PreliminarES.doc\">Carta de encaminhamento vers\u00e3o preliminar para Engenharia de Software<\/a><\/td>\n<\/tr>\n<tr>\n<td class=\"muted\"><span style=\"color: #000000\">13<\/span><\/td>\n<td class=\"text-info\"><a href=\"https:\/\/www2.uepg.br\/deinfo\/wp-content\/uploads\/sites\/277\/2026\/03\/Final.doc\">Carta de encaminhamento vers\u00e3o final para Engenharia de Computa\u00e7\u00e3o<\/a><\/td>\n<\/tr>\n<tr>\n<td class=\"muted\"><span style=\"color: #000000\">14<\/span><\/td>\n<td class=\"text-info\"><a href=\"https:\/\/www2.uepg.br\/deinfo\/wp-content\/uploads\/sites\/277\/2026\/03\/FinalES.doc\">Carta de encaminhamento vers\u00e3o final para Engenharia de Software<\/a><\/td>\n<\/tr>\n<tr>\n<td class=\"muted\"><span style=\"color: #000000\">15<\/span><\/td>\n<td class=\"text-info\"><a href=\"https:\/\/www2.uepg.br\/deinfo\/wp-content\/uploads\/sites\/277\/2026\/03\/SolicitacaoDataLocal.doc\">Solicita\u00e7\u00e3o de data e local para a defesa do TCC para Engenharia de Computa\u00e7\u00e3o<\/a><\/td>\n<\/tr>\n<tr>\n<td class=\"muted\"><span style=\"color: #000000\">16<\/span><\/td>\n<td class=\"text-info\"><a href=\"https:\/\/www2.uepg.br\/deinfo\/wp-content\/uploads\/sites\/277\/2026\/03\/SolicitacaoDataLocalES.doc\">Solicita\u00e7\u00e3o de data e local para a defesa do TCC para Engenharia de Software<\/a><\/td>\n<\/tr>\n<\/tbody>\n<\/table>\n<p>&nbsp;<\/p>\n<p><a href=\"https:\/\/www2.uepg.br\/deinfo\/tcc\/\">Voltar<\/a><\/p>\n","protected":false},"excerpt":{"rendered":"<p>Documentos, Modelos e Regulamentos 1 Regulamento do TCC do Curso de Engenharia de Software 2 Regulamento do TCC do Curso de Engenharia de Computa\u00e7\u00e3o 3 Manual de escrita do TCC &#8211; Monografia (ABNT\/UEPG) 4 Modelo de Artigo da SBC (Sociedade Brasileira de Computa\u00e7\u00e3o)\u00a0 (formato doc) 5 Modelos de Artigo SBC (Sociedade Brasileira de Computa\u00e7\u00e3o)\u00a0 (formatos&nbsp;&hellip;<\/p>\n","protected":false},"author":738,"featured_media":470,"parent":291,"menu_order":0,"comment_status":"closed","ping_status":"closed","template":"","meta":[],"_links":{"self":[{"href":"https:\/\/www2.uepg.br\/deinfo\/wp-json\/wp\/v2\/pages\/442"}],"collection":[{"href":"https:\/\/www2.uepg.br\/deinfo\/wp-json\/wp\/v2\/pages"}],"about":[{"href":"https:\/\/www2.uepg.br\/deinfo\/wp-json\/wp\/v2\/types\/page"}],"author":[{"embeddable":true,"href":"https:\/\/www2.uepg.br\/deinfo\/wp-json\/wp\/v2\/users\/738"}],"replies":[{"embeddable":true,"href":"https:\/\/www2.uepg.br\/deinfo\/wp-json\/wp\/v2\/comments?post=442"}],"version-history":[{"count":20,"href":"https:\/\/www2.uepg.br\/deinfo\/wp-json\/wp\/v2\/pages\/442\/revisions"}],"predecessor-version":[{"id":593,"href":"https:\/\/www2.uepg.br\/deinfo\/wp-json\/wp\/v2\/pages\/442\/revisions\/593"}],"up":[{"embeddable":true,"href":"https:\/\/www2.uepg.br\/deinfo\/wp-json\/wp\/v2\/pages\/291"}],"wp:featuredmedia":[{"embeddable":true,"href":"https:\/\/www2.uepg.br\/deinfo\/wp-json\/wp\/v2\/media\/470"}],"wp:attachment":[{"href":"https:\/\/www2.uepg.br\/deinfo\/wp-json\/wp\/v2\/media?parent=442"}],"curies":[{"name":"wp","href":"https:\/\/api.w.org\/{rel}","templated":true}]}}