{"id":155,"date":"2022-04-25T10:00:56","date_gmt":"2022-04-25T13:00:56","guid":{"rendered":"https:\/\/www2.uepg.br\/dema\/?page_id=155"},"modified":"2022-04-25T10:50:37","modified_gmt":"2022-04-25T13:50:37","slug":"links","status":"publish","type":"page","link":"https:\/\/www2.uepg.br\/dema\/links\/","title":{"rendered":"Links"},"content":{"rendered":"<ul>\n<li><a href=\"https:\/\/abpol.org.br\/\" target=\"_blank\" rel=\"noopener\">Associa\u00e7\u00e3o Brasileira de Pol\u00edmeros<\/a><\/li>\n<li><a href=\"https:\/\/abceram.org.br\/\" target=\"_blank\" rel=\"noopener\">Associa\u00e7\u00e3o Brasileira de Cer\u00e2mica<\/a><\/li>\n<li><a href=\"https:\/\/www.abmbrasil.com.br\/\" target=\"_blank\" rel=\"noopener\">Associa\u00e7\u00e3o Brasileira de Metalurgia e Materiais<br \/>\n<\/a><\/li>\n<li><a href=\"https:\/\/www.seti.pr.gov.br\/\" target=\"_blank\" rel=\"noopener\">Superintend\u00eancia Geral da Ci\u00eancia, Tecnologia e Ensino Superior &#8211; PR<br \/>\n<\/a><\/li>\n<li><a href=\"http:\/\/www.ufscar.br\/portugues\/projetos\/nrpp\/%20\" target=\"_blank\" rel=\"noopener\">N\u00facleo de Reologia e Processamento de Pol\u00edmeros<br \/>\n<\/a><\/li>\n<li><a href=\"http:\/\/www.liec.ufscar.br\/\" target=\"_blank\" rel=\"noopener\">Laborat\u00f3rio Interdisciplinar de Eletroqu\u00edmica e Cer\u00e2mica<br \/>\n<\/a><\/li>\n<li><a href=\"http:\/\/webofscience.fapesp.br\/CIW.cgi%20\" target=\"_blank\" rel=\"noopener\">Pesquisa Bibliogr\u00e1fica<\/a><\/li>\n<li><a href=\"https:\/\/www.gov.br\/cnpq\/pt-br\" target=\"_blank\" rel=\"noopener\">CNPq<\/a><\/li>\n<li><a href=\"https:\/\/www.gov.br\/capes\/pt-br\" target=\"_blank\" rel=\"noopener\">CAPES<\/a><\/li>\n<li><a href=\"http:\/\/www.propesp.uepg.br\/\" target=\"_blank\" rel=\"noopener\">Pr\u00f3-Reitoria de Pesquisa e P\u00f3s-Gradua\u00e7\u00e3o &#8211; UEPG<\/a><\/li>\n<\/ul>\n","protected":false},"excerpt":{"rendered":"<p>Associa\u00e7\u00e3o Brasileira de Pol\u00edmeros Associa\u00e7\u00e3o Brasileira de Cer\u00e2mica Associa\u00e7\u00e3o Brasileira de Metalurgia e Materiais Superintend\u00eancia Geral da Ci\u00eancia, Tecnologia e Ensino Superior &#8211; PR N\u00facleo de Reologia e Processamento de Pol\u00edmeros Laborat\u00f3rio Interdisciplinar de Eletroqu\u00edmica e Cer\u00e2mica Pesquisa Bibliogr\u00e1fica CNPq CAPES Pr\u00f3-Reitoria de Pesquisa e P\u00f3s-Gradua\u00e7\u00e3o &#8211; UEPG<\/p>\n","protected":false},"author":378,"featured_media":0,"parent":0,"menu_order":0,"comment_status":"closed","ping_status":"closed","template":"","meta":[],"_links":{"self":[{"href":"https:\/\/www2.uepg.br\/dema\/wp-json\/wp\/v2\/pages\/155"}],"collection":[{"href":"https:\/\/www2.uepg.br\/dema\/wp-json\/wp\/v2\/pages"}],"about":[{"href":"https:\/\/www2.uepg.br\/dema\/wp-json\/wp\/v2\/types\/page"}],"author":[{"embeddable":true,"href":"https:\/\/www2.uepg.br\/dema\/wp-json\/wp\/v2\/users\/378"}],"replies":[{"embeddable":true,"href":"https:\/\/www2.uepg.br\/dema\/wp-json\/wp\/v2\/comments?post=155"}],"version-history":[{"count":4,"href":"https:\/\/www2.uepg.br\/dema\/wp-json\/wp\/v2\/pages\/155\/revisions"}],"predecessor-version":[{"id":209,"href":"https:\/\/www2.uepg.br\/dema\/wp-json\/wp\/v2\/pages\/155\/revisions\/209"}],"wp:attachment":[{"href":"https:\/\/www2.uepg.br\/dema\/wp-json\/wp\/v2\/media?parent=155"}],"curies":[{"name":"wp","href":"https:\/\/api.w.org\/{rel}","templated":true}]}}

<ul>
<li><a href="https://abpol.org.br/" target="_blank" rel="noopener">Associação Brasileira de Polímeros</a></li>
<li><a href="https://abceram.org.br/" target="_blank" rel="noopener">Associação Brasileira de Cerâmica</a></li>
<li><a href="https://www.abmbrasil.com.br/" target="_blank" rel="noopener">Associação Brasileira de Metalurgia e Materiais<br />
</a></li>
<li><a href="https://www.seti.pr.gov.br/" target="_blank" rel="noopener">Superintendência Geral da Ciência, Tecnologia e Ensino Superior &#8211; PR<br />
</a></li>
<li><a href="http://www.ufscar.br/portugues/projetos/nrpp/%20" target="_blank" rel="noopener">Núcleo de Reologia e Processamento de Polímeros<br />
</a></li>
<li><a href="http://www.liec.ufscar.br/" target="_blank" rel="noopener">Laboratório Interdisciplinar de Eletroquímica e Cerâmica<br />
</a></li>
<li><a href="http://webofscience.fapesp.br/CIW.cgi%20" target="_blank" rel="noopener">Pesquisa Bibliográfica</a></li>
<li><a href="https://www.gov.br/cnpq/pt-br" target="_blank" rel="noopener">CNPq</a></li>
<li><a href="https://www.gov.br/capes/pt-br" target="_blank" rel="noopener">CAPES</a></li>
<li><a href="http://www.propesp.uepg.br/" target="_blank" rel="noopener">Pró-Reitoria de Pesquisa e Pós-Graduação &#8211; UEPG</a></li>
</ul>

<p>Associação Brasileira de Polímeros Associação Brasileira de Cerâmica Associação Brasileira de Metalurgia e Materiais Superintendência Geral da Ciência, Tecnologia e Ensino Superior &#8211; PR Núcleo de Reologia e Processamento de Polímeros Laboratório Interdisciplinar de Eletroquímica e Cerâmica Pesquisa Bibliográfica CNPq CAPES Pró-Reitoria de Pesquisa e Pós-Graduação &#8211; UEPG</p>
