{"id":1004,"date":"2023-05-18T15:00:10","date_gmt":"2023-05-18T18:00:10","guid":{"rendered":"https:\/\/www2.uepg.br\/demat\/?page_id=1004"},"modified":"2024-09-03T15:11:01","modified_gmt":"2024-09-03T18:11:01","slug":"vi-sigmat","status":"publish","type":"page","link":"https:\/\/www2.uepg.br\/demat\/vi-sigmat\/","title":{"rendered":"VI SIGMAT"},"content":{"rendered":"<div id=\"pl-1004\"  class=\"panel-layout\" ><div id=\"pg-1004-0\"  class=\"panel-grid panel-no-style\" ><div id=\"pgc-1004-0-0\"  class=\"panel-grid-cell\" ><div id=\"panel-1004-0-0-0\" class=\"so-panel widget widget_sow-tabs panel-first-child panel-last-child\" data-index=\"0\" ><div\n\t\t\t\n\t\t\tclass=\"so-widget-sow-tabs so-widget-sow-tabs-default-4013e0dc4b27-1004\"\n\t\t\t\n\t\t><div class=\"sow-tabs\">\n\t<div class=\"sow-tabs-tab-container\" role=\"tablist\">\n\t\t\t<div class=\"sow-tabs-tab sow-tabs-tab-selected\"\n\t\t\t role=\"tab\" data-anchor=\"sobre-o-vi-sigmat\"\n\t\t\t aria-selected=\"true\" tabindex=\"0\">\n\t\t\t<div class=\"sow-tabs-title sow-tabs-title-icon-left\">\n\t\t\t\t\t\t\t\tSobre o VI SIGMAT\t\t\t\t\t\t\t<\/div>\n\t\t<\/div>\n\t\t\t<div class=\"sow-tabs-tab\"\n\t\t\t role=\"tab\" data-anchor=\"cronograma\"\n\t\t\t aria-selected=\"false\" tabindex=\"-1\">\n\t\t\t<div class=\"sow-tabs-title sow-tabs-title-icon-left\">\n\t\t\t\t\t\t\t\tCronograma\t\t\t\t\t\t\t<\/div>\n\t\t<\/div>\n\t\t\t<div class=\"sow-tabs-tab\"\n\t\t\t role=\"tab\" data-anchor=\"inscri%c3%a7%c3%b5es\"\n\t\t\t aria-selected=\"false\" tabindex=\"-1\">\n\t\t\t<div class=\"sow-tabs-title sow-tabs-title-icon-left\">\n\t\t\t\t\t\t\t\tInscri\u00e7\u00f5es\t\t\t\t\t\t\t<\/div>\n\t\t<\/div>\n\t\t\t<div class=\"sow-tabs-tab\"\n\t\t\t role=\"tab\" data-anchor=\"comunica%c3%a7%c3%b5es-orais\"\n\t\t\t aria-selected=\"false\" tabindex=\"-1\">\n\t\t\t<div class=\"sow-tabs-title sow-tabs-title-icon-left\">\n\t\t\t\t\t\t\t\tComunica\u00e7\u00f5es Orais\t\t\t\t\t\t\t<\/div>\n\t\t<\/div>\n\t\t\t<div class=\"sow-tabs-tab\"\n\t\t\t role=\"tab\" data-anchor=\"comunica%c3%a7%c3%b5es-orais-cronograma\"\n\t\t\t aria-selected=\"false\" tabindex=\"-1\">\n\t\t\t<div class=\"sow-tabs-title sow-tabs-title-icon-left\">\n\t\t\t\t\t\t\t\tComunica\u00e7\u00f5es Orais - Cronograma\t\t\t\t\t\t\t<\/div>\n\t\t<\/div>\n\t\t\t<div class=\"sow-tabs-tab\"\n\t\t\t role=\"tab\" data-anchor=\"exposi%c3%a7%c3%a3o-matem%c3%a1tica\"\n\t\t\t aria-selected=\"false\" tabindex=\"-1\">\n\t\t\t<div class=\"sow-tabs-title sow-tabs-title-icon-left\">\n\t\t\t\t\t\t\t\tExposi\u00e7\u00e3o Matem\u00e1tica\t\t\t\t\t\t\t<\/div>\n\t\t<\/div>\n\t\t\t<div class=\"sow-tabs-tab\"\n\t\t\t role=\"tab\" data-anchor=\"iv-torneio-de-derivadas\"\n\t\t\t aria-selected=\"false\" tabindex=\"-1\">\n\t\t\t<div class=\"sow-tabs-title sow-tabs-title-icon-left\">\n\t\t\t\t\t\t\t\tIV Torneio de Derivadas\t\t\t\t\t\t\t<\/div>\n\t\t<\/div>\n\t\t<\/div>\n\t\n\t<div class=\"sow-tabs-panel-container\">\n\t\t\t<div class=\"sow-tabs-panel\">\n\t\t\t<div class=\"sow-tabs-panel-content\" role=\"tabpanel\" tabindex=\"0\">\n\t\t\t\t<p><img class=\"aligncenter size-medium wp-image-1009\" src=\"http:\/\/www2.uepg.br\/demat\/wp-content\/uploads\/sites\/45\/2023\/05\/Logo-VISIGMAT-300x300.png\" alt=\"\" width=\"300\" height=\"300\" \/><\/p>\n<p>&nbsp;<\/p>\n<p>A 6\u00aa edi\u00e7\u00e3o do <em><strong>Simp\u00f3sio Integrado de Matem\u00e1tica - SIGMAT<\/strong><\/em> ocorrer\u00e1 no per\u00edodo de 19\/06 a 23\/06 de 2023 nas depend\u00eancias do Centro Integrar (Bloco PDE). A promo\u00e7\u00e3o \u00e9 dos colegiados dos cursos de Licenciatura em Matem\u00e1tica presencial (COLLICMAT) e a dist\u00e2ncia (COLMATUAB), de Bacharelado em Matem\u00e1tica Aplicada (COLMAP) e do PROFMAT - UEPG.<\/p>\n<p>O evento ser\u00e1 centrado na discuss\u00e3o da produ\u00e7\u00e3o do conhecimento nas \u00e1reas de Matem\u00e1tica e Educa\u00e7\u00e3o Matem\u00e1tica e na troca de saberes entre acad\u00eamicos, professores e pesquisadores. Pretende-se estabelecer e fortalecer um evento de valoriza\u00e7\u00e3o do ensino e da pesquisa na gradua\u00e7\u00e3o e p\u00f3s-gradua\u00e7\u00e3o\u00a0e debater a respeito da forma\u00e7\u00e3o profissional na \u00e1rea de Matem\u00e1tica.<\/p>\n<p>Ser\u00e3o realizadas as seguintes atividades: palestras, minicursos, Comunica\u00e7\u00f5es Orais, Exposi\u00e7\u00e3o Matem\u00e1tica e o IV Torneio de Derivadas da Cidade de Ponta Grossa.<\/p>\n<p><strong>Comiss\u00e3o Organizadora:<\/strong><\/p>\n<p><strong>Professores do DEMAT - UEPG:<\/strong><\/p>\n<p>Scheila Valechenski Biehl (Coordenadora)<\/p>\n<p>Ana Lucia Pereira<\/p>\n<p>Deyse M\u00e1rcia Pacheco Gebert<\/p>\n<p>Elisangela dos Santos Meza<\/p>\n<p>Jocemar de Quadros Chagas<\/p>\n<p>Jos\u00e9 Trobia<\/p>\n<p>Marciano Pereira<\/p>\n<p>Marcos Teixeira Alves<\/p>\n<p>Wanderley Aparecido Cerniauskas<\/p>\n<p><strong>Acad\u00eamicos do curso de Matem\u00e1tica da UEPG:<\/strong><\/p>\n<p>Em defini\u00e7\u00e3o<\/p>\n\t\t\t<\/div>\n\t\t<\/div>\n\t\t\t<div class=\"sow-tabs-panel\">\n\t\t\t<div class=\"sow-tabs-panel-content\" role=\"tabpanel\" aria-hidden=\"true\">\n\t\t\t\t<hr \/>\n<p><strong>Data: 19\/06<br \/>\n<\/strong><\/p>\n<p><em>18h45: <strong>Recep\u00e7\u00e3o e<\/strong><\/em> <strong><em>Cerim\u00f4nia de Abertura\u00a0<\/em><\/strong><\/p>\n<p><em>1<\/em><em>9h:<strong> Palestra de Abertura: <\/strong><\/em> Tecnologia e Educa\u00e7\u00e3o Inclusiva: Desvendando Novas Abordagens de Ensino e Aprendizagem - <em>Local:<\/em> Audit\u00f3rio do Centro Integrar (PDE)<\/p>\n<p><strong>Convidados: <\/strong>Profa. Dra. Sani de Carvalho Rutz da Silva (UTFPR-PG) e Prof. Dr. Albino Szesz Junior (UEPG)<\/p>\n<p><em>Resumo: Nesta palestra aborda-se a tem\u00e1tica tecnologia na educa\u00e7\u00e3o, e especialmente no dom\u00ednio da educa\u00e7\u00e3o inclusiva, destacando as dificuldades da inclus\u00e3o de pessoas com defici\u00eancia no ensino regular. Ressalta-se a import\u00e2ncia da apropria\u00e7\u00e3o tecnol\u00f3gica do professor para mediar o ensino, especialmente de alunos com defici\u00eancia. Discute-se sobre o termo acessibilidade, definindo o conceito e suas classifica\u00e7\u00f5es. Por fim, apresenta-se alguns materiais adaptados, jogos e softwares para o ensino de matem\u00e1tica a alunos com defici\u00eancia.<\/em><\/p>\n<p><em>20h15:<\/em> <em><strong>Coffee-Break<\/strong><\/em><\/p>\n<p><em>20h45:<\/em> <em><strong>Apresenta\u00e7\u00e3o Cultural: <\/strong><\/em>Grupo de Teatro <strong><em>Dupla de Dois<\/em><\/strong> em \"Quem fez o qu\u00ea? (Vol 1)\"<em><strong><span style=\"font-weight: 400\">\u00a0- Local: Audit\u00f3rio do Centro Integrar (PDE)<\/span><\/strong><\/em><\/p>\n<hr \/>\n<p><strong>Data: 20\/06<\/strong><\/p>\n<p><em>19h:<\/em><strong>\u00a0<em> IV Torneio de Derivadas da Cidade de Ponta Grossa - Fase Eliminat\u00f3ria<\/em><\/strong><\/p>\n<p><em>20h15: <strong>Coffee-Break<\/strong><\/em><\/p>\n<p><em>20h45<\/em>: <b><i>Comunica\u00e7\u00f5es Orais<\/i><\/b><\/p>\n<hr \/>\n<p><strong>Data: 21\/06<br \/>\n<\/strong><\/p>\n<p><em>19h:<strong> Minicursos<\/strong><\/em><\/p>\n<p><em>20h15: <strong>Coffee-Break<\/strong><\/em><\/p>\n<p><em>20h45:<\/em> <em><strong>Continua\u00e7\u00e3o dos Minicursos\u00a0<\/strong><\/em><\/p>\n<p><strong><em>Obs.: <\/em><\/strong><em>Cada participante dever\u00e1 selecionar apenas um dos minicursos listados a seguir. As vagas s\u00e3o limitadas!<\/em><\/p>\n<p><strong><em>Minicurso 1:<\/em><\/strong> (40 vagas) Por que nos lembramos do passado, e n\u00e3o do futuro? Boltzmann, probabilidades condicionais e o sentido do tempo - Prof. Jos\u00e9 Tadeu Lunardi (DEMAT - UEPG) - <em>Local:<\/em> Centro Integrar (PDE)<\/p>\n<p><em>Resumo:<\/em> <em>Por que nos lembramos do passado, e n\u00e3o do futuro? Por que nunca observamos uma filha nascer antes dos pais, ou uma nuvem de fuma\u00e7a juntar-se espontaneamente no ar e voltar \u00e0 boca de um fumante?\u00a0 Essas perguntas parecem ter uma resposta \u00f3bvia, baseada em nossa observa\u00e7\u00e3o de que certas sucess\u00f5es de eventos somente podem ocorrer em uma certa ordem temporal, e nunca na ordem inversa, pois isso equivaleria a inverter a ordem entre passado e futuro, ou a ordem entre causa e efeito. Se rod\u00e1ssemos um filme de tr\u00e1s para a frente, qualquer espectador perceberia que as cenas a que ele assiste est\u00e3o sendo mostradas na ordem temporal invertida, pois, para ele, essas cenas parecem absurdas; para esse espectador, essas cenas parecem violar as leis da natureza. No entanto, do ponto de vista das leis mais fundamentais da f\u00edsica, todos esses acontecimentos reversos temporalmente seriam poss\u00edveis de ocorrer. Essa afirma\u00e7\u00e3o gera naturalmente a pergunta: \u201cse s\u00e3o poss\u00edveis, ent\u00e3o porque nunca s\u00e3o observados?\u201d Esse \u00e9 o famoso problema da \"flecha do tempo\u201d, ou do \u201csentido do tempo\u201d, e \u00e9 uma quest\u00e3o fundamental ainda sem uma resposta definitiva na ci\u00eancia.\u00a0 Neste minicurso mostraremos como o austr\u00edaco Ludwig Boltzmann, no final do s\u00e9culo XIX, come\u00e7ou a desvendar o mist\u00e9rio do sentido do tempo com a introdu\u00e7\u00e3o de probabilidades condicionais na f\u00edsica. \u00a0<\/em><\/p>\n<p><em><strong>Minicurso 2:<\/strong><\/em> (20 vagas) Aprenda a Elaborar Avalia\u00e7\u00f5es com LaTeX: Cria\u00e7\u00e3o de Provas, Quest\u00f5es e Gabaritos - Prof. Carlos Eduardo Krassinski Soares (DEMAT - UEPG) - <em>Local:<\/em> Bloco L<\/p>\n<p><em>Resumo: O objetivo do minicurso de LaTeX para elabora\u00e7\u00e3o de provas, quest\u00f5es e gabaritos \u00e9 fornecer aos participantes as habilidades e conhecimentos necess\u00e1rios para criar e formatar documentos de avalia\u00e7\u00e3o de forma eficiente e profissional. Durante o curso, os participantes aprender\u00e3o a utilizar o LaTeX para criar documentos com apar\u00eancia esteticamente agrad\u00e1vel e f\u00e1cil de ler, abordando t\u00f3picos como a estrutura b\u00e1sica de um documento em LaTeX, formata\u00e7\u00e3o de texto, inclus\u00e3o de imagens e elabora\u00e7\u00e3o de f\u00f3rmulas matem\u00e1ticas. Al\u00e9m disso, os participantes aprender\u00e3o a criar diferentes tipos de quest\u00f5es, como quest\u00f5es de m\u00faltipla escolha, completar o espa\u00e7o em branco, entre outras, bem como a criar gabaritos automaticamente. Ao final do curso, os participantes ter\u00e3o a capacidade de criar provas, quest\u00f5es e gabaritos em formato digital, facilitando o compartilhamento com alunos e colegas.<\/em><\/p>\n<p><em><strong>Minicurso 3:<\/strong><\/em> (40 vagas) Mentalidades Matem\u00e1ticas: por uma matem\u00e1tica mais aberta, criativa e visual - Profa. Annaly Schewtschik - <em>Local: Centro Integrar (PDE)<\/em><\/p>\n<p><em>Resumo: Olhar para a matem\u00e1tica de modo a ver as diferentes possibilidades de desenvolv\u00ea-la em sala de aula, por meio de atividades mais abertas, criativas e visuais, tendo por fio condutor as Pr\u00e1ticas de Mentalidades Matem\u00e1ticas, \u00e9 acreditar que todos s\u00e3o capazes de aprender matem\u00e1tica, em altos n\u00edveis. Aqui, nesse minicurso, vamos conhecer e vivenciar essas pr\u00e1ticas, desenvolvendo uma mentalidade de crescimento em atividades de piso baixo e teto alto, al\u00e9m de quebrar alguns paradigmas em rela\u00e7\u00e3o ao ensino da matem\u00e1tica.<\/em><\/p>\n<p><em><strong>Minicurso 4:<\/strong><\/em> (40 vagas) A Teoria da Aprendizagem Significativa na Geometria - Profa. Juliana de F\u00e1tima Holm Brim (DEMAT - UEPG) e Bianca Aparecida Holm de Oliveira (doutoranda UTFPR) - <em>Local: Centro Integrar (PDE)<\/em><\/p>\n<p><em>Resumo: A Geometria \u00e9 um campo da matem\u00e1tica fundamental na percep\u00e7\u00e3o do mundo visual e suas representa\u00e7\u00f5es. A aprendizagem da geometria est\u00e1 relacionada com a habilidade de visualiza\u00e7\u00e3o e constru\u00e7\u00e3o atrav\u00e9s dos mais diversos materiais, como por exemplo o papel.\u00a0 Embora reconhecendo sua import\u00e2ncia, muitas vezes a geometria \u00e9 ensinada na educa\u00e7\u00e3o b\u00e1sica atrav\u00e9s de metodologias tradicionais sendo baseadas basicamente em resolu\u00e7\u00e3o de exerc\u00edcios. Tais procedimentos podem conduzir a uma aprendizagem mec\u00e2nica que se resume \u00e0 memoriza\u00e7\u00e3o de f\u00f3rmulas, aprendizagem de \"v\u00e9spera de prova\" que \u00e9 logo esquecida. Ao contr\u00e1rio da aprendizagem mec\u00e2nica est\u00e1 a aprendizagem significativa, proposta por David Ausubel em sua teoria da aprendizagem significativa \u00a0e\u00a0 implementada no Brasil por Marco Antonio Moreira. Este minicurso tem o objetivo de apresentar aos acad\u00eamicos de Licenciatura em Matem\u00e1tica, os futuros professores da disciplina, a Teoria da Aprendizagem Significativa e suas implica\u00e7\u00f5es no ensino da geometria e sugest\u00f5es de atividades com diversos materiais que visam a promo\u00e7\u00e3o da aprendizagem significativa de conceitos da geometria para alunos da educa\u00e7\u00e3o b\u00e1sica.<\/em><\/p>\n<hr \/>\n<p><strong>Data: 22\/06<br \/>\n<\/strong><\/p>\n<p><em>19h:<strong> IV Torneio de Derivadas da Cidade de Ponta Grossa - Fase Final<\/strong><\/em><\/p>\n<p><em>20h15:<\/em> <strong><em>Coffee-Break<\/em><\/strong><\/p>\n<p><em>20h45:<\/em> <strong><em>Comunica\u00e7\u00f5es Orais\u00a0<\/em><\/strong><\/p>\n<hr \/>\n<p><strong>Data: 23\/06<\/strong><\/p>\n<p><em>19h:<\/em> <strong><em>Palestra de Encerramento: <\/em><\/strong>Pensamento Computacional na Forma\u00e7\u00e3o dos Professores de F\u00edsica e Matem\u00e1tica: um novo design de ensino e aprendizagem - <em>Local:<\/em> Audit\u00f3rio do Centro Integrar (PDE)<\/p>\n<p><strong>Convidado:<\/strong> Prof. Me. Jeremias Ferreira da Costa (doutorando na UFPR)<\/p>\n<p><em>Resumo<\/em>: <a href=\"http:\/\/www2.uepg.br\/demat\/wp-content\/uploads\/sites\/45\/2023\/05\/Resumo-Encerramento.pdf\" target=\"_blank\" rel=\"noopener\">Clique aqui.<\/a><\/p>\n<p><em>20h15:<\/em> <strong><em>Coffee-Break<\/em><\/strong><\/p>\n<p><em>20h30<\/em>: <em><strong>Exposi\u00e7\u00e3o Matem\u00e1tica<\/strong><\/em><\/p>\n<p><em>21h30: <strong>Cerim\u00f4nia de<\/strong> <strong>Encerramento e Premia\u00e7\u00f5es <\/strong><\/em>- <em>Local:<\/em> Audit\u00f3rio do Centro Integrar (PDE)<\/p>\n<hr \/>\n<p>&nbsp;<\/p>\n\t\t\t<\/div>\n\t\t<\/div>\n\t\t\t<div class=\"sow-tabs-panel\">\n\t\t\t<div class=\"sow-tabs-panel-content\" role=\"tabpanel\" aria-hidden=\"true\">\n\t\t\t\t<p>O <strong>VI SIGMAT<\/strong> - <em>Simp\u00f3sio Integrado de Matem\u00e1tica da UEPG<\/em> acontecer\u00e1 na semana de 19\/06 a 23\/06 de 2023 nas depend\u00eancias do Centro Integrar - PDE e do Bloco L. As inscri\u00e7\u00f5es ocorrem no per\u00edodo de 19\/05 a 19\/06, sendo cobrada uma taxa de <strong>R$ 35,00<\/strong> para custear o coffee-break. Utilize a chave Pix:\u00a0 42998005848 (em nome de Scheila V. Biehl - Coordenadora do VI SIGMAT) para efetuar o pagamento da inscri\u00e7\u00e3o e anexe ao formul\u00e1rio abaixo, preenchendo-o com seus dados:<\/p>\n<p style=\"text-align: center\"><a href=\"https:\/\/forms.gle\/cgpfCe8F3794qLem8\" target=\"_blank\" rel=\"noopener\">https:\/\/forms.gle\/cgpfCe8F3794qLem8<\/a><\/p>\n<p><em>Desejamos um excelente evento a todos!<\/em><\/p>\n\t\t\t<\/div>\n\t\t<\/div>\n\t\t\t<div class=\"sow-tabs-panel\">\n\t\t\t<div class=\"sow-tabs-panel-content\" role=\"tabpanel\" aria-hidden=\"true\">\n\t\t\t\t<p><span style=\"color: #ff0000\"><strong>A submiss\u00e3o de trabalhos foi prorrogada para 15\/06\/2023.<\/strong><\/span><\/p>\n<p><em>Leia atentamente as regras de submiss\u00e3o de trabalhos e anexe o arquivo no formul\u00e1rio pr\u00f3prio disponibilizado no item 6. <\/em><\/p>\n<p>1 - Somente poder\u00e3o ser submetidos trabalhos na forma de resumo expandido, que devem ser resultados de pesquisas (conclu\u00eddas ou em andamento) ou de relatos de experi\u00eancias dentro dos eixos tem\u00e1ticos do evento: Matem\u00e1tica, Ensino de Matem\u00e1tica e Probabilidade e Estat\u00edstica.<\/p>\n<p>2 - O resumo expandido dever\u00e1 ser elaborado de acordo com as normas do Template (modelo)\u00a0 abaixo e\u00a0conter de 3 a 6\u00a0p\u00e1ginas:<\/p>\n<ul>\n<li>Formatos Word e LaTeX: clique aqui e baixe o arquivo zipado: <a href=\"https:\/\/drive.google.com\/file\/d\/1yf6kRlEwnzaRtimDahCP9Q-AiWAixTU1\/view?usp=sharing\" target=\"_blank\" rel=\"noopener\">Templates - VI SIGMAT<\/a><\/li>\n<\/ul>\n<p>3\u00a0- A modalidade de apresenta\u00e7\u00e3o de todos os trabalhos \u00e9 comunica\u00e7\u00e3o oral.<\/p>\n<p>4\u00a0 - O tempo m\u00e1ximo para cada apresenta\u00e7\u00e3o ser\u00e1 de dez (10) minutos e mais cinco (5) minutos para argui\u00e7\u00e3o,\u00a0totalizando quinze (15) minutos.<\/p>\n<p>5 - Cada inscri\u00e7\u00e3o d\u00e1 direito a submiss\u00e3o de at\u00e9 2 trabalhos, e o\u00a0n\u00famero m\u00e1ximo de autores por trabalho \u00e9 cinco (5).<\/p>\n<p>6 - Os trabalhos dever\u00e3o ser submetidos no formato PDF no link: <a href=\"https:\/\/forms.gle\/UvkiQdBoD73iJNrx9\" target=\"_blank\" rel=\"noopener\">https:\/\/forms.gle\/UvkiQdBoD73iJNrx9<\/a><em><br \/>\n<\/em><\/p>\n<p>7 - Os trabalhos ser\u00e3o avaliados pela Comiss\u00e3o Cient\u00edfica do SIGMAT e somente ser\u00e3o aceitos os resumos\u00a0que estiverem de acordo com as normas detalhadas no Template.<\/p>\n<p>8 - Os trabalhos aprovados dever\u00e3o ser apresentados por um dos autores no evento.<\/p>\n<p><u>Datas importantes:<\/u><\/p>\n<p>Submiss\u00e3o de trabalhos: 19\/05 a 15\/06.<\/p>\n<p>Parecer Inicial dos Avaliadores: 19\/05 a 17\/06.<\/p>\n<p>Reenvio com as corre\u00e7\u00f5es: 19\/05 a 19\/06.<\/p>\n<p>Divulga\u00e7\u00e3o dos trabalhos aceitos: 20\/06.<\/p>\n<p><strong>ATEN\u00c7\u00c3O:<\/strong> Em caso de d\u00favidas, entre em contato conosco atrav\u00e9s do e-mail: <a href=\"mailto:sigmatuepg@gmail.com\">sigmat@uepg.br<\/a>.<\/p>\n\t\t\t<\/div>\n\t\t<\/div>\n\t\t\t<div class=\"sow-tabs-panel\">\n\t\t\t<div class=\"sow-tabs-panel-content\" role=\"tabpanel\" aria-hidden=\"true\">\n\t\t\t\t<div class=\"sow-tabs-panel\">\n<div class=\"sow-tabs-panel-content\" role=\"tabpanel\">\n<p><strong>Prezados(as) autores(as)<\/strong>,<\/p>\n<p>a <em>Comiss\u00e3o Organizadora do VI SIGMAT<\/em> agradece pela submiss\u00e3o do seu trabalho.<a href=\"http:\/\/www2.uepg.br\/demat\/wp-content\/uploads\/sites\/45\/2023\/06\/Ensalamento-VI-SIGMAT-rev.pdf\" target=\"_blank\" rel=\"noopener\"> Clique aqui<\/a> e visualize os trabalhos aceitos e o cronograma das apresenta\u00e7\u00f5es.<\/p>\n<p><em>Aten\u00e7\u00e3o:<\/em> O cronograma das apresenta\u00e7\u00f5es do dia 22\/06 pode ser consultado <a href=\"http:\/\/www2.uepg.br\/demat\/wp-content\/uploads\/sites\/45\/2023\/06\/Ensalamento-VI-SIGMAT-2206.pdf\" target=\"_blank\" rel=\"noopener\">clicando aqui<\/a>.<\/p>\n<\/div>\n<\/div>\n\t\t\t<\/div>\n\t\t<\/div>\n\t\t\t<div class=\"sow-tabs-panel\">\n\t\t\t<div class=\"sow-tabs-panel-content\" role=\"tabpanel\" aria-hidden=\"true\">\n\t\t\t\t<p>Durante a realiza\u00e7\u00e3o do<i><b>\u00a0VI SIGMAT - Simp\u00f3sio Integrado de Matem\u00e1tica da UEPG<\/b><\/i>\u00a0ocorrer\u00e1 a\u00a0<b>Exposi\u00e7\u00e3o Matem\u00e1tica.\u00a0<\/b>Esta atividade tem<b>\u00a0<\/b>como objetivo principal a divulga\u00e7\u00e3o de temas da Matem\u00e1tica de maneira pr\u00e1tica e l\u00fadica. A ideia \u00e9 que o grupo (de no m\u00e1ximo 4 participantes) apresente a tem\u00e1tica selecionada utilizando, por exemplo, pain\u00e9is explicativos (cartazes), materiais manipul\u00e1veis, experimentos e <em>atividades interativas<\/em> com o p\u00fablico de modo a enaltecer e a revelar a beleza da Matem\u00e1tica e de suas aplica\u00e7\u00f5es.<\/p>\n<p>A <strong>Exposi\u00e7\u00e3o Matem\u00e1tica<\/strong> acontecer\u00e1 no dia 23\/06 a partir das 19h no Centro Intregrar - PDE.<\/p>\n<p>Para se inscrever, utilize uma das op\u00e7\u00f5es a seguir:<\/p>\n<ul>\n<li><em>Acad\u00eamicos da 1\u00aa s\u00e9rie, turma NA, do curso de Licenciatura em Matem\u00e1tica da UEPG<\/em>, utilize este formul\u00e1rio: <a href=\"https:\/\/forms.gle\/FGgC5Hm17P1q4whg9\" target=\"_blank\" rel=\"noopener\">https:\/\/forms.gle\/FGgC5Hm17P1q4whg9<\/a><\/li>\n<li><em>Acad\u00eamicos da 1\u00aa s\u00e9rie, turma NB, do curso de Licenciatura em Matem\u00e1tica da UEPG<\/em>, utilize este formul\u00e1rio: <a href=\"https:\/\/forms.gle\/XrVbw7mkYYVyGjFX6\" target=\"_blank\" rel=\"noopener\">https:\/\/forms.gle\/XrVbw7mkYYVyGjFX6<\/a><\/li>\n<li><em>P\u00fablico em geral<\/em>, utilize o formul\u00e1rio: <a href=\"https:\/\/forms.gle\/SXwrKBruVHFcFEbz7\" target=\"_blank\" rel=\"noopener\">https:\/\/forms.gle\/SXwrKBruVHFcFEbz7<\/a><\/li>\n<\/ul>\n<p><em>Per\u00edodo de inscri\u00e7\u00e3o:<\/em> 22\/05 a 19\/06.<\/p>\n\t\t\t<\/div>\n\t\t<\/div>\n\t\t\t<div class=\"sow-tabs-panel\">\n\t\t\t<div class=\"sow-tabs-panel-content\" role=\"tabpanel\" aria-hidden=\"true\">\n\t\t\t\t<p>O<strong> IV Torneio de Derivadas da cidade de Ponta Grossa<\/strong>\u00a0consistir\u00e1 em uma competi\u00e7\u00e3o de resolu\u00e7\u00e3o de derivadas de fun\u00e7\u00f5es reais de uma vari\u00e1vel real.\u00a0Esse torneio visa incentivar o estudo das disciplinas de C\u00e1lculo Diferencial e Integral ofertadas nos cursos de gradua\u00e7\u00e3o das universidades ou faculdades do munic\u00edpio de Ponta Grossa - PR.<\/p>\n<p>Para conhecer as regras do torneio, consulte o <a href=\"http:\/\/www2.uepg.br\/demat\/wp-content\/uploads\/sites\/45\/2023\/05\/Regulamento-IVTorneio.pdf\" target=\"_blank\" rel=\"noopener\">Regulamento.<\/a><\/p>\n<p><strong>Inscri\u00e7\u00e3o do IV Torneio de Derivadas da UEPG (gratuita): <\/strong><a href=\"https:\/\/forms.gle\/5ZkcGCAaCGCXg6Dy5\" target=\"_blank\" rel=\"noopener\">clique aqui.<\/a><\/p>\n<p><strong>Importante:\u00a0<\/strong>Cada participante do Torneio receber\u00e1 certificado de participa\u00e7\u00e3o de 4h.<\/p>\n<p><strong>Per\u00edodo de Inscri\u00e7\u00f5es:<\/strong> 22\/05\/23 a 19\/06\/23.<\/p>\n\t\t\t<\/div>\n\t\t<\/div>\n\t\t<\/div>\n<\/div>\n<\/div><\/div><\/div><\/div><div id=\"pg-1004-1\"  class=\"panel-grid panel-no-style\" ><div id=\"pgc-1004-1-0\"  class=\"panel-grid-cell panel-grid-cell-empty\" ><\/div><\/div><\/div>","protected":false},"excerpt":{"rendered":"<p>Sobre o VI SIGMAT Cronograma Inscri\u00e7\u00f5es Comunica\u00e7\u00f5es Orais Comunica\u00e7\u00f5es Orais &#8211; Cronograma Exposi\u00e7\u00e3o Matem\u00e1tica IV Torneio de Derivadas &nbsp; A 6\u00aa edi\u00e7\u00e3o do Simp\u00f3sio Integrado de Matem\u00e1tica &#8211; SIGMAT ocorrer\u00e1 no per\u00edodo de 19\/06 a 23\/06 de 2023 nas depend\u00eancias do Centro Integrar (Bloco PDE). A promo\u00e7\u00e3o \u00e9 dos colegiados dos cursos de Licenciatura em&nbsp;&hellip;<\/p>\n","protected":false},"author":110,"featured_media":0,"parent":0,"menu_order":0,"comment_status":"closed","ping_status":"closed","template":"","meta":[],"_links":{"self":[{"href":"https:\/\/www2.uepg.br\/demat\/wp-json\/wp\/v2\/pages\/1004"}],"collection":[{"href":"https:\/\/www2.uepg.br\/demat\/wp-json\/wp\/v2\/pages"}],"about":[{"href":"https:\/\/www2.uepg.br\/demat\/wp-json\/wp\/v2\/types\/page"}],"author":[{"embeddable":true,"href":"https:\/\/www2.uepg.br\/demat\/wp-json\/wp\/v2\/users\/110"}],"replies":[{"embeddable":true,"href":"https:\/\/www2.uepg.br\/demat\/wp-json\/wp\/v2\/comments?post=1004"}],"version-history":[{"count":68,"href":"https:\/\/www2.uepg.br\/demat\/wp-json\/wp\/v2\/pages\/1004\/revisions"}],"predecessor-version":[{"id":1268,"href":"https:\/\/www2.uepg.br\/demat\/wp-json\/wp\/v2\/pages\/1004\/revisions\/1268"}],"wp:attachment":[{"href":"https:\/\/www2.uepg.br\/demat\/wp-json\/wp\/v2\/media?parent=1004"}],"curies":[{"name":"wp","href":"https:\/\/api.w.org\/{rel}","templated":true}]}}