{"id":141,"date":"2019-11-29T15:25:10","date_gmt":"2019-11-29T18:25:10","guid":{"rendered":"http:\/\/www2.uepg.br\/demat\/?page_id=141"},"modified":"2024-03-20T17:39:13","modified_gmt":"2024-03-20T20:39:13","slug":"publicacoes","status":"publish","type":"page","link":"https:\/\/www2.uepg.br\/demat\/publicacoes\/","title":{"rendered":"Publica\u00e7\u00f5es"},"content":{"rendered":"<p>A <strong><em>Revista da Ol\u00edmpiada Pontagrossense de Matem\u00e1tica<\/em><\/strong> \u00e9 resultado do projeto de extens\u00e3o: <em>Olimp\u00edadas de Matem\u00e1tica: Promovendo a Inclus\u00e3o Social e ajudando a mudar o cen\u00e1rio da Educa\u00e7\u00e3o<\/em>, desenvolvido pelo Departamento de Matem\u00e1tica e Estat\u00edstica da UEPG. Tem periodicidade anual, atualmente com o 1\u00ba volume publicado. O principal objetivo da Revista \u00e9 compor um material robusto em conte\u00fados matem\u00e1ticos com vista a ser utilizado como recurso pedag\u00f3gico ao letramento matem\u00e1tico (racioc\u00ednio, representa\u00e7\u00e3o, comunica\u00e7\u00e3o e argumenta\u00e7\u00e3o) e como fonte de estudo e treinamento para olimp\u00edadas de matem\u00e1tica.<\/p>\n<p>Acesse o primeiro volume: <a href=\"http:\/\/www2.uepg.br\/demat\/wp-content\/uploads\/sites\/45\/2019\/12\/RevistaOPMat-Volume1-2019.pdf\" target=\"_blank\" rel=\"noopener noreferrer\">Revista da OPMat &#8211; Volume 1 (2019)<\/a><\/p>\n","protected":false},"excerpt":{"rendered":"<p>A Revista da Ol\u00edmpiada Pontagrossense de Matem\u00e1tica \u00e9 resultado do projeto de extens\u00e3o: Olimp\u00edadas de Matem\u00e1tica: Promovendo a Inclus\u00e3o Social e ajudando a mudar o cen\u00e1rio da Educa\u00e7\u00e3o, desenvolvido pelo Departamento de Matem\u00e1tica e Estat\u00edstica da UEPG. Tem periodicidade anual, atualmente com o 1\u00ba volume publicado. O principal objetivo da Revista \u00e9 compor um material&nbsp;&hellip;<\/p>\n","protected":false},"author":24,"featured_media":0,"parent":0,"menu_order":0,"comment_status":"closed","ping_status":"closed","template":"","meta":[],"_links":{"self":[{"href":"https:\/\/www2.uepg.br\/demat\/wp-json\/wp\/v2\/pages\/141"}],"collection":[{"href":"https:\/\/www2.uepg.br\/demat\/wp-json\/wp\/v2\/pages"}],"about":[{"href":"https:\/\/www2.uepg.br\/demat\/wp-json\/wp\/v2\/types\/page"}],"author":[{"embeddable":true,"href":"https:\/\/www2.uepg.br\/demat\/wp-json\/wp\/v2\/users\/24"}],"replies":[{"embeddable":true,"href":"https:\/\/www2.uepg.br\/demat\/wp-json\/wp\/v2\/comments?post=141"}],"version-history":[{"count":13,"href":"https:\/\/www2.uepg.br\/demat\/wp-json\/wp\/v2\/pages\/141\/revisions"}],"predecessor-version":[{"id":1219,"href":"https:\/\/www2.uepg.br\/demat\/wp-json\/wp\/v2\/pages\/141\/revisions\/1219"}],"wp:attachment":[{"href":"https:\/\/www2.uepg.br\/demat\/wp-json\/wp\/v2\/media?parent=141"}],"curies":[{"name":"wp","href":"https:\/\/api.w.org\/{rel}","templated":true}]}}