{"id":18,"date":"2019-11-19T16:21:44","date_gmt":"2019-11-19T19:21:44","guid":{"rendered":"http:\/\/www2.uepg.br\/demat\/?page_id=18"},"modified":"2025-06-25T11:49:12","modified_gmt":"2025-06-25T14:49:12","slug":"docentes","status":"publish","type":"page","link":"https:\/\/www2.uepg.br\/demat\/docentes\/","title":{"rendered":"Docentes"},"content":{"rendered":"<div id=\"pl-18\"  class=\"panel-layout\" ><div id=\"pg-18-0\"  class=\"panel-grid panel-no-style\" ><div id=\"pgc-18-0-0\"  class=\"panel-grid-cell\" ><div id=\"panel-18-0-0-0\" class=\"so-panel widget widget_sow-tabs panel-first-child panel-last-child\" data-index=\"0\" ><div\n\t\t\t\n\t\t\tclass=\"so-widget-sow-tabs so-widget-sow-tabs-default-d70d2bd943a4-18\"\n\t\t\t\n\t\t><div class=\"sow-tabs\">\n\t<div class=\"sow-tabs-tab-container\" role=\"tablist\">\n\t\t\t<div class=\"sow-tabs-tab sow-tabs-tab-selected\"\n\t\t\t role=\"tab\" data-anchor=\"dedica%c3%a7%c3%a3o-exclusiva\"\n\t\t\t aria-selected=\"true\" tabindex=\"0\">\n\t\t\t<div class=\"sow-tabs-title sow-tabs-title-icon-left\">\n\t\t\t\t\t\t\t\tDedica\u00e7\u00e3o Exclusiva\t\t\t\t\t\t\t<\/div>\n\t\t<\/div>\n\t\t\t<div class=\"sow-tabs-tab\"\n\t\t\t role=\"tab\" data-anchor=\"colaboradores\"\n\t\t\t aria-selected=\"false\" tabindex=\"-1\">\n\t\t\t<div class=\"sow-tabs-title sow-tabs-title-icon-left\">\n\t\t\t\t\t\t\t\tColaboradores\t\t\t\t\t\t\t<\/div>\n\t\t<\/div>\n\t\t<\/div>\n\t\n\t<div class=\"sow-tabs-panel-container\">\n\t\t\t<div class=\"sow-tabs-panel\">\n\t\t\t<div class=\"sow-tabs-panel-content\" role=\"tabpanel\" tabindex=\"0\">\n\t\t\t\t<p><strong>Nome: <\/strong>Abdala Mohamed Saleh<br \/>\n<strong>Titula\u00e7\u00e3o: <\/strong>Doutor em F\u00edsica pela UNICAMP<br \/>\n<strong>\u00c1reas de interesse: <\/strong>F\u00edsica e Educa\u00e7\u00e3o para o consumo respons\u00e1vel<\/p>\n<p><strong>E-mail: <\/strong>abdala.saleh@gmail.com<\/p>\n<p><a href=\"http:\/\/lattes.cnpq.br\/3920471493266406\" target=\"_blank\" rel=\"noopener\"><strong>Curr\u00edculo Lattes<\/strong><\/a><\/p>\n<hr \/>\n<p><strong>Nome: <\/strong>Airton Kist<br \/>\n<strong>Titula\u00e7\u00e3o: <\/strong>Doutor em Estat\u00edstica\u00a0 pela UNICAMP<b><br \/>\n<\/b><strong>\u00c1reas de interesse:<\/strong>\u00a0Estima\u00e7\u00e3o param\u00e9trica e n\u00e3o-param\u00e9trica, testes de hip\u00f3teses, an\u00e1lise de s\u00e9ries temporais clim\u00e1ticas e temas relacionados a estat\u00edstica no Ensino B\u00e1sico<\/p>\n<p><strong>E-mails:<\/strong> kist@uepg.br ou airton.kist@gmail.com<br \/>\n<a href=\"http:\/\/lattes.cnpq.br\/1452665347142835\" target=\"_blank\" rel=\"noopener\"><strong>Curr\u00edculo Lattes<\/strong><\/a><br \/>\n<a href=\"https:\/\/sites.google.com\/site\/airtonkist\" target=\"_blank\" rel=\"noopener\"><strong>P\u00e1gina Pessoal<\/strong><\/a><\/p>\n<hr \/>\n<p><img class=\"alignleft size-thumbnail wp-image-510\" src=\"http:\/\/www2.uepg.br\/demat\/wp-content\/uploads\/sites\/45\/2020\/06\/Ana-Site-150x150.jpeg\" alt=\"\" width=\"150\" height=\"150\" \/><\/p>\n<p><strong>Nome: <\/strong>Ana Lucia Pereira<br \/>\n<strong>Titula\u00e7\u00e3o:<\/strong> Doutorado em Ensino de Ci\u00eancias e Educa\u00e7\u00e3o Matem\u00e1tica pela UEL<br \/>\n<strong>\u00c1reas de interesse: <\/strong>Ensino e Aprendizagem; M\u00eddias Sociais; Ci\u00eancia, Tecnologia e Sociedade e Educa\u00e7\u00e3o Matem\u00e1tica.<\/p>\n<p><strong>E-mail: <\/strong>anabaccon@uepg.br<br \/>\n<a href=\"http:\/\/lattes.cnpq.br\/4341211442617752\" target=\"_blank\" rel=\"noopener\"><strong>Curr\u00edculo Lattes<\/strong><\/a><br \/>\n<strong><a href=\"http:\/\/loop.frontiersin.org\/people\/227491\/overview\" target=\"_blank\" rel=\"noopener\">P\u00e1gina Pessoal<\/a><\/strong><\/p>\n<hr \/>\n<p><img class=\"alignleft size-thumbnail wp-image-389\" src=\"http:\/\/www2.uepg.br\/demat\/wp-content\/uploads\/sites\/45\/2019\/12\/Batista-Site-150x150.jpg\" alt=\"\" width=\"150\" height=\"150\" \/><\/p>\n<p><strong>Nome:<\/strong> Antonio Marcos Batista<br \/>\n<strong>Titula\u00e7\u00e3o:<\/strong> Doutorado em F\u00edsica pela UFPR<br \/>\n<strong>\u00c1rea de interesse:<\/strong> Sistemas Din\u00e2micos<\/p>\n<p><strong>E-mail:<\/strong> antoniomarcosbatista@gmail.com<br \/>\n<strong><a href=\"http:\/\/lattes.cnpq.br\/2701382557962687\" target=\"_blank\" rel=\"noopener\">Curr\u00edculo Lattes<\/a><\/strong><br \/>\n<a href=\"http:\/\/www.105groupscience.com\" target=\"_blank\" rel=\"noopener\"><strong>P\u00e1gina Pessoal<\/strong><\/a><\/p>\n<hr \/>\n<p><strong>Nome: <\/strong>Deyse M\u00e1rcia Pacheco Gebert<strong><br \/>\n<\/strong><strong>Titula\u00e7\u00e3o: <\/strong>Doutorado em Estat\u00edstica e Experimenta\u00e7\u00e3o Agropecu\u00e1ria pela UFLA<br \/>\n<strong>\u00c1rea de interesse: <\/strong>Estat\u00edstica<strong><br \/>\n<\/strong><\/p>\n<p><strong>E-mail: <\/strong>dmpgebert@uepg.br<\/p>\n<p><a href=\"http:\/\/lattes.cnpq.br\/7731588187059070\" target=\"_blank\" rel=\"noopener\"><strong>Curr\u00edculo Lattes<\/strong><\/a><\/p>\n<hr \/>\n<p><img class=\"alignleft size-thumbnail wp-image-516\" src=\"http:\/\/www2.uepg.br\/demat\/wp-content\/uploads\/sites\/45\/2020\/06\/FotoElisangela-Site-150x150.jpg\" alt=\"\" width=\"150\" height=\"150\" \/><\/p>\n<p><strong>Nome: <\/strong>Elisangela dos Santos Meza<strong><br \/>\n<\/strong><strong>Titula\u00e7\u00e3o: <\/strong>Doutorado em Engenharia Mec\u00e2nica pela UNICAMP<br \/>\n<strong>\u00c1reas de interesse: <\/strong>Olimp\u00edadas de Matem\u00e1tica, Ensino de Matem\u00e1tica, Forma\u00e7\u00e3o de Professores<\/p>\n<p><strong>E-mail: <\/strong>emeza@uepg.br<\/p>\n<p><a href=\"http:\/\/lattes.cnpq.br\/9965999318230647\" target=\"_blank\" rel=\"noopener\"><strong>Curr\u00edculo Lattes<\/strong><\/a><\/p>\n<hr \/>\n<p><img class=\"alignleft size-thumbnail wp-image-421\" src=\"http:\/\/www2.uepg.br\/demat\/wp-content\/uploads\/sites\/45\/2019\/12\/Perfil-Fabiane-150x150.jpg\" alt=\"\" width=\"150\" height=\"150\" \/><\/p>\n<p><strong>Nome: <\/strong>Fabiane de Oliveira<strong><br \/>\n<\/strong><strong>Titula\u00e7\u00e3o:<\/strong> Doutorado em Engenharia Mec\u00e2nica pela UFPR<br \/>\n<strong>\u00c1reas de interesse: <\/strong>Tecnologias em Educa\u00e7\u00e3o Matem\u00e1tica e Matem\u00e1tica Aplicada<\/p>\n<p><strong>E-mail: <\/strong>faboliveira@uepg.br<\/p>\n<p><a href=\"http:\/\/lattes.cnpq.br\/3105033217571501\" target=\"_blank\" rel=\"noopener\"><strong>Curr\u00edculo Lattes<\/strong><\/a><\/p>\n<hr \/>\n<p><img class=\"alignleft size-thumbnail wp-image-439\" src=\"http:\/\/www2.uepg.br\/demat\/wp-content\/uploads\/sites\/45\/2020\/01\/Perfil-Fabiano-150x150.png\" alt=\"\" width=\"150\" height=\"150\" \/><\/p>\n<p><strong>Nome:<\/strong> Fabiano Manoel de Andrade<br \/>\n<strong>Titula\u00e7\u00e3o:<\/strong> Doutorado em F\u00edsica Te\u00f3rica pela UFPR<br \/>\n<strong>\u00c1reas de interesse:<\/strong> Mec\u00e2nica Qu\u00e2ntica, F\u00edsica Matem\u00e1tica e Informa\u00e7\u00e3o Qu\u00e2ntica<\/p>\n<p><strong>E-mail:<\/strong> fmandrade@uepg.br<\/p>\n<p><a href=\"http:\/\/lattes.cnpq.br\/9709532160235437\" target=\"_blank\" rel=\"noopener\"><strong>Curr\u00edculo Lattes<\/strong><\/a><\/p>\n<hr \/>\n<p><strong>Nome: <\/strong>Giuliano Gadioli La Guardia<strong><br \/>\n<\/strong><strong>Titula\u00e7\u00e3o: <\/strong>Doutorado em Engenharia El\u00e9trica pela FEEC - UNICAMP<br \/>\n<strong>\u00c1reas de interesse: <\/strong> Teoria de Codifica\u00e7\u00e3o Cl\u00e1ssica e Qu\u00e2ntica; Teoria de Matr\u00f3ides; Teoria de Categorias; Sistemas Din\u00e2micos para fun\u00e7\u00f5es Lipschitz; Teoria de Derivadas Fracion\u00e1rias; Teoria de Somas fracion\u00e1rias<\/p>\n<p><strong>E-mail: <\/strong>gguardia@uepg.br<\/p>\n<p><a href=\"http:\/\/lattes.cnpq.br\/1417494604246941\" target=\"_blank\" rel=\"noopener\"><strong>Curr\u00edculo Lattes<\/strong><\/a><\/p>\n<hr \/>\n<p><strong>Nome: <\/strong>Jo\u00e3o Luiz Domingues Ribas<strong><br \/>\n<\/strong><strong>Titula\u00e7\u00e3o:<\/strong><br \/>\n<strong>\u00c1rea de interesse:<\/strong><\/p>\n<p><strong>E-mail:<\/strong><\/p>\n<p><strong>Curr\u00edculo Lattes<\/strong><\/p>\n<hr \/>\n<p><img class=\"size-thumbnail wp-image-507 alignleft\" src=\"http:\/\/www2.uepg.br\/demat\/wp-content\/uploads\/sites\/45\/2020\/06\/Jocemar-Site-150x150.jpg\" alt=\"\" width=\"150\" height=\"150\" \/><\/p>\n<p><strong>Nome: <\/strong>Jocemar de Quadros Chagas<strong><br \/>\n<\/strong><strong>Titula\u00e7\u00e3o: <\/strong>Doutorado em Matem\u00e1tica pela UFRGS<br \/>\n<strong>\u00c1reas de interesse: <\/strong>An\u00e1lise, Equa\u00e7\u00f5es Diferenciais Parciais e C\u00e1lculo Fracion\u00e1rio<\/p>\n<p><strong>E-mail: <\/strong>jocemarchagas@uepg.br<\/p>\n<p><a href=\"http:\/\/lattes.cnpq.br\/1936246448878068\" target=\"_blank\" rel=\"noopener\"><strong>Curr\u00edculo Lattes<\/strong><\/a><\/p>\n<hr \/>\n<p><strong>Nome: <\/strong>Jorim Sousa das Virgens Filho<strong><br \/>\n<\/strong><strong>Titula\u00e7\u00e3o:<\/strong><br \/>\n<strong>\u00c1rea de interesse:<\/strong><\/p>\n<p><strong>E-mail:<\/strong><\/p>\n<p><strong>Curr\u00edculo Lattes<\/strong><\/p>\n<hr \/>\n<p><img class=\"alignleft size-thumbnail wp-image-401\" src=\"http:\/\/www2.uepg.br\/demat\/wp-content\/uploads\/sites\/45\/2019\/12\/Perfil-Danilo-150x150.png\" alt=\"\" width=\"150\" height=\"150\" \/><\/p>\n<p><strong>Nome: <\/strong>Jos\u00e9 Danilo Szezech Junior<strong><br \/>\n<\/strong><strong>Titula\u00e7\u00e3o: <\/strong>Doutorado em F\u00edsica pela UFPR<br \/>\n<strong>\u00c1reas de interesse:<\/strong>\u00a0Din\u00e2mica N\u00e3o Linear e Sistemas Complexos<\/p>\n<p><strong>E-mail: <\/strong>jdanilo@gmail.com<br \/>\n<a href=\"http:\/\/lattes.cnpq.br\/5695762274195703\" target=\"_blank\" rel=\"noopener\"><strong>Curr\u00edculo Lattes<\/strong><\/a><br \/>\n<a href=\"https:\/\/sites.google.com\/site\/jdanilo\/home\" target=\"_blank\" rel=\"noopener\"><strong>P\u00e1gina Pessoal<\/strong><\/a><\/p>\n<hr \/>\n<p><img class=\"alignleft size-thumbnail wp-image-416\" src=\"http:\/\/www2.uepg.br\/demat\/wp-content\/uploads\/sites\/45\/2019\/12\/Perfil-Tadeu-150x150.jpeg\" alt=\"\" width=\"150\" height=\"150\" \/><\/p>\n<p><strong>Nome: <\/strong>Jos\u00e9 Tadeu Teles Lunardi<strong><br \/>\n<\/strong><strong>Titula\u00e7\u00e3o: <\/strong>Doutorado em F\u00edsica pelo IFT - Unesp<br \/>\n<strong>\u00c1reas de interesse: <\/strong><span style=\"color: #000000\">Fundamentos da Mec\u00e2nica Qu\u00e2ntica e F\u00edsica-Matem\u00e1tica<\/span><\/p>\n<p><strong>E-mail: <\/strong>jttlunardi@uepg.br<br \/>\n<a href=\"http:\/\/lattes.cnpq.br\/2796492326730466\" target=\"_blank\" rel=\"noopener\"><strong>Curr\u00edculo Lattes<\/strong><\/a><br \/>\n<a href=\"http:\/\/loop.frontiersin.org\/people\/73426\/overview\" target=\"_blank\" rel=\"noopener\"><strong>P\u00e1gina Pessoal<\/strong><\/a><\/p>\n<hr \/>\n<p><img class=\"alignleft size-thumbnail wp-image-424\" src=\"http:\/\/www2.uepg.br\/demat\/wp-content\/uploads\/sites\/45\/2020\/01\/Perfil-Trobia-150x150.jpg\" alt=\"\" width=\"150\" height=\"150\" \/><\/p>\n<p><strong>Nome: <\/strong>Jos\u00e9 Trobia<strong><br \/>\n<\/strong><strong>Titula\u00e7\u00e3o: <\/strong>Doutorado em Ci\u00eancias - F\u00edsica pela UEPG<br \/>\n<strong>\u00c1rea de interesse: <\/strong>Sistemas Din\u00e2micos e Ensino de Matem\u00e1tica.<\/p>\n<p><strong>E-mail: <\/strong>jtrobia@uepg.br<br \/>\n<a href=\"http:\/\/lattes.cnpq.br\/9064058939693672\" target=\"_blank\" rel=\"noopener\"><strong>Curr\u00edculo Lattes<\/strong><\/a><br \/>\n<a href=\"https:\/\/www.105groupscience.com\/\" target=\"_blank\" rel=\"noopener\"><strong>P\u00e1gina Pessoal<\/strong><\/a><\/p>\n<hr \/>\n<p><img class=\"alignleft size-thumbnail wp-image-528\" src=\"http:\/\/www2.uepg.br\/demat\/wp-content\/uploads\/sites\/45\/2020\/06\/Joseli-Site-150x150.jpg\" alt=\"\" width=\"150\" height=\"150\" \/><\/p>\n<p><strong>Nome: <\/strong>Joseli Almeida Camargo<strong><br \/>\n<\/strong><strong>Titula\u00e7\u00e3o: <\/strong>Doutorado em Educa\u00e7\u00e3o na \u00c1rea de Educa\u00e7\u00e3o pela UEPG<br \/>\n<strong>\u00c1reas de interesse: <\/strong>Est\u00e1gio Curricular Supervisionado na licenciatura. Ensino e Aprendizagem. Educa\u00e7\u00e3o Matem\u00e1tica. Extens\u00e3o Universit\u00e1ria.<\/p>\n<p><strong>E-mail: <\/strong>jcamargo@uepg.br<br \/>\n<a href=\"http:\/\/lattes.cnpq.br\/9303403038934038\" target=\"_blank\" rel=\"noopener\"><strong>Curr\u00edculo Lattes<\/strong><\/a><\/p>\n<hr \/>\n<p><strong>Nome: <\/strong>Josnei Francisco Peruzzo<br \/>\n<strong>Titula\u00e7\u00e3o:<\/strong><br \/>\n<strong>\u00c1rea de Interesse:<\/strong><\/p>\n<p><strong>E-mail:<\/strong><\/p>\n<p><strong>Curr\u00edculo Lattes<\/strong><\/p>\n<hr \/>\n<p><strong>Nome: <\/strong>Leonardo Pires<br \/>\n<strong>Titula\u00e7\u00e3o: <\/strong>Doutorado em Matem\u00e1tica pela USP<br \/>\n<strong>\u00c1rea de Interesse: <\/strong>Equa\u00e7\u00f5es Diferenciais Parciais<\/p>\n<p><strong>E-mail: <\/strong>lpires@uepg.br<\/p>\n<p><a href=\"http:\/\/lattes.cnpq.br\/1872209362721295\" target=\"_blank\" rel=\"noopener\"><strong>Curr\u00edculo Lattes<\/strong><\/a><\/p>\n<hr \/>\n<p><img class=\"alignleft size-thumbnail wp-image-521\" src=\"http:\/\/www2.uepg.br\/demat\/wp-content\/uploads\/sites\/45\/2020\/06\/Lu-Site-150x150.jpg\" alt=\"\" width=\"150\" height=\"150\" \/><\/p>\n<p><strong>Nome: <\/strong>Luciane Grossi<br \/>\n<strong>Titula\u00e7\u00e3o:<\/strong> Doutorado em Ci\u00eancias da Computa\u00e7\u00e3o e Matem\u00e1tica Computacional pela USP<br \/>\n<strong>\u00c1reas de Interesse: <\/strong>Tecnologias Educacionais no Ensino de Matem\u00e1tica<strong><br \/>\n<\/strong><\/p>\n<p><strong>E-mail: <\/strong><span class=\"gI\">lgrossi.uepg@gmail.com<\/span><\/p>\n<p><a href=\"http:\/\/lattes.cnpq.br\/2216480733872700\" target=\"_blank\" rel=\"noopener\"><strong>Curr\u00edculo Lattes<\/strong><\/a><\/p>\n<hr \/>\n<p><strong>Nome: <\/strong>Luis Augusto Trevisan<br \/>\n<strong>Titula\u00e7\u00e3o:<\/strong><br \/>\n<strong>\u00c1rea de Interesse:<\/strong><\/p>\n<p><strong>E-mail:<\/strong><\/p>\n<p><strong>Curr\u00edculo Lattes<\/strong><\/p>\n<hr \/>\n<p><strong>Nome: <\/strong>Luiza Takako Matumoto<br \/>\n<strong>Titula\u00e7\u00e3o:<\/strong><br \/>\n<strong>\u00c1rea de Interesse:<\/strong><\/p>\n<p><strong>E-mail:<\/strong><\/p>\n<p><strong>Curr\u00edculo Lattes<\/strong><\/p>\n<hr \/>\n<p><strong><img class=\"alignleft size-thumbnail wp-image-998\" src=\"http:\/\/www2.uepg.br\/demat\/wp-content\/uploads\/sites\/45\/2023\/05\/Marceli-150x150.jpg\" alt=\"\" width=\"150\" height=\"150\" \/>Nome: <\/strong>Marceli Behm Goulart<br \/>\n<strong>Titula\u00e7\u00e3o:\u00a0<\/strong>Doutorado em Educa\u00e7\u00e3o pela UFPR<br \/>\n<strong>\u00c1rea de Interesse:\u00a0<\/strong>Educa\u00e7\u00e3o Matem\u00e1tica<\/p>\n<p><strong>E-mail:\u00a0<\/strong>mgoulart@uepg.br<\/p>\n<p><a href=\"http:\/\/lattes.cnpq.br\/8488404481248362\" target=\"_blank\" rel=\"noopener\"><strong>Curr\u00edculo Lattes<\/strong><\/a><\/p>\n<hr \/>\n<p><strong><img class=\"alignleft wp-image-859 size-thumbnail\" src=\"http:\/\/www2.uepg.br\/demat\/wp-content\/uploads\/sites\/45\/2022\/02\/Marciano-150x150.png\" alt=\"\" width=\"150\" height=\"150\" \/>Nome:<\/strong> Marciano Pereira<br \/>\n<strong>Titula\u00e7\u00e3o: <\/strong>Doutorado em Matem\u00e1tica pela UFSCar<br \/>\n<strong>\u00c1reas de Interesse: <\/strong><b><\/b>An\u00e1lise e F\u00edsica-Matem\u00e1tica<\/p>\n<p><strong>E-mail: <\/strong>marciano@uepg.br<\/p>\n<p><a href=\"http:\/\/lattes.cnpq.br\/5082255083350460\" target=\"_blank\" rel=\"noopener\"><strong>Curr\u00edculo Lattes<\/strong><\/a><\/p>\n<hr \/>\n<p><strong>Nome: <\/strong>Marcos Cal\u00e7ada<br \/>\n<strong>Titula\u00e7\u00e3o: <\/strong>Doutorado em F\u00edsica Te\u00f3rica pelo IFT<br \/>\n<strong>\u00c1rea de Interesse: <\/strong>F\u00edsica-Matem\u00e1tica<\/p>\n<p><strong>E-mail: <\/strong>mcalcada@gmail.com<\/p>\n<p><a href=\"http:\/\/lattes.cnpq.br\/6257533429501868\" target=\"_blank\" rel=\"noopener\"><strong>Curr\u00edculo Lattes<\/strong><\/a><\/p>\n<hr \/>\n<p><img class=\"alignleft size-thumbnail wp-image-408\" src=\"http:\/\/www2.uepg.br\/demat\/wp-content\/uploads\/sites\/45\/2019\/12\/ProfMarcosT-Site-1-150x150.jpg\" alt=\"\" width=\"150\" height=\"150\" \/><\/p>\n<p><strong>Nome: <\/strong>Marcos Teixeira Alves<br \/>\n<strong>Titula\u00e7\u00e3o: <\/strong>Doutorado em Matem\u00e1tica Aplicada pela UFPR<br \/>\n<strong>\u00c1reas de Interesse: <\/strong>Ensino de Matem\u00e1tica e Estat\u00edstica<\/p>\n<p><strong>E-mail: <\/strong>mtalves@uepg.br<\/p>\n<p><a href=\"http:\/\/lattes.cnpq.br\/5135226249313330\" target=\"_blank\" rel=\"noopener\"><strong>Curr\u00edculo Lattes<\/strong><\/a><\/p>\n<p>&nbsp;<\/p>\n<hr \/>\n<p><strong><img class=\"wp-image-1237 alignleft\" src=\"http:\/\/www2.uepg.br\/demat\/wp-content\/uploads\/sites\/45\/2024\/08\/Perfil.jpg\" alt=\"\" width=\"150\" height=\"213\" \/><\/strong><\/p>\n<p>&nbsp;<\/p>\n<p><strong>Nome: <\/strong>Margarete Aparecida dos Santos<br \/>\n<strong>Titula\u00e7\u00e3o: <\/strong>Doutorado em Ci\u00eancias\/F\u00edsica<br \/>\n<strong>\u00c1rea de Interesse:\u00a0<\/strong>Ensino de Matem\u00e1tica, Sistemas din\u00e2micos<\/p>\n<p><strong>E-mail:\u00a0<\/strong>margaas@uepg.br<\/p>\n<p><a href=\"http:\/\/lattes.cnpq.br\/5581350343548451\"><strong>Curr\u00edculo Lattes<\/strong><\/a><\/p>\n<p>&nbsp;<\/p>\n<hr \/>\n<p><strong>Nome: <\/strong>Marli Terezinha Van Kan<br \/>\n<strong>Titula\u00e7\u00e3o: <\/strong>Doutorado em Ci\u00eancias - F\u00edsica pela UEPG<br \/>\n<strong>\u00c1reas de Interesse: <\/strong>Sistemas din\u00e2micos e Ensino de Matem\u00e1tica<\/p>\n<p><strong>E-mail: <\/strong>marlivk@gmail.com ou mvankan@uepg.br<\/p>\n<p><a href=\"http:\/\/lattes.cnpq.br\/9084962278594894\" target=\"_blank\" rel=\"noopener\"><strong>Curr\u00edculo Lattes<\/strong><\/a><\/p>\n<hr \/>\n<p><strong>Nome: <\/strong>Mois\u00e9s Meza Pariona<br \/>\n<strong>Titula\u00e7\u00e3o:<\/strong><br \/>\n<strong>\u00c1rea de Interesse:<\/strong><\/p>\n<p><strong>E-mail:<\/strong><\/p>\n<p><strong>Curr\u00edculo Lattes<\/strong><\/p>\n<hr \/>\n<p><strong>Nome: <\/strong>Rita de Cassia Amaral Vieira<br \/>\n<strong>Titula\u00e7\u00e3o:<\/strong><br \/>\n<strong>\u00c1rea de Interesse:<\/strong><\/p>\n<p><strong>E-mail:<\/strong><\/p>\n<p><strong>Curr\u00edculo Lattes<\/strong><\/p>\n<hr \/>\n<p><img class=\"alignleft size-thumbnail wp-image-419\" src=\"http:\/\/www2.uepg.br\/demat\/wp-content\/uploads\/sites\/45\/2019\/12\/Perfil-Scheila-150x150.jpg\" alt=\"\" width=\"150\" height=\"150\" \/><\/p>\n<p><strong>Nome: <\/strong>Scheila Valechenski Biehl<br \/>\n<strong>Titula\u00e7\u00e3o: <\/strong>Doutorado em Ci\u00eancias, na \u00e1rea de Sistema El\u00e9tricos de Pot\u00eancia, EESC-USP<br \/>\n<strong>\u00c1reas de Interesse: <\/strong>Pesquisa Operacional na \u00e1rea de Otimiza\u00e7\u00e3o Linear, N\u00e3o-Linear e Inteira e Ensino de Matem\u00e1tica<\/p>\n<p><strong>E-mail: <\/strong>svbiehl@uepg.br<br \/>\n<a href=\"http:\/\/lattes.cnpq.br\/2491113026629291\" target=\"_blank\" rel=\"noopener\"><strong>Curr\u00edculo Lattes<\/strong><\/a><\/p>\n<p>&nbsp;<\/p>\n<hr \/>\n<p>&nbsp;<\/p>\n<p><img class=\"wp-image-966 alignleft\" src=\"http:\/\/www2.uepg.br\/demat\/wp-content\/uploads\/sites\/45\/2022\/10\/Wanderley-Bodas-300x300.png\" alt=\"\" width=\"137\" height=\"137\" \/><\/p>\n<p><strong>Nome: <\/strong>Wanderley Aparecido Cerniauskas<br \/>\n<strong>Titula\u00e7\u00e3o: <\/strong>Doutorado em Ci\u00eancias, no programa Matem\u00e1tica, ICMC-USP<br \/>\n<strong>\u00c1reas de Interesse: <\/strong>An\u00e1lise, Equa\u00e7\u00f5es Diferenciais Parciais e Ensino de Matem\u00e1tica<\/p>\n<p><strong>E-mail: <\/strong>wanderley@uepg.br<br \/>\n<a href=\"http:\/\/lattes.cnpq.br\/2962758071944086\" target=\"_blank\" rel=\"noopener\"><strong>Curr\u00edculo Lattes<\/strong><\/a><\/p>\n<p>&nbsp;<\/p>\n<hr \/>\n\t\t\t<\/div>\n\t\t<\/div>\n\t\t\t<div class=\"sow-tabs-panel\">\n\t\t\t<div class=\"sow-tabs-panel-content\" role=\"tabpanel\" aria-hidden=\"true\">\n\t\t\t\t<p><strong>Nome: <\/strong>Andr\u00e9 Guilherme Buss Lemes<br \/>\n<strong>Titula\u00e7\u00e3o:<\/strong><br \/>\n<strong>\u00c1rea de interesse:<\/strong><\/p>\n<p><strong>E-mail:<\/strong><\/p>\n<p><strong>Curr\u00edculo Lattes<\/strong><\/p>\n<hr \/>\n<p><strong>Nome: <\/strong>Carlos Alberto Bonin<br \/>\n<strong>Titula\u00e7\u00e3o: <\/strong>Doutorado em F\u00edsica pela UNESP<br \/>\n<strong>\u00c1rea de interesse: <\/strong>F\u00edsica Te\u00f3rica, Teoria de Campos, Mec\u00e2nica Qu\u00e2ntica<\/p>\n<p><strong>E-mail: <\/strong>carlosbonin@gmail.com<\/p>\n<p><a href=\"http:\/\/lattes.cnpq.br\/1336407995769452\" target=\"_blank\" rel=\"noopener\"><strong>Curr\u00edculo Lattes<\/strong><\/a><\/p>\n<hr \/>\n<p><strong>Nome: <\/strong>Carlos Eduardo Krassinski Soares<br \/>\n<strong>Titula\u00e7\u00e3o:<\/strong><br \/>\n<strong>\u00c1rea de interesse:<\/strong><\/p>\n<p><strong>E-mail:<\/strong><\/p>\n<p><strong>Curr\u00edculo Lattes<\/strong><\/p>\n<hr \/>\n<p><strong>Nome: <\/strong>Emerson Blum Corr\u00eaa<br \/>\n<strong>Titula\u00e7\u00e3o:<\/strong> Especialista em Design Instrucional<br \/>\n<strong>\u00c1rea de interesse: <\/strong>Tecnologias Educacionais no Ensino de Matem\u00e1tica<strong><br \/>\n<\/strong><\/p>\n<p><strong>E-mail: <\/strong>ebcorrea@uepg.br<\/p>\n<p><a href=\"http:\/\/lattes.cnpq.br\/1997925352000413\" target=\"_blank\" rel=\"noopener\"><strong>Curr\u00edculo Lattes<\/strong><\/a><\/p>\n<hr \/>\n<p><img class=\"alignleft size-thumbnail wp-image-537\" src=\"http:\/\/www2.uepg.br\/demat\/wp-content\/uploads\/sites\/45\/2020\/06\/Gabriel-Site-150x150.jpg\" alt=\"\" width=\"150\" height=\"150\" \/><\/p>\n<p><strong>Nome: <\/strong>Gabriel Lopes da Rocha<br \/>\n<strong>Titula\u00e7\u00e3o: <\/strong>Doutorado em Ci\u00eancias com \u00canfase em Bioengenharia pela USP<br \/>\n<strong>\u00c1reas de interesse: <\/strong>Modelagem Matem\u00e1tica de Tecidos Biol\u00f3gicos, Mec\u00e2nica do Cont\u00ednuo, Rela\u00e7\u00f5es Constitutivas dos Materiais, Teoria dos Invariantes e Grupos Cristalogr\u00e1ficos<\/p>\n<p><strong>E-mail: <\/strong>gabrielmat04@hotmail.com<br \/>\n<a href=\"http:\/\/lattes.cnpq.br\/5810332318667977\" target=\"_blank\" rel=\"noopener\"><strong>Curr\u00edculo Lattes<\/strong><\/a><\/p>\n<hr \/>\n<p><img class=\"alignleft size-thumbnail wp-image-523\" src=\"http:\/\/www2.uepg.br\/demat\/wp-content\/uploads\/sites\/45\/2020\/06\/Giane-Site-150x150.jpg\" alt=\"\" width=\"150\" height=\"150\" \/><\/p>\n<p><strong>Nome:\u00a0<\/strong>Giane Correia Silva<br \/>\n<strong>Titula\u00e7\u00e3o: <\/strong>Mestrado em Ensino de Ci\u00eancia e Tecnologia pela UTFPR<br \/>\n<strong>\u00c1rea de interesse: <\/strong>Ensino<\/p>\n<p><strong>E-mail: <\/strong>gianecorreia@hotmail.com ou gianecorreiasilva@gmail.com<strong><br \/>\n<\/strong><\/p>\n<p><a href=\"http:\/\/lattes.cnpq.br\/7370819611366574\" target=\"_blank\" rel=\"noopener\"><strong>Curr\u00edculo Lattes<\/strong><\/a><\/p>\n<hr \/>\n<p><strong>Nome: <\/strong>Ivan Mathias<br \/>\n<strong>Titula\u00e7\u00e3o:<\/strong><br \/>\n<strong>\u00c1rea de interesse:<\/strong><\/p>\n<p><strong>E-mail:<\/strong><\/p>\n<p><strong>Curr\u00edculo Lattes<\/strong><\/p>\n<hr \/>\n<p><img class=\"alignleft size-thumbnail wp-image-445\" src=\"http:\/\/www2.uepg.br\/demat\/wp-content\/uploads\/sites\/45\/2020\/01\/Perfil-Junior-150x150.jpg\" alt=\"\" width=\"150\" height=\"150\" \/><\/p>\n<p><strong>Nome: <\/strong>Junior Augusto Pereira<strong><br \/>\n<\/strong><strong>Titula\u00e7\u00e3o: <\/strong>Doutor em Matem\u00e1tica pelo IBILCE - UNESP<br \/>\n<strong>\u00c1rea de interesse: <\/strong>Polin\u00f4mios Ortogonais<\/p>\n<p><strong>E-mail: <\/strong>junior.gusto@hotmail.com<\/p>\n<p><a href=\"http:\/\/lattes.cnpq.br\/1444497091454565\" target=\"_blank\" rel=\"noopener\"><strong>Curr\u00edculo Lattes<\/strong><\/a><\/p>\n<hr \/>\n<p><strong>Nome: <\/strong>Pedro Jeferson Miranda<br \/>\n<strong>Titula\u00e7\u00e3o:<\/strong><br \/>\n<strong>\u00c1rea de interesse:<\/strong><\/p>\n<p><strong>E-mail:<\/strong><\/p>\n<p><strong>Curr\u00edculo Lattes<\/strong><\/p>\n<hr \/>\n<p><strong>Nome: <\/strong>Regiane Aparecida Auer<br \/>\n<strong>Titula\u00e7\u00e3o: <\/strong>Doutorado em Ci\u00eancias pela UEPG<br \/>\n<strong>\u00c1reas de interesse: <\/strong>Estat\u00edstica e Matem\u00e1tica Financeira<\/p>\n<p><strong>E-mail: <\/strong>regiane@uepg.br<\/p>\n<p><a href=\"http:\/\/lattes.cnpq.br\/8712529456073603\" target=\"_blank\" rel=\"noopener\"><strong>Curr\u00edculo Lattes<\/strong><\/a><\/p>\n<hr \/>\n<p><strong>Nome: <\/strong>Suellen Karina Palhano Iochucki<br \/>\n<strong>Titula\u00e7\u00e3o:<\/strong><br \/>\n<strong>\u00c1rea de interesse:<\/strong><\/p>\n<p><strong>E-mail:<\/strong><\/p>\n<p><strong>Curr\u00edculo Lattes<\/strong><\/p>\n<hr \/>\n<p><strong>Nome: <\/strong>Vanderlei dos Santos Mendes<br \/>\n<strong>Titula\u00e7\u00e3o:<\/strong> Doutorado em F\u00edsica pela UEL<br \/>\n<strong>\u00c1reas de interesse: <\/strong>F\u00edsica de Part\u00edculas, Gravita\u00e7\u00e3o, F\u00edsica-Matem\u00e1tica.<\/p>\n<p><strong>E-mail: <\/strong>vandsmend@gmail.com<strong><br \/>\n<\/strong><\/p>\n<p><a href=\"http:\/\/lattes.cnpq.br\/2080797752857166\" target=\"_blank\" rel=\"noopener\"><strong>Curr\u00edculo Lattes<\/strong><\/a><\/p>\n<hr \/>\n<p><strong>Nome: <\/strong>Willian Thomas Rocha<br \/>\n<strong>Titula\u00e7\u00e3o:<\/strong><br \/>\n<strong>\u00c1rea de interesse:<\/strong><\/p>\n<p><strong>E-mail:<\/strong><\/p>\n<p><strong>Curr\u00edculo Lattes<\/strong><\/p>\n<hr \/>\n<p><strong>Nome: <\/strong>Yves Garnard Irilan<strong><br \/>\n<\/strong><br \/>\n<strong>Titula\u00e7\u00e3o:<\/strong><br \/>\n<strong>\u00c1rea de interesse:<\/strong><\/p>\n<p><strong>E-mail:<\/strong><\/p>\n<p><strong>Curr\u00edculo Lattes<\/strong><\/p>\n<hr \/>\n\t\t\t<\/div>\n\t\t<\/div>\n\t\t<\/div>\n<\/div>\n<\/div><\/div><\/div><\/div><\/div>","protected":false},"excerpt":{"rendered":"<p>Dedica\u00e7\u00e3o Exclusiva Colaboradores Nome: Abdala Mohamed Saleh Titula\u00e7\u00e3o: Doutor em F\u00edsica pela UNICAMP \u00c1reas de interesse: F\u00edsica e Educa\u00e7\u00e3o para o consumo respons\u00e1vel E-mail: abdala.saleh@gmail.com Curr\u00edculo Lattes Nome: Airton Kist Titula\u00e7\u00e3o: Doutor em Estat\u00edstica\u00a0 pela UNICAMP \u00c1reas de interesse:\u00a0Estima\u00e7\u00e3o param\u00e9trica e n\u00e3o-param\u00e9trica, testes de hip\u00f3teses, an\u00e1lise de s\u00e9ries temporais clim\u00e1ticas e temas relacionados a estat\u00edstica&nbsp;&hellip;<\/p>\n","protected":false},"author":24,"featured_media":0,"parent":0,"menu_order":0,"comment_status":"closed","ping_status":"closed","template":"","meta":[],"_links":{"self":[{"href":"https:\/\/www2.uepg.br\/demat\/wp-json\/wp\/v2\/pages\/18"}],"collection":[{"href":"https:\/\/www2.uepg.br\/demat\/wp-json\/wp\/v2\/pages"}],"about":[{"href":"https:\/\/www2.uepg.br\/demat\/wp-json\/wp\/v2\/types\/page"}],"author":[{"embeddable":true,"href":"https:\/\/www2.uepg.br\/demat\/wp-json\/wp\/v2\/users\/24"}],"replies":[{"embeddable":true,"href":"https:\/\/www2.uepg.br\/demat\/wp-json\/wp\/v2\/comments?post=18"}],"version-history":[{"count":71,"href":"https:\/\/www2.uepg.br\/demat\/wp-json\/wp\/v2\/pages\/18\/revisions"}],"predecessor-version":[{"id":1320,"href":"https:\/\/www2.uepg.br\/demat\/wp-json\/wp\/v2\/pages\/18\/revisions\/1320"}],"wp:attachment":[{"href":"https:\/\/www2.uepg.br\/demat\/wp-json\/wp\/v2\/media?parent=18"}],"curies":[{"name":"wp","href":"https:\/\/api.w.org\/{rel}","templated":true}]}}