{"id":890,"date":"2022-05-15T20:43:19","date_gmt":"2022-05-15T23:43:19","guid":{"rendered":"https:\/\/www2.uepg.br\/demat\/?page_id=890"},"modified":"2023-05-18T18:29:47","modified_gmt":"2023-05-18T21:29:47","slug":"v-sigmat","status":"publish","type":"page","link":"https:\/\/www2.uepg.br\/demat\/v-sigmat\/","title":{"rendered":"V SIGMAT"},"content":{"rendered":"<div id=\"pl-890\"  class=\"panel-layout\" ><div id=\"pg-890-0\"  class=\"panel-grid panel-no-style\" ><div id=\"pgc-890-0-0\"  class=\"panel-grid-cell\" ><div id=\"panel-890-0-0-0\" class=\"so-panel widget widget_sow-tabs panel-first-child panel-last-child\" data-index=\"0\" ><div class=\"panel-widget-style panel-widget-style-for-890-0-0-0\" ><div\n\t\t\t\n\t\t\tclass=\"so-widget-sow-tabs so-widget-sow-tabs-default-f116a04d3160-890\"\n\t\t\t\n\t\t><div class=\"sow-tabs\">\n\t<div class=\"sow-tabs-tab-container\" role=\"tablist\">\n\t\t\t<div class=\"sow-tabs-tab sow-tabs-tab-selected\"\n\t\t\t role=\"tab\" data-anchor=\"sobre-o-v-sigmat\"\n\t\t\t aria-selected=\"true\" tabindex=\"0\">\n\t\t\t<div class=\"sow-tabs-title sow-tabs-title-icon-left\">\n\t\t\t\t\t\t\t\tSobre o V SIGMAT\t\t\t\t\t\t\t<\/div>\n\t\t<\/div>\n\t\t\t<div class=\"sow-tabs-tab\"\n\t\t\t role=\"tab\" data-anchor=\"cronograma\"\n\t\t\t aria-selected=\"false\" tabindex=\"-1\">\n\t\t\t<div class=\"sow-tabs-title sow-tabs-title-icon-left\">\n\t\t\t\t\t\t\t\tCronograma\t\t\t\t\t\t\t<\/div>\n\t\t<\/div>\n\t\t\t<div class=\"sow-tabs-tab\"\n\t\t\t role=\"tab\" data-anchor=\"comunica%c3%a7%c3%b5es-orais\"\n\t\t\t aria-selected=\"false\" tabindex=\"-1\">\n\t\t\t<div class=\"sow-tabs-title sow-tabs-title-icon-left\">\n\t\t\t\t\t\t\t\tComunica\u00e7\u00f5es Orais\t\t\t\t\t\t\t<\/div>\n\t\t<\/div>\n\t\t\t<div class=\"sow-tabs-tab\"\n\t\t\t role=\"tab\" data-anchor=\"comunica%c3%a7%c3%b5es-orais-cronograma\"\n\t\t\t aria-selected=\"false\" tabindex=\"-1\">\n\t\t\t<div class=\"sow-tabs-title sow-tabs-title-icon-left\">\n\t\t\t\t\t\t\t\tComunica\u00e7\u00f5es Orais - Cronograma\t\t\t\t\t\t\t<\/div>\n\t\t<\/div>\n\t\t\t<div class=\"sow-tabs-tab\"\n\t\t\t role=\"tab\" data-anchor=\"inscri%c3%a7%c3%b5es\"\n\t\t\t aria-selected=\"false\" tabindex=\"-1\">\n\t\t\t<div class=\"sow-tabs-title sow-tabs-title-icon-left\">\n\t\t\t\t\t\t\t\tInscri\u00e7\u00f5es\t\t\t\t\t\t\t<\/div>\n\t\t<\/div>\n\t\t\t<div class=\"sow-tabs-tab\"\n\t\t\t role=\"tab\" data-anchor=\"iii-torneio-de-derivadas\"\n\t\t\t aria-selected=\"false\" tabindex=\"-1\">\n\t\t\t<div class=\"sow-tabs-title sow-tabs-title-icon-left\">\n\t\t\t\t\t\t\t\tIII Torneio de Derivadas\t\t\t\t\t\t\t<\/div>\n\t\t<\/div>\n\t\t\t<div class=\"sow-tabs-tab\"\n\t\t\t role=\"tab\" data-anchor=\"fotos-do-v-sigmat\"\n\t\t\t aria-selected=\"false\" tabindex=\"-1\">\n\t\t\t<div class=\"sow-tabs-title sow-tabs-title-icon-left\">\n\t\t\t\t\t\t\t\tFotos do V SIGMAT\t\t\t\t\t\t\t<\/div>\n\t\t<\/div>\n\t\t<\/div>\n\t\n\t<div class=\"sow-tabs-panel-container\">\n\t\t\t<div class=\"sow-tabs-panel\">\n\t\t\t<div class=\"sow-tabs-panel-content\" role=\"tabpanel\" tabindex=\"0\">\n\t\t\t\t<p><img class=\"aligncenter wp-image-897\" src=\"http:\/\/www2.uepg.br\/demat\/wp-content\/uploads\/sites\/45\/2022\/05\/logov.png\" alt=\"\" width=\"251\" height=\"251\" \/><\/p>\n<p>&nbsp;<\/p>\n<p>A 5\u00aa edi\u00e7\u00e3o do <em><strong>Simp\u00f3sio Integrado de Matem\u00e1tica - SIGMAT<\/strong><\/em> ocorrer\u00e1 no per\u00edodo de 27\/06 a 01\/07 de 2022 nas depend\u00eancias do Centro Integrar. A promo\u00e7\u00e3o \u00e9 dos colegiados dos cursos de Licenciatura em Matem\u00e1tica (COLLICMAT), de Bacharelado em Matem\u00e1tica Aplicada (COLMAP) e do PROFMAT - UEPG.<\/p>\n<p>O evento ser\u00e1 centrado na discuss\u00e3o da produ\u00e7\u00e3o do conhecimento nas \u00e1reas de Matem\u00e1tica e Educa\u00e7\u00e3o Matem\u00e1tica e na troca de saberes entre acad\u00eamicos, professores e pesquisadores. Pretende-se estabelecer e fortalecer um evento de valoriza\u00e7\u00e3o do ensino e da pesquisa na gradua\u00e7\u00e3o e p\u00f3s-gradua\u00e7\u00e3o\u00a0e debater a respeito da forma\u00e7\u00e3o profissional na \u00e1rea de Matem\u00e1tica.<\/p>\n<p>Ser\u00e3o realizadas as seguintes atividades: palestras, mesa redonda e Comunica\u00e7\u00f5es Orais<strong>.<\/strong><\/p>\n<p><strong>Comiss\u00e3o Organizadora:<\/strong><\/p>\n<p><strong>Professores do DEMAT - UEPG:<\/strong><\/p>\n<p>Elisangela dos Santos Meza (Coordenadora)<\/p>\n<p>Ana Lucia Pereira<\/p>\n<p>Deyse M\u00e1rcia Pacheco Gebert<\/p>\n<p>Fabiane de Oliveira<\/p>\n<p>Jocemar de Quadros Chagas<\/p>\n<p>Jos\u00e9 Trobia<\/p>\n<p>Marciano Pereira<\/p>\n<p>Marcos Teixeira Alves<\/p>\n<p>Marli Terezinha Van Kan<\/p>\n<p><strong>Acad\u00eamicos do curso de Matem\u00e1tica da UEPG:<\/strong><\/p>\n<p>Daniel Silveira Salamucha<\/p>\n<p>\u00c9rica da Silva Conrado<\/p>\n<p>Rodrigo Felipe Alessi<\/p>\n\t\t\t<\/div>\n\t\t<\/div>\n\t\t\t<div class=\"sow-tabs-panel\">\n\t\t\t<div class=\"sow-tabs-panel-content\" role=\"tabpanel\" aria-hidden=\"true\">\n\t\t\t\t<hr \/>\n<p><strong>Data: 27\/06<br \/>\n<\/strong><\/p>\n<p><em>19h:<\/em> <strong><em>Cerim\u00f4nia de Abertura\u00a0<\/em><\/strong><\/p>\n<p><em>1<\/em><em>9h15:<strong> Palestra de Abertura:\u00a0<\/strong><\/em>Matem\u00e1tica e Magia - <em>Local:<\/em> Audit\u00f3rio do Centro Integrar (PDE)<\/p>\n<p><strong>Convidado:<\/strong> Prof. Pedro Luiz Aparecido Malagutti (Departamento de Matem\u00e1tica - UFSCAR)<\/p>\n<p><strong>Resumo:\u00a0<\/strong>Ser\u00e3o apresentadas atividades de divulga\u00e7\u00e3o cient\u00edfica que buscam seduzir os participantes para o mundo da dedu\u00e7\u00e3o, a partir de experimentos indutivos que causam d\u00favida e admira\u00e7\u00e3o, com o prop\u00f3sito de abrir as portas para se apreciar a beleza da Matem\u00e1tica.<\/p>\n<p><em>20h45:<\/em> <em><strong>Coffee-Break<\/strong><\/em><\/p>\n<p><em>21h:<\/em> <em><strong>Apresenta\u00e7\u00e3o Cultural: <span style=\"font-weight: 400\">Coro Cidade de Ponta <span style=\"color: #000000\">Grossa<\/span> - Local: Audit\u00f3rio do Centro Integrar (PDE)<\/span><\/strong><\/em><\/p>\n<p><em><strong><span style=\"color: #000000\">Transmiss\u00e3o ao vivo pelo Youtube atrav\u00e9s do link:<\/span><\/strong><\/em> <a href=\"https:\/\/www.youtube.com\/watch?v=0LDwInQQJC0\" target=\"_blank\" rel=\"noopener\">https:\/\/www.youtube.com\/watch?v=0LDwInQQJC0<\/a><\/p>\n<hr \/>\n<p><strong>Data: 28\/06<\/strong><\/p>\n<p><em>19h:<\/em><strong>\u00a0 <em>Minicurso<\/em><\/strong><\/p>\n<p><em>20h15: <strong>Coffee-Break<\/strong><\/em><\/p>\n<p><em>20h45<\/em>: <em><strong>Continua\u00e7\u00e3o do<\/strong><\/em> <strong><em>Minicurso<\/em><\/strong><\/p>\n<p><strong><em>Obs.: <\/em><\/strong><em>Cada participante dever\u00e1 selecionar apenas um dos minicursos listados a seguir. As vagas s\u00e3o limitadas!<\/em><\/p>\n<p><strong><em>Minicurso 1:<\/em><\/strong> (40 vagas) \"Por que nos lembramos do passado, e n\u00e3o do futuro? Boltzmann, probabilidades condicionais e o sentido do tempo.\" - <em>Local:<\/em> Centro Integrar (PDE)<\/p>\n<p><em>Resumo:<\/em><\/p>\n<p><em><strong>Minicurso 2:<\/strong><\/em> (20 vagas) Aprenda a Elaborar Avalia\u00e7\u00f5es com LaTeX: Cria\u00e7\u00e3o de Provas, Quest\u00f5es e Gabaritos. - Prof.\u00a0 (DEMAT - UEPG) - <em>Local:<\/em> Sala 10 do Centro Integrar (PDE)<\/p>\n<p><em>Resumo:<\/em> A Estat\u00edstica \u00e9 um conjunto de m\u00e9todos para analisar dados. Sendo assim, essa oficina busca levar voc\u00ea a compreender os conceitos e c\u00e1lculos das medidas de tend\u00eancia central (m\u00e9dia, moda e mediana) e das de dispers\u00e3o (amplitude, vari\u00e2ncia e desvio padr\u00e3o) e interpretar seus resultados.<br \/>\nDurante a oficina vamos construir uma catapulta que ser\u00e1 utilizado para um campeonato entre os participantes. A partir das dist\u00e2ncias registrada dos arremessos da catapulta realizaremos os c\u00e1lculos de medidas de tend\u00eancia central e de dispers\u00e3o e analisaremos os resultados.<\/p>\n<p><em><strong>Minicurso 3:<\/strong><\/em> (25 vagas) Processamento de linguagem natural em ci\u00eancia de dados: Uma aplica\u00e7\u00e3o da decomposi\u00e7\u00e3o em valores singulares de matrizes \u00e0 classifica\u00e7\u00e3o de textos - Prof. Brayan Mauricio Rodr\u00edguez Garz\u00f3n (DEMAT - UEPG) - <em>Local:<\/em> Laborat\u00f3rio de Inform\u00e1tica (Bloco L).<\/p>\n<p><em><strong><span style=\"color: #000000\">Transmiss\u00e3o ao vivo pelo Youtube atrav\u00e9s do link:<\/span><\/strong><\/em> <a href=\"https:\/\/www.youtube.com\/watch?v=9dbToqASrvU\" target=\"_blank\" rel=\"noopener\">https:\/\/www.youtube.com\/watch?v=9dbToqASrvU<\/a><\/p>\n<hr \/>\n<p>&nbsp;<\/p>\n<p><strong>Data: 29\/06<br \/>\n<\/strong><\/p>\n<p><em>19h:<strong> III Torneio de Derivadas da UEPG - Fase Eliminat\u00f3ria\u00a0<\/strong><\/em>- <em>Local:<\/em> Sala 10 do Centro Integrar (PDE)<\/p>\n<p><em>20h15: <strong>Coffee-Break<\/strong><\/em><\/p>\n<p><em>20h30:<\/em> <em><strong>III Torneio de Derivadas da UEPG - Fase Classificat\u00f3ria\u00a0<\/strong><\/em>- <em>Local:<\/em> Salas 6, 7, 9 e 10 do Centro Integrar (PDE)<\/p>\n<hr \/>\n<p><strong>Data: 30\/06<br \/>\n<\/strong><\/p>\n<p><em>19h:<strong> Comunica\u00e7\u00f5es Orais\u00a0<\/strong><\/em>- <em>Local:<\/em> Salas 6, 7, 9 e 10 do Centro Integrar (PDE)<\/p>\n<p><em>20h45:<\/em> <strong><em>Coffee-Break<\/em><\/strong><\/p>\n<p><em>21h:<\/em> <strong><em>Exposi\u00e7\u00e3o Matem\u00e1tica\u00a0<\/em><\/strong>- <em>Local:<\/em> Hall do Centro Integrar (PDE)<\/p>\n<p><em><strong><span style=\"color: #000000\">Transmiss\u00e3o ao vivo pelo Youtube atrav\u00e9s do link:<\/span><\/strong><\/em> <a href=\"https:\/\/www.youtube.com\/watch?v=GjxjdGClYSg\" target=\"_blank\" rel=\"noopener\">https:\/\/www.youtube.com\/watch?v=GjxjdGClYSg<\/a><\/p>\n<hr \/>\n<p><strong>Data: 01\/07<\/strong><\/p>\n<p><em>19h:<\/em> <strong><em>Palestra de Encerramento: <\/em><\/strong>Sistemas Din\u00e2micos Impulsivos: Teoria e Aplica\u00e7\u00e3o - <em>Local:<\/em> Audit\u00f3rio do Centro Integrar (PDE)<\/p>\n<p><strong>Convidado:<\/strong> Prof. Matheus Cheque Bortolan (Departamento de Matem\u00e1tica - UFSC)<\/p>\n<p><strong><em>Resumo*<\/em>:\u00a0<\/strong>A teoria de sistemas din\u00e2micos n\u00e3o-lineares constitui uma\u00a0poderosa ferramenta na modelagem de problemas cuja lei de forma\u00e7\u00e3o depende do tempo. Nos sistemas din\u00e2micos, as evolu\u00e7\u00f5es dos estados representam as solu\u00e7\u00f5es para o problema dado, e dependem continuamente do tempo. Eis que surge a seguinte pergunta: o que acontece quando modelamos fen\u00f4menos cujas solu\u00e7\u00f5es sofrem mudan\u00e7as abruptas em determinados instantes de tempo, perdendo assim a continuidade? Para resolver esse problema, apresentaremos a teoria de\u00a0<em>sistemas din\u00e2micos impulsivos<\/em>, ou seja, sistemas nos quais as evolu\u00e7\u00f5es do estados podem sofrer bruscas mudan\u00e7as quando atingem um determinado conjunto de impulso. Como uma simples aplica\u00e7\u00e3o, apresentaremos um modelo de integra\u00e7\u00e3o-e-disparo de energia acumulada em c\u00e9lulas neurais.<\/p>\n<p><strong>*<\/strong>Para essa palestra, n\u00e3o \u00e9 necess\u00e1rio nada mais do ouvinte do que conhecimento b\u00e1sico da teoria de espa\u00e7os m\u00e9tricos e c\u00e1lculo em uma vari\u00e1vel real.<\/p>\n<p><em>20h30:<\/em> <strong><em>Coffee-Break<\/em><\/strong><\/p>\n<p><em>21h: <strong>Cerim\u00f4nia de<\/strong> <strong>Encerramento e Atividade de Integra\u00e7\u00e3o\u00a0<\/strong><\/em>- <em>Local:<\/em> Audit\u00f3rio do Centro Integrar (PDE)<\/p>\n<p><em><strong><span style=\"color: #000000\">Transmiss\u00e3o ao vivo pelo Youtube atrav\u00e9s do link:\u00a0<\/span><\/strong><\/em><span style=\"color: #000000\"><a href=\"https:\/\/www.youtube.com\/watch?v=MkHu2EH2ekw\" target=\"_blank\" rel=\"noopener\">https:\/\/www.youtube.com\/watch?v=MkHu2EH2ekw<\/a><\/span><\/p>\n<hr \/>\n<p>&nbsp;<\/p>\n\t\t\t<\/div>\n\t\t<\/div>\n\t\t\t<div class=\"sow-tabs-panel\">\n\t\t\t<div class=\"sow-tabs-panel-content\" role=\"tabpanel\" aria-hidden=\"true\">\n\t\t\t\t<p><strong><span style=\"color: #ff0000\">A submiss\u00e3o de trabalhos foi prorrogada para 20\/06\/2022.<\/span><\/strong><\/p>\n<p><em>Leia atentamente as regras de submiss\u00e3o de trabalhos e anexe o arquivo no formul\u00e1rio pr\u00f3prio disponibilizado no item 6. <\/em><\/p>\n<p>1 - Somente poder\u00e3o ser submetidos trabalhos na forma de resumo expandido, que devem ser resultados de pesquisas (conclu\u00eddas ou em andamento) ou de relatos de experi\u00eancias dentro dos eixos tem\u00e1ticos do evento: Matem\u00e1tica, Ensino de Matem\u00e1tica e Probabilidade e Estat\u00edstica.<\/p>\n<p>2 - O resumo expandido dever\u00e1 ser elaborado de acordo com as normas do Template (modelo)\u00a0 abaixo e\u00a0conter de 3 a 6\u00a0p\u00e1ginas:<\/p>\n<ul>\n<li>Formatos Word e LaTeX: clique aqui e baixe o arquivo zipado: <a href=\"https:\/\/drive.google.com\/file\/d\/1ERnTcmnTwPvz8jpO-phWcKFVGO2vryGc\/view?usp=sharing\" target=\"_blank\" rel=\"noopener\">Template-VSIGMAT.<\/a><\/li>\n<\/ul>\n<p>3\u00a0- A modalidade de apresenta\u00e7\u00e3o de todos os trabalhos \u00e9 comunica\u00e7\u00e3o oral.<\/p>\n<p>4\u00a0 - O tempo m\u00e1ximo para cada apresenta\u00e7\u00e3o ser\u00e1 de dez (10) minutos e mais cinco (5) minutos para argui\u00e7\u00e3o,\u00a0totalizando quinze (15) minutos.<\/p>\n<p>5 - Cada inscri\u00e7\u00e3o d\u00e1 direito a submiss\u00e3o de at\u00e9 2 trabalhos, e o\u00a0n\u00famero m\u00e1ximo de autores por trabalho \u00e9 cinco (5).<\/p>\n<p>6 - Os trabalhos dever\u00e3o ser submetidos no formato PDF no link: <a href=\"https:\/\/forms.gle\/TSX2qQVeKMitwUVy7\" target=\"_blank\" rel=\"noopener\">https:\/\/forms.gle\/TSX2qQVeKMitwUVy7<\/a><em><br \/>\n<\/em><\/p>\n<p>7 - Os trabalhos ser\u00e3o avaliados pela Comiss\u00e3o Cient\u00edfica do SIGMAT e somente ser\u00e3o aceitos os resumos\u00a0que estiverem de acordo com as normas detalhadas no Template.<\/p>\n<p>8 - Os trabalhos aprovados dever\u00e3o ser apresentados por um dos autores no evento.<\/p>\n<p><u>Datas importantes:<\/u><\/p>\n<p>Submiss\u00e3o de trabalhos: <del>23\/05 a 17\/06.<\/del> <strong><span style=\"color: #ff0000\">Prorrogada para 20\/06.<\/span><\/strong><\/p>\n<p>Parecer Inicial dos Avaliadores: 16\/05 a 22\/06.<\/p>\n<p>Reenvio com as corre\u00e7\u00f5es: 16\/05 a 26\/06.<\/p>\n<p>Divulga\u00e7\u00e3o dos trabalhos aceitos: 27\/06.<\/p>\n<p><strong>ATEN\u00c7\u00c3O:<\/strong> Em caso de d\u00favidas, entre em contato conosco atrav\u00e9s do e-mail: <a href=\"mailto:sigmatuepg@gmail.com\">sigmatuepg@gmail.com<\/a>.<\/p>\n\t\t\t<\/div>\n\t\t<\/div>\n\t\t\t<div class=\"sow-tabs-panel\">\n\t\t\t<div class=\"sow-tabs-panel-content\" role=\"tabpanel\" aria-hidden=\"true\">\n\t\t\t\t<p>Prezados(as) autores(as),<\/p>\n<p>a <em>Comiss\u00e3o Organizadora do V SIGMAT<\/em> agradece pela submiss\u00e3o do seu trabalho. <a href=\"http:\/\/www2.uepg.br\/demat\/wp-content\/uploads\/sites\/45\/2022\/06\/Ensalamento-VSIGMAT.pdf\" target=\"_blank\" rel=\"noopener\">Clique aqui<\/a> e visualize os trabalhos aceitos e o cronograma das apresenta\u00e7\u00f5es.<\/p>\n\t\t\t<\/div>\n\t\t<\/div>\n\t\t\t<div class=\"sow-tabs-panel\">\n\t\t\t<div class=\"sow-tabs-panel-content\" role=\"tabpanel\" aria-hidden=\"true\">\n\t\t\t\t<p>O <strong>V SIGMAT<\/strong> - <em>Simp\u00f3sio Integrado de Matem\u00e1tica da UEPG<\/em> acontecer\u00e1 na semana de 27\/06 a 01\/07 de 2022 nas depend\u00eancias do Centro Integrar - PDE e do Bloco L. As inscri\u00e7\u00f5es ocorrem no per\u00edodo de 30\/05 a 24\/06.<\/p>\n<p><em>Desejamos um excelente evento a todos!<\/em><\/p>\n\t\t\t<\/div>\n\t\t<\/div>\n\t\t\t<div class=\"sow-tabs-panel\">\n\t\t\t<div class=\"sow-tabs-panel-content\" role=\"tabpanel\" aria-hidden=\"true\">\n\t\t\t\t<p>O<strong> III Torneio de Derivadas da cidade de Ponta Grossa<\/strong>\u00a0consistir\u00e1 em uma competi\u00e7\u00e3o de resolu\u00e7\u00e3o de derivadas de fun\u00e7\u00f5es reais de uma vari\u00e1vel real.\u00a0Esse torneio visa incentivar o estudo das disciplinas de C\u00e1lculo Diferencial e Integral ofertadas nos cursos de gradua\u00e7\u00e3o das universidades ou faculdades do munic\u00edpio de Ponta Grossa - PR.<\/p>\n<p>Para conhecer as regras do torneio, consulte o\u00a0<a href=\"http:\/\/www2.uepg.br\/demat\/wp-content\/uploads\/sites\/45\/2022\/06\/Regulamento-IIITorneio.pdf\" target=\"_blank\" rel=\"noopener\">Regulamento.<\/a><\/p>\n<p><strong>Inscri\u00e7\u00e3o do III Torneio de Derivadas da UEPG (gratuita): <\/strong><a href=\"https:\/\/forms.gle\/35G1jrH64AgHCfqb7\" target=\"_blank\" rel=\"noopener\">clique aqui.<\/a><\/p>\n<p><strong>Importante:\u00a0<\/strong>Cada participante do Torneio receber\u00e1 certificado de participa\u00e7\u00e3o de 4h.<\/p>\n<p><strong>Per\u00edodo de Inscri\u00e7\u00f5es:<\/strong> 01\/06\/22 a 26\/06\/22.<\/p>\n<p><strong>Vai um treino para o III Torneio de Derivadas?<\/strong>\u00a0<a href=\"http:\/\/www2.uepg.br\/demat\/wp-content\/uploads\/sites\/45\/2022\/06\/Simulado-IIITorneio.pdf\" target=\"_blank\" rel=\"noopener\">Clique aqui<\/a>\u00a0e estude algumas derivadas.\u00a0<em>Bons estudos!<\/em><\/p>\n\t\t\t<\/div>\n\t\t<\/div>\n\t\t\t<div class=\"sow-tabs-panel\">\n\t\t\t<div class=\"sow-tabs-panel-content\" role=\"tabpanel\" aria-hidden=\"true\">\n\t\t\t\t<p><a href=\"https:\/\/photos.app.goo.gl\/kacMUFwU4T9iLvLz7\" target=\"_blank\" rel=\"noopener\">Clique aqui<\/a> e confira as fotos tiradas pela professora Luiza (a qual agradecemos pela disposi\u00e7\u00e3o de sempre!)<\/p>\n\t\t\t<\/div>\n\t\t<\/div>\n\t\t<\/div>\n<\/div>\n<\/div><\/div><\/div><\/div><\/div><\/div>","protected":false},"excerpt":{"rendered":"<p>Sobre o V SIGMAT Cronograma Comunica\u00e7\u00f5es Orais Comunica\u00e7\u00f5es Orais &#8211; Cronograma Inscri\u00e7\u00f5es III Torneio de Derivadas Fotos do V SIGMAT &nbsp; A 5\u00aa edi\u00e7\u00e3o do Simp\u00f3sio Integrado de Matem\u00e1tica &#8211; SIGMAT ocorrer\u00e1 no per\u00edodo de 27\/06 a 01\/07 de 2022 nas depend\u00eancias do Centro Integrar. A promo\u00e7\u00e3o \u00e9 dos colegiados dos cursos de Licenciatura em&nbsp;&hellip;<\/p>\n","protected":false},"author":110,"featured_media":0,"parent":0,"menu_order":0,"comment_status":"closed","ping_status":"closed","template":"","meta":[],"_links":{"self":[{"href":"https:\/\/www2.uepg.br\/demat\/wp-json\/wp\/v2\/pages\/890"}],"collection":[{"href":"https:\/\/www2.uepg.br\/demat\/wp-json\/wp\/v2\/pages"}],"about":[{"href":"https:\/\/www2.uepg.br\/demat\/wp-json\/wp\/v2\/types\/page"}],"author":[{"embeddable":true,"href":"https:\/\/www2.uepg.br\/demat\/wp-json\/wp\/v2\/users\/110"}],"replies":[{"embeddable":true,"href":"https:\/\/www2.uepg.br\/demat\/wp-json\/wp\/v2\/comments?post=890"}],"version-history":[{"count":36,"href":"https:\/\/www2.uepg.br\/demat\/wp-json\/wp\/v2\/pages\/890\/revisions"}],"predecessor-version":[{"id":1023,"href":"https:\/\/www2.uepg.br\/demat\/wp-json\/wp\/v2\/pages\/890\/revisions\/1023"}],"wp:attachment":[{"href":"https:\/\/www2.uepg.br\/demat\/wp-json\/wp\/v2\/media?parent=890"}],"curies":[{"name":"wp","href":"https:\/\/api.w.org\/{rel}","templated":true}]}}