{"id":128,"date":"2021-04-23T13:28:22","date_gmt":"2021-04-23T16:28:22","guid":{"rendered":"https:\/\/www2.uepg.br\/deped\/?page_id=128"},"modified":"2024-07-31T14:24:36","modified_gmt":"2024-07-31T17:24:36","slug":"colegiado","status":"publish","type":"page","link":"https:\/\/www2.uepg.br\/deped\/colegiado\/","title":{"rendered":"Colegiado"},"content":{"rendered":"<h5 style=\"text-align: center\"><strong>COLEGIADO<\/strong><\/h5>\n<p align=\"justify\">\u00a0\u00a0\u00a0\u00a0\u00a0\u00a0\u00a0\u00a0 O Curso de Pedagogia j\u00e1 possui a maturidade dos 50 anos, tendo ofertado a primeira turma em 1962. Inicialmente a Coordena\u00e7\u00e3o esteve sob a responsabilidade do Departamento de Educa\u00e7\u00e3o. Em 1973 o Colegiado foi organizado, passando ent\u00e3o a assumir as atribui\u00e7\u00f5es inerentes ao funcionamento do Curso. \u00a0 Atualmente, o Colegiado congrega representantes dos Departamentos que oferecem disciplinas na grade curricular do Curso, ao longo dos 4 anos de forma\u00e7\u00e3o do Pedagogo. Est\u00e1 composto por um Coordenador e um Vice-Coordenador, eleitos para mandato de 2 anos, al\u00e9m de representantes dos Departamentos de Educa\u00e7\u00e3o e Pedagogia.<\/p>\n<p align=\"justify\">\u00a0\u00a0\u00a0\u00a0\u00a0\u00a0\u00a0\u00a0 O trabalho do Colegiado objetiva subsidiar o corpo Docente quanto a quest\u00f5es curriculares, avaliativas, discutindo ainda as dificuldades concernentes aos processos de ensino-aprendizagem.<\/p>\n<p align=\"justify\">\u00a0\u00a0\u00a0\u00a0\u00a0\u00a0\u00a0\u00a0\u00a0\u00a0No aspecto de gest\u00e3o administrativa-pedag\u00f3gica, responsabiliza-se pela organiza\u00e7\u00e3o de hor\u00e1rios, acompanhamento do desempenho docente e discente, bem como pela proposi\u00e7\u00e3o e realiza\u00e7\u00e3o de cursos, e demais eventos de cunho te\u00f3rico-pr\u00e1tico, que propiciem embasamento de qualidade para o exerc\u00edcio profissional do acad\u00eamico.<\/p>\n<p>&nbsp;<\/p>\n<p align=\"center\">Coordenador do Curso de Licenciatura em Pedagogia<br \/>\nVera L\u00facia Martiniak &#8211; DEED<\/p>\n<p align=\"center\">Vice- Coordenadora<br \/>\nGiselle Cristina Smaniotto- DEPED<\/p>\n<p align=\"center\">Outras Coordena\u00e7\u00f5es:<\/p>\n<p align=\"center\"><strong>MEMBROS DO COLEGIADO DE PEDAGOGIA<\/strong><\/p>\n<p align=\"center\"><strong>\u00a0<\/strong>Profa. Beatriz Gomes Nadal<br \/>\nProfa. F\u00e1tima Aparecida Queiroz Dion\u00edsio<br \/>\nProfa. Simone Regina Manosso Cartaxo<br \/>\nProfa. Paola Andressa Scortegagna<\/p>\n<p align=\"center\"><strong>NDE \u2013 N\u00daCLEO DOCENTE ESTRUTURANTE DO CURSO DE PEDAGOGIA<\/strong><\/p>\n<p align=\"center\">Profa. Maria das Gra\u00e7as do Espirito Santo Tigre<br \/>\nProfa. M\u00e1rcia Barbosa da Silva<\/p>\n<p align=\"center\"><strong>PARTICIPA\u00c7\u00c3O EM COLEGIADOS DE OUTRAS LICENCIATURAS<\/strong><\/p>\n<p align=\"center\">Licenciatura em Qu\u00edmica \u2013 Profa. Dra. Maria das Gra\u00e7as do Espirito Santo Tigre<br \/>\nLicenciatura em Hist\u00f3ria \u2013 Profa. Denise Puglia Zanon<br \/>\nLicenciatura em Ci\u00eancias Biol\u00f3gicas \u2013 Profa. Renata Lopes da Silva<br \/>\nLicenciatura em M\u00fasica \u2013 Profa. Maiza Taques Margraf Althaus<br \/>\nLicenciatura em Letras \u2013 Profa. Maiza Taques Margraf Althaus<\/p>\n<p align=\"center\"><strong>PARTICIPA\u00c7\u00c3O EM NDEs DE OUTROS CURSOS DE LICENCIATURA<\/strong><\/p>\n<p align=\"center\">NDE do Curso de Licenciatura em Qu\u00edmica \u2013 Profa. Dra. Maria das Gra\u00e7as do Espirito Santo Tigre<br \/>\nNDE do Curso de Licenciatura Ci\u00eancias Biol\u00f3gicas\u2013 Profa. Renata Lopes da Silva<\/p>\n","protected":false},"excerpt":{"rendered":"<p>COLEGIADO \u00a0\u00a0\u00a0\u00a0\u00a0\u00a0\u00a0\u00a0 O Curso de Pedagogia j\u00e1 possui a maturidade dos 50 anos, tendo ofertado a primeira turma em 1962. Inicialmente a Coordena\u00e7\u00e3o esteve sob a responsabilidade do Departamento de Educa\u00e7\u00e3o. Em 1973 o Colegiado foi organizado, passando ent\u00e3o a assumir as atribui\u00e7\u00f5es inerentes ao funcionamento do Curso. \u00a0 Atualmente, o Colegiado congrega representantes dos&nbsp;&hellip;<\/p>\n","protected":false},"author":305,"featured_media":0,"parent":0,"menu_order":0,"comment_status":"closed","ping_status":"closed","template":"","meta":[],"_links":{"self":[{"href":"https:\/\/www2.uepg.br\/deped\/wp-json\/wp\/v2\/pages\/128"}],"collection":[{"href":"https:\/\/www2.uepg.br\/deped\/wp-json\/wp\/v2\/pages"}],"about":[{"href":"https:\/\/www2.uepg.br\/deped\/wp-json\/wp\/v2\/types\/page"}],"author":[{"embeddable":true,"href":"https:\/\/www2.uepg.br\/deped\/wp-json\/wp\/v2\/users\/305"}],"replies":[{"embeddable":true,"href":"https:\/\/www2.uepg.br\/deped\/wp-json\/wp\/v2\/comments?post=128"}],"version-history":[{"count":5,"href":"https:\/\/www2.uepg.br\/deped\/wp-json\/wp\/v2\/pages\/128\/revisions"}],"predecessor-version":[{"id":213,"href":"https:\/\/www2.uepg.br\/deped\/wp-json\/wp\/v2\/pages\/128\/revisions\/213"}],"wp:attachment":[{"href":"https:\/\/www2.uepg.br\/deped\/wp-json\/wp\/v2\/media?parent=128"}],"curies":[{"name":"wp","href":"https:\/\/api.w.org\/{rel}","templated":true}]}}