{"id":130,"date":"2021-04-23T13:29:10","date_gmt":"2021-04-23T16:29:10","guid":{"rendered":"https:\/\/www2.uepg.br\/deped\/?page_id=130"},"modified":"2025-03-10T14:38:51","modified_gmt":"2025-03-10T17:38:51","slug":"professores","status":"publish","type":"page","link":"https:\/\/www2.uepg.br\/deped\/professores\/","title":{"rendered":"Professores"},"content":{"rendered":"<h4 style=\"text-align: center\"><strong>Departamento de Pedagogia<\/strong><\/h4>\n<div><\/div>\n<table border=\"0\" width=\"100%\" cellspacing=\"0\" cellpadding=\"0\">\n<tbody>\n<tr>\n<td align=\"center\">Elismara Zaias Kailer<\/td>\n<\/tr>\n<tr>\n<td align=\"center\">Chefe do Departamento de Pedagogia<\/td>\n<\/tr>\n<\/tbody>\n<\/table>\n<p>&nbsp;<\/p>\n<table border=\"0\" width=\"100%\" cellspacing=\"0\" cellpadding=\"0\">\n<tbody>\n<tr>\n<td align=\"center\">Daiana Camargo<\/td>\n<\/tr>\n<tr>\n<td align=\"center\">Curso de Gradua\u00e7\u00e3o<\/td>\n<\/tr>\n<\/tbody>\n<\/table>\n<p>&nbsp;<\/p>\n<table border=\"0\" width=\"100%\" cellspacing=\"0\" cellpadding=\"0\">\n<tbody>\n<tr>\n<td align=\"center\">Endere\u00e7o: Pra\u00e7a Santos Andrade, 01 &#8211; Centro &#8211; Ponta Grossa &#8211; PR &#8211; CEP: 84.010-919<\/td>\n<\/tr>\n<tr>\n<td align=\"center\">Telefone: (42) 3220-3367<\/td>\n<\/tr>\n<tr>\n<td align=\"center\">Site Oficial:<\/td>\n<\/tr>\n<tr>\n<td align=\"center\">E-Mail:\u00a0<a href=\"mailto:deped@uepg.br\" target=\"_blank\" rel=\"noopener\">deped@uepg.br<\/a><\/td>\n<\/tr>\n<tr>\n<td align=\"center\">Hor\u00e1rio de Atendimento: 8:00 as 12:00 e das 13:00 as 17:00<\/td>\n<\/tr>\n<\/tbody>\n<\/table>\n<p>&nbsp;<\/p>\n<table border=\"0\" width=\"100%\" cellspacing=\"0\" cellpadding=\"0\">\n<tbody>\n<tr>\n<td align=\"center\">Servidores Lotados<\/td>\n<\/tr>\n<\/tbody>\n<\/table>\n<p>&nbsp;<\/p>\n<table border=\"0\" width=\"100%\" cellspacing=\"0\" cellpadding=\"0\">\n<tbody>\n<tr>\n<td align=\"center\" width=\"35%\">Nome<\/td>\n<td align=\"center\" width=\"35%\">Cargo<\/td>\n<td align=\"center\" width=\"15%\">Titula\u00e7\u00e3o<\/td>\n<td align=\"center\" width=\"15%\">Carga Hor\u00e1ria<\/td>\n<\/tr>\n<\/tbody>\n<\/table>\n<p>&nbsp;<\/p>\n<table width=\"100%\" cellspacing=\"0\" cellpadding=\"2\">\n<tbody>\n<tr>\n<td width=\"35%\">\n<p align=\"left\">Ana Keli Moletta<\/p>\n<\/td>\n<td width=\"35%\">\n<p align=\"left\">Professor de Ens. Superior &#8211; Colaborador<\/p>\n<\/td>\n<td width=\"15%\">\n<p align=\"left\">Doutorado<\/p>\n<\/td>\n<td width=\"15%\">\n<p align=\"left\">40 Horas<\/p>\n<\/td>\n<\/tr>\n<tr>\n<td width=\"35%\">\n<p align=\"left\">Beatriz Gomes Nadal<\/p>\n<\/td>\n<td width=\"35%\">\n<p align=\"left\">Professor de Ensino Superior &#8211; Carreira<\/p>\n<\/td>\n<td width=\"15%\">\n<p align=\"left\">Doutorado<\/p>\n<\/td>\n<td width=\"15%\">\n<p align=\"left\">Dedica\u00e7\u00e3o Excl.<\/p>\n<\/td>\n<\/tr>\n<tr>\n<td width=\"35%\">\n<p align=\"left\">Clicia Buhrer Martins<\/p>\n<\/td>\n<td width=\"35%\">\n<p align=\"left\">Professor de Ensino Superior &#8211; Carreira<\/p>\n<\/td>\n<td width=\"15%\">\n<p align=\"left\">Doutorado<\/p>\n<\/td>\n<td width=\"15%\">\n<p align=\"left\">Dedica\u00e7\u00e3o Excl.<\/p>\n<\/td>\n<\/tr>\n<tr>\n<td width=\"35%\">\n<p align=\"left\">Cristiane Aparecida Woytichoski<\/p>\n<\/td>\n<td width=\"35%\">\n<p align=\"left\">Professor de Ensino Superior &#8211; Carreira<\/p>\n<\/td>\n<td width=\"15%\">\n<p align=\"left\">Doutorado<\/p>\n<\/td>\n<td width=\"15%\">\n<p align=\"left\">Dedica\u00e7\u00e3o Excl.<\/p>\n<\/td>\n<\/tr>\n<tr>\n<td width=\"35%\">\n<p align=\"left\">Daiana Camargo<\/p>\n<\/td>\n<td width=\"35%\">\n<p align=\"left\">Professor de Ensino Superior &#8211; Carreira<\/p>\n<\/td>\n<td width=\"15%\">\n<p align=\"left\">Doutorado<\/p>\n<\/td>\n<td width=\"15%\">\n<p align=\"left\">Dedica\u00e7\u00e3o Excl.<\/p>\n<\/td>\n<\/tr>\n<tr>\n<td width=\"35%\">\n<p align=\"left\">Denise Puglia Zanon<\/p>\n<\/td>\n<td width=\"35%\">\n<p align=\"left\">Professor de Ensino Superior &#8211; Carreira<\/p>\n<\/td>\n<td width=\"15%\">\n<p align=\"left\">Doutorado<\/p>\n<\/td>\n<td width=\"15%\">\n<p align=\"left\">Dedica\u00e7\u00e3o Excl.<\/p>\n<\/td>\n<\/tr>\n<tr>\n<td width=\"35%\">\n<p align=\"left\">Elismara Zaias Kailer<\/p>\n<\/td>\n<td width=\"35%\">\n<p align=\"left\">Professor de Ensino Superior &#8211; Carreira<\/p>\n<\/td>\n<td width=\"15%\">\n<p align=\"left\">Doutorado<\/p>\n<\/td>\n<td width=\"15%\">\n<p align=\"left\">Dedica\u00e7\u00e3o Excl.<\/p>\n<\/td>\n<\/tr>\n<tr>\n<td width=\"35%\">\n<p align=\"left\">F\u00e1tima Aparecida Queiroz Dionizio<\/p>\n<\/td>\n<td width=\"35%\">\n<p align=\"left\">Professor de Ensino Superior &#8211; Carreira<\/p>\n<\/td>\n<td width=\"15%\">\n<p align=\"left\">Doutorado<\/p>\n<\/td>\n<td width=\"15%\">\n<p align=\"left\">Dedica\u00e7\u00e3o Excl.<\/p>\n<\/td>\n<\/tr>\n<tr>\n<td width=\"35%\">\n<p align=\"left\">Geane Kantovitz<\/p>\n<\/td>\n<td width=\"35%\">\n<p align=\"left\">Professor de Ens. Superior &#8211; Colaborador<\/p>\n<\/td>\n<td width=\"15%\">\n<p align=\"left\">Doutorado<\/p>\n<\/td>\n<td width=\"15%\">\n<p align=\"left\">40 horas<\/p>\n<\/td>\n<\/tr>\n<tr>\n<td width=\"35%\">\n<p align=\"left\">Gisele Brandelero Camargo<\/p>\n<\/td>\n<td width=\"35%\">\n<p align=\"left\">Professor de Ensino Superior &#8211; Carreira<\/p>\n<\/td>\n<td width=\"15%\">\n<p align=\"left\">Doutorado<\/p>\n<\/td>\n<td width=\"15%\">\n<p align=\"left\">Dedica\u00e7\u00e3o Excl.<\/p>\n<\/td>\n<\/tr>\n<tr>\n<td width=\"35%\">\n<p align=\"left\">Giselle Cristina Smaniotto<\/p>\n<\/td>\n<td width=\"35%\">\n<p align=\"left\">Professor de Ensino Superior &#8211; Carreira<\/p>\n<\/td>\n<td width=\"15%\">\n<p align=\"left\">Doutorado<\/p>\n<\/td>\n<td width=\"15%\">\n<p align=\"left\">Dedica\u00e7\u00e3o Excl.<\/p>\n<\/td>\n<\/tr>\n<tr>\n<td width=\"35%\">\n<p align=\"left\">Graciete Tozetto Goes<\/p>\n<\/td>\n<td width=\"35%\">\n<p align=\"left\">Professor de Ensino Superior &#8211; Carreira<\/p>\n<\/td>\n<td width=\"15%\">\n<p align=\"left\">Doutorado<\/p>\n<\/td>\n<td width=\"15%\">\n<p align=\"left\">Dedica\u00e7\u00e3o Excl.<\/p>\n<\/td>\n<\/tr>\n<tr>\n<td width=\"35%\">\n<p align=\"left\">Graziela Ferreira de Souza<\/p>\n<\/td>\n<td width=\"35%\">\n<p align=\"left\">Professor de Ens. Superior &#8211; Colaborador<\/p>\n<\/td>\n<td width=\"15%\">\n<p align=\"left\">Doutorado<\/p>\n<\/td>\n<td width=\"15%\">\n<p align=\"left\">20 Horas<\/p>\n<\/td>\n<\/tr>\n<tr>\n<td width=\"35%\">\n<p align=\"left\">Izabelle Cristina de Almeida<\/p>\n<\/td>\n<td width=\"35%\">\n<p align=\"left\">Professor de Ens. Superior &#8211; Colaborador<\/p>\n<\/td>\n<td width=\"15%\">\n<p align=\"left\">Mestrado<\/p>\n<\/td>\n<td width=\"15%\">\n<p align=\"left\">20 Horas<\/p>\n<\/td>\n<\/tr>\n<tr>\n<td width=\"35%\">\n<p align=\"left\">Karina Regalio Campagnoli<\/p>\n<\/td>\n<td width=\"35%\">\n<p align=\"left\">Professor de Ens. Superior &#8211; Colaborador<\/p>\n<\/td>\n<td width=\"15%\">\n<p align=\"left\">Mestrado<\/p>\n<\/td>\n<td width=\"15%\">\n<p align=\"left\">20 Horas<\/p>\n<\/td>\n<\/tr>\n<tr>\n<td width=\"35%\">\n<p align=\"left\">Karine Ferreira Monteiro<\/p>\n<\/td>\n<td width=\"35%\">\n<p align=\"left\">Professor de Ens. Superior &#8211; Colaborador<\/p>\n<\/td>\n<td width=\"15%\">\n<p align=\"left\">Mestrado<\/p>\n<\/td>\n<td width=\"15%\">\n<p align=\"left\">20 Horas<\/p>\n<\/td>\n<\/tr>\n<tr>\n<td width=\"35%\">\n<p align=\"left\">Kelly Cristina Ducatti da Silva<\/p>\n<\/td>\n<td width=\"35%\">\n<p align=\"left\">Professor de Ensino Superior &#8211; Carreira<\/p>\n<\/td>\n<td width=\"15%\">\n<p align=\"left\">Doutorado<\/p>\n<\/td>\n<td width=\"15%\">\n<p align=\"left\">Dedica\u00e7\u00e3o Excl.<\/p>\n<\/td>\n<\/tr>\n<tr>\n<td width=\"35%\">\n<p align=\"left\">Luciana Kubaski Alves<\/p>\n<\/td>\n<td width=\"35%\">\n<p align=\"left\">Professor de Ens. Superior &#8211; Colaborador<\/p>\n<\/td>\n<td width=\"15%\">\n<p align=\"left\">Doutorado<\/p>\n<\/td>\n<td width=\"15%\">\n<p align=\"left\">20 Horas<\/p>\n<\/td>\n<\/tr>\n<tr>\n<td width=\"35%\">\n<p align=\"left\">Lucimara Cristina de Paula<\/p>\n<\/td>\n<td width=\"35%\">\n<p align=\"left\">Professor de Ensino Superior &#8211; Carreira<\/p>\n<\/td>\n<td width=\"15%\">\n<p align=\"left\">Doutorado<\/p>\n<\/td>\n<td width=\"15%\">\n<p align=\"left\">Dedica\u00e7\u00e3o Excl.<\/p>\n<\/td>\n<\/tr>\n<tr>\n<td width=\"35%\">\n<p align=\"left\">Maiza Taques Margraf Althaus<\/p>\n<\/td>\n<td width=\"35%\">\n<p align=\"left\">Professor de Ensino Superior &#8211; Carreira<\/p>\n<\/td>\n<td width=\"15%\">\n<p align=\"left\">Doutorado<\/p>\n<\/td>\n<td width=\"15%\">\n<p align=\"left\">Dedica\u00e7\u00e3o Excl.<\/p>\n<\/td>\n<\/tr>\n<tr>\n<td width=\"35%\">\n<p align=\"left\">Maria Antonia de Souza<\/p>\n<\/td>\n<td width=\"35%\">\n<p align=\"left\">Professor de Ensino Superior &#8211; Carreira<\/p>\n<\/td>\n<td width=\"15%\">\n<p align=\"left\">Doutorado<\/p>\n<\/td>\n<td width=\"15%\">\n<p align=\"left\">40 Horas<\/p>\n<\/td>\n<\/tr>\n<tr>\n<td width=\"35%\">\n<p align=\"left\">Maria das Gra\u00e7as do Esp\u00edrito Santo Tigre<\/p>\n<\/td>\n<td width=\"35%\">\n<p align=\"left\">Professor de Ensino Superior &#8211; Carreira<\/p>\n<\/td>\n<td width=\"15%\">\n<p align=\"left\">Doutorado<\/p>\n<\/td>\n<td width=\"15%\">\n<p align=\"left\">Dedica\u00e7\u00e3o Excl.<\/p>\n<\/td>\n<\/tr>\n<tr>\n<td width=\"35%\">\n<p align=\"left\">Marilucia Antonia de Resende Peroza<\/p>\n<\/td>\n<td width=\"35%\">\n<p align=\"left\">Professor de Ensino Superior &#8211; Carreira<\/p>\n<\/td>\n<td width=\"15%\">\n<p align=\"left\">Doutorado<\/p>\n<\/td>\n<td width=\"15%\">\n<p align=\"left\">Dedica\u00e7\u00e3o Excl.<\/p>\n<\/td>\n<\/tr>\n<tr>\n<td width=\"35%\">\n<p align=\"left\">Paola Andressa Scortegagna<\/p>\n<\/td>\n<td width=\"35%\">\n<p align=\"left\">Professor de Ensino Superior &#8211; Carreira<\/p>\n<\/td>\n<td width=\"15%\">\n<p align=\"left\">Doutorado<\/p>\n<\/td>\n<td width=\"15%\">\n<p align=\"left\">Dedica\u00e7\u00e3o Excl.<\/p>\n<\/td>\n<\/tr>\n<tr>\n<td width=\"35%\">\n<p align=\"left\">Patricia Correia de Paula Marcoccia<\/p>\n<\/td>\n<td width=\"35%\">\n<p align=\"left\">Professor de Ensino Superior &#8211; Carreira<\/p>\n<\/td>\n<td width=\"15%\">\n<p align=\"left\">Doutorado<\/p>\n<\/td>\n<td width=\"15%\">\n<p align=\"left\">Dedica\u00e7\u00e3o Excl.<\/p>\n<\/td>\n<\/tr>\n<tr>\n<td width=\"35%\">\n<p align=\"left\">Patricia Lucia Vosgrau de Freitas<\/p>\n<\/td>\n<td width=\"35%\">\n<p align=\"left\">Professor de Ensino Superior &#8211; Carreira<\/p>\n<\/td>\n<td width=\"15%\">\n<p align=\"left\">Doutorado<\/p>\n<\/td>\n<td width=\"15%\">\n<p align=\"left\">Dedica\u00e7\u00e3o Excl.<\/p>\n<\/td>\n<\/tr>\n<tr>\n<td width=\"35%\">\n<p align=\"left\">Perla Cristiane Enviy<\/p>\n<\/td>\n<td width=\"35%\">\n<p align=\"left\">Professor de Ens. Superior &#8211; Colaborador<\/p>\n<\/td>\n<td width=\"15%\">\n<p align=\"left\">Doutorado<\/p>\n<\/td>\n<td width=\"15%\">\n<p align=\"left\">40 horas<\/p>\n<\/td>\n<\/tr>\n<tr>\n<td width=\"35%\">\n<p align=\"left\">Priscila Gabriele da Luz Kailer<\/p>\n<\/td>\n<td width=\"35%\">\n<p align=\"left\">Professor de Ens. Superior &#8211; Colaborador<\/p>\n<\/td>\n<td width=\"15%\">\n<p align=\"left\">Doutorado<\/p>\n<\/td>\n<td width=\"15%\">\n<p align=\"left\">40 horas<\/p>\n<\/td>\n<\/tr>\n<tr>\n<td width=\"35%\">\n<p align=\"left\">Renata Lopes da Silva<\/p>\n<\/td>\n<td width=\"35%\">\n<p align=\"left\">Professor de Ensino Superior &#8211; Carreira<\/p>\n<\/td>\n<td width=\"15%\">\n<p align=\"left\">Doutorado<\/p>\n<\/td>\n<td width=\"15%\">\n<p align=\"left\">Dedica\u00e7\u00e3o Excl.<\/p>\n<\/td>\n<\/tr>\n<tr>\n<td width=\"35%\">\n<p align=\"left\">Rosana de Castro Casagrande<\/p>\n<\/td>\n<td width=\"35%\">\n<p align=\"left\">Professor de Ensino Superior &#8211; Carreira<\/p>\n<\/td>\n<td width=\"15%\">\n<p align=\"left\">Doutorado<\/p>\n<\/td>\n<td width=\"15%\">\n<p align=\"left\">Dedica\u00e7\u00e3o Excl.<\/p>\n<\/td>\n<\/tr>\n<tr>\n<td width=\"35%\">\n<p align=\"left\">Simone Regina Manosso Cartaxo<\/p>\n<\/td>\n<td width=\"35%\">\n<p align=\"left\">Professor de Ensino Superior &#8211; Carreira<\/p>\n<\/td>\n<td width=\"15%\">\n<p align=\"left\">Doutorado<\/p>\n<\/td>\n<td width=\"15%\">\n<p align=\"left\">40 Horas<\/p>\n<\/td>\n<\/tr>\n<tr>\n<td width=\"35%\">\n<p align=\"left\">Thamiris Christine Mendes Berger<\/p>\n<\/td>\n<td width=\"35%\">\n<p align=\"left\">Professor de Ens. Superior &#8211; Colaborador<\/p>\n<\/td>\n<td width=\"15%\">\n<p align=\"left\">Doutorado<\/p>\n<\/td>\n<td width=\"15%\">\n<p align=\"left\">20 horas<\/p>\n<\/td>\n<\/tr>\n<tr>\n<td width=\"35%\">\n<p align=\"left\">Victoria Mottim Gaio<\/p>\n<\/td>\n<td width=\"35%\">\n<p align=\"left\">Professor de Ens. Superior &#8211; Colaborador<\/p>\n<\/td>\n<td width=\"15%\">\n<p align=\"left\">Doutorado<\/p>\n<\/td>\n<td width=\"15%\">\n<p align=\"left\">20 Horas<\/p>\n<\/td>\n<\/tr>\n<tr>\n<td width=\"35%\">\n<p align=\"left\">Viridiana Alves de Lara Silva<\/p>\n<\/td>\n<td width=\"35%\">\n<p align=\"left\">Professor de Ens. Superior &#8211; Colaborador<\/p>\n<\/td>\n<td width=\"15%\">\n<p align=\"left\">Doutorado<\/p>\n<\/td>\n<td width=\"15%\">\n<p align=\"left\">40 Horas<\/p>\n<\/td>\n<\/tr>\n<tr>\n<td width=\"35%\">\n<p align=\"left\">Viviane Aparecida Bagio<\/p>\n<\/td>\n<td width=\"35%\">\n<p align=\"left\">Professor de Ens. Superior &#8211; Colaborador<\/p>\n<\/td>\n<td width=\"15%\">\n<p align=\"left\">Doutorado<\/p>\n<\/td>\n<td width=\"15%\">\n<p align=\"left\">20 Horas<\/p>\n<\/td>\n<\/tr>\n<tr>\n<td width=\"35%\">\n<p align=\"left\">Viviane Aparecida Bagio<\/p>\n<\/td>\n<td width=\"35%\">\n<p align=\"left\">Professor de Ens. Superior &#8211; Colaborador<\/p>\n<\/td>\n<td width=\"15%\">\n<p align=\"left\">Doutorado<\/p>\n<\/td>\n<td width=\"15%\">\n<p align=\"left\">20 Horas<\/p>\n<\/td>\n<\/tr>\n<\/tbody>\n<\/table>\n","protected":false},"excerpt":{"rendered":"<p>Departamento de Pedagogia Elismara Zaias Kailer Chefe do Departamento de Pedagogia &nbsp; Daiana Camargo Curso de Gradua\u00e7\u00e3o &nbsp; Endere\u00e7o: Pra\u00e7a Santos Andrade, 01 &#8211; Centro &#8211; Ponta Grossa &#8211; PR &#8211; CEP: 84.010-919 Telefone: (42) 3220-3367 Site Oficial: E-Mail:\u00a0deped@uepg.br Hor\u00e1rio de Atendimento: 8:00 as 12:00 e das 13:00 as 17:00 &nbsp; Servidores Lotados &nbsp; Nome&nbsp;&hellip;<\/p>\n","protected":false},"author":305,"featured_media":0,"parent":0,"menu_order":0,"comment_status":"closed","ping_status":"closed","template":"","meta":[],"_links":{"self":[{"href":"https:\/\/www2.uepg.br\/deped\/wp-json\/wp\/v2\/pages\/130"}],"collection":[{"href":"https:\/\/www2.uepg.br\/deped\/wp-json\/wp\/v2\/pages"}],"about":[{"href":"https:\/\/www2.uepg.br\/deped\/wp-json\/wp\/v2\/types\/page"}],"author":[{"embeddable":true,"href":"https:\/\/www2.uepg.br\/deped\/wp-json\/wp\/v2\/users\/305"}],"replies":[{"embeddable":true,"href":"https:\/\/www2.uepg.br\/deped\/wp-json\/wp\/v2\/comments?post=130"}],"version-history":[{"count":5,"href":"https:\/\/www2.uepg.br\/deped\/wp-json\/wp\/v2\/pages\/130\/revisions"}],"predecessor-version":[{"id":218,"href":"https:\/\/www2.uepg.br\/deped\/wp-json\/wp\/v2\/pages\/130\/revisions\/218"}],"wp:attachment":[{"href":"https:\/\/www2.uepg.br\/deped\/wp-json\/wp\/v2\/media?parent=130"}],"curies":[{"name":"wp","href":"https:\/\/api.w.org\/{rel}","templated":true}]}}