{"id":520,"date":"2025-10-30T15:42:24","date_gmt":"2025-10-30T18:42:24","guid":{"rendered":"https:\/\/www2.uepg.br\/deservi\/?page_id=520"},"modified":"2025-10-30T15:43:00","modified_gmt":"2025-10-30T18:43:00","slug":"departamento-de-servico-social-realiza-semana-da-bancas-de-tcc","status":"publish","type":"page","link":"https:\/\/www2.uepg.br\/deservi\/departamento-de-servico-social-realiza-semana-da-bancas-de-tcc\/","title":{"rendered":"Departamento de Servi\u00e7o Social realiza semana da Bancas de TCC"},"content":{"rendered":"<p><img loading=\"lazy\" class=\"wp-image-524 aligncenter\" src=\"http:\/\/www2.uepg.br\/deservi\/wp-content\/uploads\/sites\/185\/2025\/10\/tcc-969x480-1-300x149.jpg\" alt=\"\" width=\"711\" height=\"353\" srcset=\"https:\/\/www2.uepg.br\/deservi\/wp-content\/uploads\/sites\/185\/2025\/10\/tcc-969x480-1-300x149.jpg 300w, https:\/\/www2.uepg.br\/deservi\/wp-content\/uploads\/sites\/185\/2025\/10\/tcc-969x480-1-768x380.jpg 768w, https:\/\/www2.uepg.br\/deservi\/wp-content\/uploads\/sites\/185\/2025\/10\/tcc-969x480-1.jpg 969w\" sizes=\"(max-width: 711px) 100vw, 711px\" \/><\/p>\n<h3 style=\"text-align: center\">Entre os dias 23 e 30 de outubro foram realizadas 32 Bancas de TCC com as mais variadas tem\u00e1ticas relacionadas ao Servi\u00e7o Social.<\/h3>\n<p>&nbsp;<\/p>\n<h3 style=\"text-align: center\">De acordo com o Prof. Peterson Marino, Coordenador de TCC, &#8220;as produ\u00e7\u00f5es representam toda a caminhada de forma\u00e7\u00e3o dos alunos, seja em sala de aula, no est\u00e1gio ou nas experi\u00eancias em extens\u00e3o universit\u00e1ria&#8221;.<\/h3>\n<p>&nbsp;<\/p>\n<h3 style=\"text-align: center\">Merece destaque ainda a primeira participa\u00e7\u00e3o do 4\u00b0 ano noturno, sendo esta a primeira turma ap\u00f3s a restitui\u00e7\u00e3o do curso noturno de Servi\u00e7o Social na UEPG.<\/h3>\n<h3><\/h3>\n<h3 style=\"text-align: center\">Em breve disponibilizaremos aqui nesse site a rela\u00e7\u00e3o (t\u00edtulo\/autor) dos Trabalhos de Conclus\u00e3o de Curso defendidos e aprovados nos \u00faltimos anos.<\/h3>\n<p>&nbsp;<\/p>\n<p>&nbsp;<\/p>\n<p>&nbsp;<\/p>\n<p>&nbsp;<\/p>\n","protected":false},"excerpt":{"rendered":"<p>Entre os dias 23 e 30 de outubro foram realizadas 32 Bancas de TCC com as mais variadas tem\u00e1ticas relacionadas ao Servi\u00e7o Social. &nbsp; De acordo com o Prof. Peterson Marino, Coordenador de TCC, &#8220;as produ\u00e7\u00f5es representam toda a caminhada de forma\u00e7\u00e3o dos alunos, seja em sala de aula, no est\u00e1gio ou nas experi\u00eancias em&nbsp;&hellip;<\/p>\n","protected":false},"author":897,"featured_media":0,"parent":0,"menu_order":0,"comment_status":"closed","ping_status":"closed","template":"","meta":[],"_links":{"self":[{"href":"https:\/\/www2.uepg.br\/deservi\/wp-json\/wp\/v2\/pages\/520"}],"collection":[{"href":"https:\/\/www2.uepg.br\/deservi\/wp-json\/wp\/v2\/pages"}],"about":[{"href":"https:\/\/www2.uepg.br\/deservi\/wp-json\/wp\/v2\/types\/page"}],"author":[{"embeddable":true,"href":"https:\/\/www2.uepg.br\/deservi\/wp-json\/wp\/v2\/users\/897"}],"replies":[{"embeddable":true,"href":"https:\/\/www2.uepg.br\/deservi\/wp-json\/wp\/v2\/comments?post=520"}],"version-history":[{"count":15,"href":"https:\/\/www2.uepg.br\/deservi\/wp-json\/wp\/v2\/pages\/520\/revisions"}],"predecessor-version":[{"id":536,"href":"https:\/\/www2.uepg.br\/deservi\/wp-json\/wp\/v2\/pages\/520\/revisions\/536"}],"wp:attachment":[{"href":"https:\/\/www2.uepg.br\/deservi\/wp-json\/wp\/v2\/media?parent=520"}],"curies":[{"name":"wp","href":"https:\/\/api.w.org\/{rel}","templated":true}]}}