{"id":131,"date":"2023-09-18T08:48:59","date_gmt":"2023-09-18T11:48:59","guid":{"rendered":"https:\/\/www2.uepg.br\/desp\/?page_id=131"},"modified":"2024-10-29T15:30:22","modified_gmt":"2024-10-29T18:30:22","slug":"historico","status":"publish","type":"page","link":"https:\/\/www2.uepg.br\/desp\/historico\/","title":{"rendered":"Hist\u00f3rico"},"content":{"rendered":"<p style=\"text-align: center\">Hist\u00f3rico do Departamento de Sa\u00fade P\u00fablica<\/p>\n<h1><strong><b>1 &#8211; <\/b><\/strong><strong><b>DEPARTAMENTO DE SA\u00daDE P\u00daBLICA- DESP.<\/b><\/strong><\/h1>\n<p>&nbsp;<\/p>\n<p><strong><b>RESOLU\u00c7\u00c3O UNIV &#8211; N\u00ba 2022. de 07\/04\/2022 &#8211; Art. 2. <\/b><\/strong>Fica aprovada a altera\u00e7\u00e3o do nome do Departamento de Enfermagem e Sa\u00fade P\u00fablica para Departamento de Sa\u00fade P\u00fablica \u2013 DESP, vinculado ao Setor de Ci\u00eancias Biol\u00f3gicas e da Sa\u00fade da Universidade Estadual de Ponta Grossa.<\/p>\n<p>Segundo a <strong><b>ORDEM DE SERVI\u00c7O N\u00ba 2022.1044134 &#8211; PROPLAN<\/b><\/strong><strong><b>, <\/b><\/strong>em 05 de julho de 2022. &#8230;RESOLVE: Art. 1\u00ba Destinar os seguintes espa\u00e7os para o Departamento de Sa\u00fade P\u00fablica &#8211; DESP, totalizando 456,52m2 : I &#8211; Laborat\u00f3rio de Recursos H\u00eddricos, com \u00e1rea total de 292,58m2 ; II &#8211; Sala M72 do 2\u00ba pavimento do bloco M, com \u00e1rea de 39,46m2 ; III &#8211; Sala M74A do 2\u00ba pavimento do bloco M, com \u00e1rea de 49,57m2 ; IV &#8211; Sala M74B do 2\u00ba pavimento do bloco M, com \u00e1rea de 38,81m2 ; V &#8211; Sala M114 do 3\u00ba pavimento do bloco M, com \u00e1rea de 36,10m2.<\/p>\n<p>&nbsp;<\/p>\n<p><strong><b>2 &#8211; LABORAT\u00d3RIOS<\/b><\/strong><\/p>\n<p><strong><b>\u00a0<\/b><\/strong><\/p>\n<p><strong><b>2.1 &#8211; <\/b><\/strong><strong><b>Pesquisa e Ensino.<\/b><\/strong><\/p>\n<p><strong><b>Laborat\u00f3rio de Sa\u00fade ambiental M<\/b><\/strong><strong><b>&#8211;<\/b><\/strong><strong><b>74<\/b><\/strong><strong><b>\u00a0<\/b><\/strong><strong><b>A e M<\/b><\/strong><strong><b>&#8211;<\/b><\/strong><strong><b>74<\/b><\/strong><strong><b>\u00a0<\/b><\/strong><strong><b>B<\/b><\/strong><strong><b>\u00a0<\/b><\/strong>Utilizado para \u00a0Ensino, Pesquisa e Extens\u00e3o.<\/p>\n<p><strong><b>2.2 &#8211; Call Center &#8211; <\/b><\/strong><strong><b>Sala M72<\/b><\/strong><strong><b>\u00a0<\/b><\/strong>Utilizado temporariamente para alocar o call center com objetivo de\u00a0coletar\u00a0dados na pesquisa \u00a0intitulada &#8220;Pandemia da Covid-19: caracter\u00edsticas e respostas do Sistema \u00danico de Sa\u00fade e vigil\u00e2ncia da Covid-Longa em munic\u00edpio de m\u00e9dio porte&#8221;.<\/p>\n<p><strong><b>2.3 &#8211; LPRH &#8211; Laborat\u00f3rio de Pesquisas em Recursos H\u00eddricos<\/b><\/strong>\u00a0&#8211; localizado no pr\u00e9dio externo ao bloco M: Realiza presta\u00e7\u00e3o de servi\u00e7os em an\u00e1lise de \u00e1gua para a pr\u00f3pria Institui\u00e7\u00e3o,\u00a0hospitais, farm\u00e1cias, servi\u00e7os de sa\u00fade privados ou p\u00fablicos. Efetua\u00a0an\u00e1lises\u00a0bacteriol\u00f3gicas\u00a0e\u00a0f\u00edsico-qu\u00edmicas\u00a0das\u00a0amostras\u00a0recebidas, com\u00a0emiss\u00e3o \u00a0de\u00a0laudos\u00a0de qualidade.<\/p>\n<p>&nbsp;<\/p>\n","protected":false},"excerpt":{"rendered":"<p>Hist\u00f3rico do Departamento de Sa\u00fade P\u00fablica 1 &#8211; DEPARTAMENTO DE SA\u00daDE P\u00daBLICA- DESP. &nbsp; RESOLU\u00c7\u00c3O UNIV &#8211; N\u00ba 2022. de 07\/04\/2022 &#8211; Art. 2. Fica aprovada a altera\u00e7\u00e3o do nome do Departamento de Enfermagem e Sa\u00fade P\u00fablica para Departamento de Sa\u00fade P\u00fablica \u2013 DESP, vinculado ao Setor de Ci\u00eancias Biol\u00f3gicas e da Sa\u00fade da Universidade&nbsp;&hellip;<\/p>\n","protected":false},"author":661,"featured_media":0,"parent":0,"menu_order":0,"comment_status":"closed","ping_status":"closed","template":"","meta":[],"_links":{"self":[{"href":"https:\/\/www2.uepg.br\/desp\/wp-json\/wp\/v2\/pages\/131"}],"collection":[{"href":"https:\/\/www2.uepg.br\/desp\/wp-json\/wp\/v2\/pages"}],"about":[{"href":"https:\/\/www2.uepg.br\/desp\/wp-json\/wp\/v2\/types\/page"}],"author":[{"embeddable":true,"href":"https:\/\/www2.uepg.br\/desp\/wp-json\/wp\/v2\/users\/661"}],"replies":[{"embeddable":true,"href":"https:\/\/www2.uepg.br\/desp\/wp-json\/wp\/v2\/comments?post=131"}],"version-history":[{"count":8,"href":"https:\/\/www2.uepg.br\/desp\/wp-json\/wp\/v2\/pages\/131\/revisions"}],"predecessor-version":[{"id":307,"href":"https:\/\/www2.uepg.br\/desp\/wp-json\/wp\/v2\/pages\/131\/revisions\/307"}],"wp:attachment":[{"href":"https:\/\/www2.uepg.br\/desp\/wp-json\/wp\/v2\/media?parent=131"}],"curies":[{"name":"wp","href":"https:\/\/api.w.org\/{rel}","templated":true}]}}