{"id":185,"date":"2023-09-18T10:44:50","date_gmt":"2023-09-18T13:44:50","guid":{"rendered":"https:\/\/www2.uepg.br\/desp\/?page_id=185"},"modified":"2024-10-29T15:19:50","modified_gmt":"2024-10-29T18:19:50","slug":"contato","status":"publish","type":"page","link":"https:\/\/www2.uepg.br\/desp\/contato\/","title":{"rendered":"Contato"},"content":{"rendered":"<div>\n<table border=\"0\" width=\"100%\" cellspacing=\"0\" cellpadding=\"0\">\n<tbody>\n<tr>\n<td align=\"center\">\n<h4>Erildo Vicente M\u00fcller &#8211; <a href=\"mailto:erildomuller@hotmail.com\">erildomuller@uepg.br<\/a><\/h4>\n<\/td>\n<\/tr>\n<tr>\n<td align=\"center\"><strong>Chefe do Departamento de Sa\u00fade P\u00fablica<\/strong><\/td>\n<\/tr>\n<\/tbody>\n<\/table>\n<\/div>\n<p>&nbsp;<\/p>\n<table border=\"0\" width=\"100%\" cellspacing=\"0\" cellpadding=\"0\">\n<tbody>\n<tr>\n<td align=\"center\">Endere\u00e7o: Av. Carlos Cavalcanti, 4748 &#8211; Uvaranas &#8211; Ponta Grossa &#8211; PR &#8211; CEP: 84.030-900<\/td>\n<\/tr>\n<tr>\n<td align=\"center\">Bloco M &#8211; Sala 114<\/td>\n<\/tr>\n<tr>\n<td align=\"center\">Telefone: (42) 3320-3350<\/td>\n<\/tr>\n<tr>\n<td align=\"center\">E-Mail:\u00a0<a href=\"mailto:defar@uepg.br\" target=\"_blank\" rel=\"noopener\">desp@uepg.br<\/a><\/td>\n<\/tr>\n<tr>\n<td align=\"center\">Hor\u00e1rio de Atendimento: 8:00 \u00e0s 12:00 &#8211; 13:00 \u00e0s 17:00<\/td>\n<\/tr>\n<\/tbody>\n<\/table>\n<p>&nbsp;<\/p>\n<p>&nbsp;<\/p>\n","protected":false},"excerpt":{"rendered":"<p>Erildo Vicente M\u00fcller &#8211; erildomuller@uepg.br Chefe do Departamento de Sa\u00fade P\u00fablica &nbsp; Endere\u00e7o: Av. Carlos Cavalcanti, 4748 &#8211; Uvaranas &#8211; Ponta Grossa &#8211; PR &#8211; CEP: 84.030-900 Bloco M &#8211; Sala 114 Telefone: (42) 3320-3350 E-Mail:\u00a0desp@uepg.br Hor\u00e1rio de Atendimento: 8:00 \u00e0s 12:00 &#8211; 13:00 \u00e0s 17:00 &nbsp; &nbsp;<\/p>\n","protected":false},"author":661,"featured_media":0,"parent":0,"menu_order":0,"comment_status":"closed","ping_status":"closed","template":"","meta":[],"_links":{"self":[{"href":"https:\/\/www2.uepg.br\/desp\/wp-json\/wp\/v2\/pages\/185"}],"collection":[{"href":"https:\/\/www2.uepg.br\/desp\/wp-json\/wp\/v2\/pages"}],"about":[{"href":"https:\/\/www2.uepg.br\/desp\/wp-json\/wp\/v2\/types\/page"}],"author":[{"embeddable":true,"href":"https:\/\/www2.uepg.br\/desp\/wp-json\/wp\/v2\/users\/661"}],"replies":[{"embeddable":true,"href":"https:\/\/www2.uepg.br\/desp\/wp-json\/wp\/v2\/comments?post=185"}],"version-history":[{"count":11,"href":"https:\/\/www2.uepg.br\/desp\/wp-json\/wp\/v2\/pages\/185\/revisions"}],"predecessor-version":[{"id":302,"href":"https:\/\/www2.uepg.br\/desp\/wp-json\/wp\/v2\/pages\/185\/revisions\/302"}],"wp:attachment":[{"href":"https:\/\/www2.uepg.br\/desp\/wp-json\/wp\/v2\/media?parent=185"}],"curies":[{"name":"wp","href":"https:\/\/api.w.org\/{rel}","templated":true}]}}