{"id":15,"date":"2019-11-20T10:49:08","date_gmt":"2019-11-20T13:49:08","guid":{"rendered":"http:\/\/www2.uepg.br\/dezoo\/?page_id=15"},"modified":"2026-02-24T14:51:15","modified_gmt":"2026-02-24T17:51:15","slug":"docentes","status":"publish","type":"page","link":"https:\/\/www2.uepg.br\/dezoo\/docentes\/","title":{"rendered":"Docentes"},"content":{"rendered":"<p>Prof<sup>a<\/sup>. Dr<sup>a<\/sup>. Adriana de Souza Martins <a href=\"http:\/\/www2.uepg.br\/dezoo\/wp-content\/uploads\/sites\/46\/2023\/10\/WhatsApp-Image-2023-10-03-at-14.13.16.jpeg\"><img loading=\"lazy\" class=\" wp-image-552 alignleft\" src=\"http:\/\/www2.uepg.br\/dezoo\/wp-content\/uploads\/sites\/46\/2023\/10\/WhatsApp-Image-2023-10-03-at-14.13.16.jpeg\" alt=\"\" width=\"160\" height=\"180\" \/><\/a><\/p>\n<p>\u00c1reas de Atua\u00e7\u00e3o: Bovinocultura de leite\/ Produ\u00e7\u00e3o de Ruminantes<\/p>\n<p>E-mail: dri261@yahoo.com.br<\/p>\n<p><a href=\"http:\/\/lattes.cnpq.br\/6959960829989681\">Lattes<\/a><\/p>\n<p>&nbsp;<\/p>\n<p><a href=\"http:\/\/www2.uepg.br\/dezoo\/wp-content\/uploads\/sites\/46\/2023\/10\/WhatsApp-Image-2023-10-03-at-14.13.58.jpeg\"><img loading=\"lazy\" class=\"alignleft wp-image-554\" src=\"http:\/\/www2.uepg.br\/dezoo\/wp-content\/uploads\/sites\/46\/2023\/10\/WhatsApp-Image-2023-10-03-at-14.13.58.jpeg\" alt=\"\" width=\"160\" height=\"181\" \/><\/a><\/p>\n<p>Prof<sup>a<\/sup>. Dr<sup>a<\/sup>. Cheila Roberta Lehnen<\/p>\n<p>\u00c1reas de Atua\u00e7\u00e3o: Suinocultura\/ Produ\u00e7\u00e3o de N\u00e3o-ruminantes<\/p>\n<p>E-mail:\u00a0cheilalehnen@gmail.com<\/p>\n<p><a href=\"http:\/\/lattes.cnpq.br\/6592450638931890\">Lattes\u00a0<\/a><\/p>\n<p>&nbsp;<\/p>\n<p><a href=\"http:\/\/www2.uepg.br\/dezoo\/wp-content\/uploads\/sites\/46\/2023\/10\/Imagem3.png\"><img loading=\"lazy\" class=\" wp-image-578 alignleft\" src=\"http:\/\/www2.uepg.br\/dezoo\/wp-content\/uploads\/sites\/46\/2023\/10\/Imagem3.png\" alt=\"\" width=\"160\" height=\"180\" \/><\/a>Prof<sup>a<\/sup>. Dr. \u00c9rik Janu\u00e1rio da Silva<\/p>\n<p>\u00c1reas de Atua\u00e7\u00e3o: \u00a0Economia e Administra\u00e7\u00e3o Rural e Gest\u00e3o do Agroneg\u00f3cio<\/p>\n<p>E-mail: eriksilva@uepg.br<\/p>\n<p><a href=\"https:\/\/lattes.cnpq.br\/5984197119916990\">Lattes\u00a0<\/a><\/p>\n<p>&nbsp;<\/p>\n<p><a href=\"http:\/\/www2.uepg.br\/dezoo\/wp-content\/uploads\/sites\/46\/2023\/10\/WhatsApp-Image-2023-10-03-at-14.14.11.jpeg\"><img loading=\"lazy\" class=\" wp-image-555 alignleft\" src=\"http:\/\/www2.uepg.br\/dezoo\/wp-content\/uploads\/sites\/46\/2023\/10\/WhatsApp-Image-2023-10-03-at-14.14.11.jpeg\" alt=\"\" width=\"160\" height=\"181\" \/><\/a><\/p>\n<p>Prof. Dr. Jo\u00e3o Ricardo Alves Pereira<\/p>\n<p>\u00c1reas de Atua\u00e7\u00e3o: Conserva\u00e7\u00e3o de forragens\/ Nutri\u00e7\u00e3o de Ruminantes\/ Empreendedorismo<\/p>\n<p>E-mail: jricardopereirauepg@gmail.com<\/p>\n<p><a href=\"http:\/\/lattes.cnpq.br\/1680894414545335\">Latte<\/a><\/p>\n<p>&nbsp;<\/p>\n<p>Prof. Dr. Juliano Issakowicz<a href=\"http:\/\/www2.uepg.br\/dezoo\/wp-content\/uploads\/sites\/46\/2023\/10\/WhatsApp-Image-2023-10-03-at-14.14.20.jpeg\"><img loading=\"lazy\" class=\" wp-image-556 alignleft\" src=\"http:\/\/www2.uepg.br\/dezoo\/wp-content\/uploads\/sites\/46\/2023\/10\/WhatsApp-Image-2023-10-03-at-14.14.20.jpeg\" alt=\"\" width=\"160\" height=\"180\" \/><\/a><\/p>\n<p>\u00c1reas de Atua\u00e7\u00e3o: Produ\u00e7\u00e3o de ruminantes<\/p>\n<p>E-mail: julianoissakowicz@gmail.com<\/p>\n<p><a href=\"http:\/\/lattes.cnpq.br\/8504386157980011\">Lattes<\/a><\/p>\n<p>&nbsp;<\/p>\n<p><a href=\"http:\/\/www2.uepg.br\/dezoo\/wp-content\/uploads\/sites\/46\/2023\/10\/WhatsApp-Image-2023-10-03-at-14.14.26.jpeg\"><img loading=\"lazy\" class=\" wp-image-557 alignleft\" src=\"http:\/\/www2.uepg.br\/dezoo\/wp-content\/uploads\/sites\/46\/2023\/10\/WhatsApp-Image-2023-10-03-at-14.14.26.jpeg\" alt=\"\" width=\"160\" height=\"181\" \/><\/a>Prof<sup>a<\/sup>. Dr<sup>a<\/sup>. Luciana da Silva Leal Karolewski<\/p>\n<p>\u00c1reas de Atua\u00e7\u00e3o: Reprodu\u00e7\u00e3o\/ Produ\u00e7\u00e3o animal<\/p>\n<p>E-mail:\u00a0lsleal@uepg.br<\/p>\n<p><a href=\"http:\/\/lattes.cnpq.br\/3756688750023437\">Lattes<\/a><\/p>\n<p>&nbsp;<\/p>\n<p style=\"text-align: left\"><a href=\"http:\/\/www2.uepg.br\/dezoo\/wp-content\/uploads\/sites\/46\/2023\/10\/WhatsApp-Image-2023-10-03-at-14.14.39.jpeg\"><img loading=\"lazy\" class=\" wp-image-558 alignleft\" src=\"http:\/\/www2.uepg.br\/dezoo\/wp-content\/uploads\/sites\/46\/2023\/10\/WhatsApp-Image-2023-10-03-at-14.14.39.jpeg\" alt=\"\" width=\"161\" height=\"181\" \/><\/a>Prof<sup>a<\/sup>. Dr<sup>a<\/sup>. Maria Marta Loddi<\/p>\n<p style=\"text-align: left\">\u00c1reas de Atua\u00e7\u00e3o: Avicultura\/ Nutri\u00e7\u00e3o e Produ\u00e7\u00e3o de N\u00e3o-ruminantes<\/p>\n<p style=\"text-align: left\">E-mail: loddimm@yahoo.com.br<\/p>\n<p style=\"text-align: left\"><a href=\"http:\/\/lattes.cnpq.br\/8971294743296881\">Lattes\u00a0<\/a><\/p>\n<p>&nbsp;<\/p>\n<p><a href=\"http:\/\/www2.uepg.br\/dezoo\/wp-content\/uploads\/sites\/46\/2023\/10\/WhatsApp-Image-2023-10-03-at-14.14.44.jpeg\"><img loading=\"lazy\" class=\" wp-image-559 alignleft\" src=\"http:\/\/www2.uepg.br\/dezoo\/wp-content\/uploads\/sites\/46\/2023\/10\/WhatsApp-Image-2023-10-03-at-14.14.44.jpeg\" alt=\"\" width=\"161\" height=\"181\" \/><\/a>Prof<sup>a<\/sup>. Dr<sup>a<\/sup>. Raquel Abdallah da Rocha Oliveira<\/p>\n<p>\u00c1reas de Atua\u00e7\u00e3o: Parasitologia\/ Produ\u00e7\u00e3o Animal<\/p>\n<p>E-mail:\u00a0raroliveira@uepg.br<\/p>\n<p><a href=\"http:\/\/lattes.cnpq.br\/6152301257739977\">Lattes<\/a><\/p>\n<p>&nbsp;<\/p>\n<p>Prof<sup>a<\/sup>. Dr<sup>a<\/sup>. Rha\u00edssa Garcia de Assis<a href=\"http:\/\/www2.uepg.br\/dezoo\/wp-content\/uploads\/sites\/46\/2023\/10\/WhatsApp-Image-2023-10-03-at-14.14.49.jpeg\"><img loading=\"lazy\" class=\" wp-image-565 alignleft\" src=\"http:\/\/www2.uepg.br\/dezoo\/wp-content\/uploads\/sites\/46\/2023\/10\/WhatsApp-Image-2023-10-03-at-14.14.49.jpeg\" alt=\"\" width=\"160\" height=\"180\" \/><\/a><\/p>\n<p>\u00c1reas de Atua\u00e7\u00e3o: Zootecnia Geral<\/p>\n<p>E-mail: <b>:\u00a0<\/b>rhaissa.garciaassis@uepg.br<\/p>\n<p><a href=\"http:\/\/lattes.cnpq.br\/1316617850878922\">Lattes<\/a><\/p>\n<p>&nbsp;<\/p>\n<p>Prof<sup>a<\/sup>. Dr<sup>a<\/sup>. Val\u00e9ria Rossetto Barrivie<a href=\"http:\/\/www2.uepg.br\/dezoo\/wp-content\/uploads\/sites\/46\/2023\/10\/WhatsApp-Image-2023-10-03-at-14.14.58.jpeg\"><img loading=\"lazy\" class=\" wp-image-560 alignleft\" src=\"http:\/\/www2.uepg.br\/dezoo\/wp-content\/uploads\/sites\/46\/2023\/10\/WhatsApp-Image-2023-10-03-at-14.14.58.jpeg\" alt=\"\" width=\"161\" height=\"181\" \/><\/a>ra<\/p>\n<p>\u00c1rea de Atua\u00e7\u00e3o:\u00a0Produ\u00e7\u00e3o de organismos aqu\u00e1ticos<\/p>\n<p>E-mail:\u00a0vrbfuruya@uepg.br<\/p>\n<p><a href=\"http:\/\/lattes.cnpq.br\/0864622140088580\">Lattes<\/a><\/p>\n<p>&nbsp;<\/p>\n<p><a href=\"http:\/\/www2.uepg.br\/dezoo\/wp-content\/uploads\/sites\/46\/2023\/10\/WhatsApp-Image-2023-10-03-at-14.15.04.jpeg\"><img loading=\"lazy\" class=\" wp-image-562 alignleft\" src=\"http:\/\/www2.uepg.br\/dezoo\/wp-content\/uploads\/sites\/46\/2023\/10\/WhatsApp-Image-2023-10-03-at-14.15.04.jpeg\" alt=\"\" width=\"161\" height=\"181\" \/><\/a>Prof<sup>a<\/sup>. Dr<sup>a<\/sup>. Ver\u00f4nica Oliveira Vianna<\/p>\n<p>\u00c1rea de Atua\u00e7\u00e3o: Produ\u00e7\u00e3o\/ Conserva\u00e7\u00e3o de fauna silvestre e meio ambiente<\/p>\n<p>E-mail: vovianna@uepg.br<\/p>\n<p><a href=\"http:\/\/lattes.cnpq.br\/5696919986699916\">Lattes<\/a><\/p>\n<p>&nbsp;<\/p>\n<p><a href=\"http:\/\/www2.uepg.br\/dezoo\/wp-content\/uploads\/sites\/46\/2023\/10\/WhatsApp-Image-2023-10-03-at-14.15.08.jpeg\"><img loading=\"lazy\" class=\" wp-image-561 alignleft\" src=\"http:\/\/www2.uepg.br\/dezoo\/wp-content\/uploads\/sites\/46\/2023\/10\/WhatsApp-Image-2023-10-03-at-14.15.08.jpeg\" alt=\"\" width=\"161\" height=\"181\" \/><\/a><\/p>\n<p>Prof. Dr. Wilson Massamitu Furuya<\/p>\n<p>\u00c1rea de\u00a0Atua\u00e7\u00e3o: Nutri\u00e7\u00e3o de peixes<\/p>\n<p>E-mail: wmfuruya@uepg.br<\/p>\n<p><a href=\"http:\/\/lattes.cnpq.br\/5043541966109135\">Lattes<\/a><\/p>\n","protected":false},"excerpt":{"rendered":"<p>Profa. Dra. Adriana de Souza Martins \u00c1reas de Atua\u00e7\u00e3o: Bovinocultura de leite\/ Produ\u00e7\u00e3o de Ruminantes E-mail: dri261@yahoo.com.br Lattes &nbsp; Profa. Dra. Cheila Roberta Lehnen \u00c1reas de Atua\u00e7\u00e3o: Suinocultura\/ Produ\u00e7\u00e3o de N\u00e3o-ruminantes E-mail:\u00a0cheilalehnen@gmail.com Lattes\u00a0 &nbsp; Profa. Dr. \u00c9rik Janu\u00e1rio da Silva \u00c1reas de Atua\u00e7\u00e3o: \u00a0Economia e Administra\u00e7\u00e3o Rural e Gest\u00e3o do Agroneg\u00f3cio E-mail: eriksilva@uepg.br Lattes\u00a0 &nbsp;&nbsp;&hellip;<\/p>\n","protected":false},"author":24,"featured_media":0,"parent":0,"menu_order":0,"comment_status":"closed","ping_status":"closed","template":"","meta":[],"_links":{"self":[{"href":"https:\/\/www2.uepg.br\/dezoo\/wp-json\/wp\/v2\/pages\/15"}],"collection":[{"href":"https:\/\/www2.uepg.br\/dezoo\/wp-json\/wp\/v2\/pages"}],"about":[{"href":"https:\/\/www2.uepg.br\/dezoo\/wp-json\/wp\/v2\/types\/page"}],"author":[{"embeddable":true,"href":"https:\/\/www2.uepg.br\/dezoo\/wp-json\/wp\/v2\/users\/24"}],"replies":[{"embeddable":true,"href":"https:\/\/www2.uepg.br\/dezoo\/wp-json\/wp\/v2\/comments?post=15"}],"version-history":[{"count":22,"href":"https:\/\/www2.uepg.br\/dezoo\/wp-json\/wp\/v2\/pages\/15\/revisions"}],"predecessor-version":[{"id":599,"href":"https:\/\/www2.uepg.br\/dezoo\/wp-json\/wp\/v2\/pages\/15\/revisions\/599"}],"wp:attachment":[{"href":"https:\/\/www2.uepg.br\/dezoo\/wp-json\/wp\/v2\/media?parent=15"}],"curies":[{"name":"wp","href":"https:\/\/api.w.org\/{rel}","templated":true}]}}