{"id":262,"date":"2020-06-19T15:50:21","date_gmt":"2020-06-19T18:50:21","guid":{"rendered":"http:\/\/www2.uepg.br\/dezoo\/?page_id=262"},"modified":"2020-07-24T14:17:23","modified_gmt":"2020-07-24T17:17:23","slug":"cmetl","status":"publish","type":"page","link":"https:\/\/www2.uepg.br\/dezoo\/cmetl\/","title":{"rendered":"Centro Mesorregional de Excel\u00eancia em Tecnologia do Leite"},"content":{"rendered":"<p><strong><a href=\"http:\/\/www2.uepg.br\/dezoo\/cmetl\/logo8\/\" rel=\"attachment wp-att-291\"><img loading=\"lazy\" class=\"aligncenter wp-image-291 \" src=\"http:\/\/www2.uepg.br\/dezoo\/wp-content\/uploads\/sites\/46\/2020\/07\/logo8-300x99.png\" alt=\"\" width=\"345\" height=\"114\" srcset=\"https:\/\/www2.uepg.br\/dezoo\/wp-content\/uploads\/sites\/46\/2020\/07\/logo8-300x99.png 300w, https:\/\/www2.uepg.br\/dezoo\/wp-content\/uploads\/sites\/46\/2020\/07\/logo8-768x252.png 768w, https:\/\/www2.uepg.br\/dezoo\/wp-content\/uploads\/sites\/46\/2020\/07\/logo8.png 1008w\" sizes=\"(max-width: 345px) 100vw, 345px\" \/><\/a><\/strong><\/p>\n<p>&nbsp;<\/p>\n<p><strong>Centro Mesorregional de Excel\u00eancia em Tecnologia do Leite \u2013 CMETL<\/strong><a href=\"http:\/\/www2.uepg.br\/dezoo\/wp-content\/uploads\/sites\/46\/2020\/07\/DSC2459-scaled.jpg\" rel=\"attachment wp-att-290\"><img loading=\"lazy\" class=\"alignright wp-image-290 size-medium\" src=\"http:\/\/www2.uepg.br\/dezoo\/wp-content\/uploads\/sites\/46\/2020\/07\/DSC2459-300x200.jpg\" alt=\"CMETL\" width=\"300\" height=\"200\" srcset=\"https:\/\/www2.uepg.br\/dezoo\/wp-content\/uploads\/sites\/46\/2020\/07\/DSC2459-300x200.jpg 300w, https:\/\/www2.uepg.br\/dezoo\/wp-content\/uploads\/sites\/46\/2020\/07\/DSC2459-1024x683.jpg 1024w, https:\/\/www2.uepg.br\/dezoo\/wp-content\/uploads\/sites\/46\/2020\/07\/DSC2459-768x512.jpg 768w, https:\/\/www2.uepg.br\/dezoo\/wp-content\/uploads\/sites\/46\/2020\/07\/DSC2459-1536x1024.jpg 1536w, https:\/\/www2.uepg.br\/dezoo\/wp-content\/uploads\/sites\/46\/2020\/07\/DSC2459-2048x1365.jpg 2048w, https:\/\/www2.uepg.br\/dezoo\/wp-content\/uploads\/sites\/46\/2020\/07\/DSC2459-1232x821.jpg 1232w, https:\/\/www2.uepg.br\/dezoo\/wp-content\/uploads\/sites\/46\/2020\/07\/DSC2459-1620x1080.jpg 1620w\" sizes=\"(max-width: 300px) 100vw, 300px\" \/><\/a><\/p>\n<p>O CMETL constitui um programa de apoio \u00e0 pecu\u00e1ria leiteira implantado a partir do conv\u00eanio firmado entre a FINEP (Funda\u00e7\u00e3o de Estudos e Projetos \u2013 Minist\u00e9rio da Ci\u00eancia e Tecnologia), SETI (Superintend\u00eancia de Ci\u00eancia, Tecnologia e Ensino Superior do Paran\u00e1) e Funda\u00e7\u00e3o Arauc\u00e1ria. No Paran\u00e1 existem seis Centros mesorregionais e UEPG est\u00e1 vinculado ao Setor de Ci\u00eancias Agr\u00e1rias e de Tecnologia\/SCATE e coordenado por docentes dos cursos de Agronomia, Engenharia de Alimentos e Zootecnia.<\/p>\n<p>&nbsp;<\/p>\n<p><a href=\"http:\/\/www2.uepg.br\/dezoo\/cmetl\/centro-de-leite\/\" rel=\"attachment wp-att-293\"><img loading=\"lazy\" class=\"alignright wp-image-293 size-medium\" src=\"http:\/\/www2.uepg.br\/dezoo\/wp-content\/uploads\/sites\/46\/2020\/07\/CENTRO-DE-LEITE-300x230.jpg\" alt=\"Pr\u00e9dio\" width=\"300\" height=\"230\" srcset=\"https:\/\/www2.uepg.br\/dezoo\/wp-content\/uploads\/sites\/46\/2020\/07\/CENTRO-DE-LEITE-300x230.jpg 300w, https:\/\/www2.uepg.br\/dezoo\/wp-content\/uploads\/sites\/46\/2020\/07\/CENTRO-DE-LEITE-1024x786.jpg 1024w, https:\/\/www2.uepg.br\/dezoo\/wp-content\/uploads\/sites\/46\/2020\/07\/CENTRO-DE-LEITE-768x590.jpg 768w, https:\/\/www2.uepg.br\/dezoo\/wp-content\/uploads\/sites\/46\/2020\/07\/CENTRO-DE-LEITE-1536x1179.jpg 1536w, https:\/\/www2.uepg.br\/dezoo\/wp-content\/uploads\/sites\/46\/2020\/07\/CENTRO-DE-LEITE-2048x1572.jpg 2048w, https:\/\/www2.uepg.br\/dezoo\/wp-content\/uploads\/sites\/46\/2020\/07\/CENTRO-DE-LEITE-1232x946.jpg 1232w, https:\/\/www2.uepg.br\/dezoo\/wp-content\/uploads\/sites\/46\/2020\/07\/CENTRO-DE-LEITE-1407x1080.jpg 1407w\" sizes=\"(max-width: 300px) 100vw, 300px\" \/><\/a><\/p>\n<p><strong>Objetivos:<\/strong> articular a\u00e7\u00f5es relacionadas \u00e0s demandas da cadeia produtiva do leite, estabelecer diretrizes de gest\u00e3o de conhecimento cient\u00edfico e tecnol\u00f3gico junto \u00e0 ag\u00eancias p\u00fablicas e privadas, difundir tecnologias para produtores, t\u00e9cnicos e profissionais da \u00e1rea por meio de cursos de capacita\u00e7\u00e3o e eventos cient\u00edficos, desenvolver projetos de pesquisa junto \u00e0s institui\u00e7\u00f5es envolvidas, promovendo a integra\u00e7\u00e3o interistitucional e intersetorial.<\/p>\n<p>&nbsp;<\/p>\n<ol>\n<li><strong>Laborat\u00f3rio de an\u00e1lises f\u00edsico-qu\u00edmicas do leite:<\/strong><\/li>\n<\/ol>\n<p>Neste laborat\u00f3rio s\u00e3o realizadas aulas pr\u00e1ticas para acad\u00eamicos de gradua\u00e7\u00e3o e de p\u00f3s-gradua\u00e7\u00e3o, al\u00e9m de atender \u00e0 demanda de projetos de pesquisa de Inicia\u00e7\u00e3o Cient\u00edfica e de mestrado e doutorado.<\/p>\n<p>Neste laborat\u00f3rio s\u00e3o realizadas as seguintes an\u00e1lises:<\/p>\n<p>&#8211; % de prote\u00edna, % gordura, % lactose, s\u00f3lidos totais<\/p>\n<p>-pH do leite<\/p>\n<p>-Acidez titul\u00e1vel do leite<\/p>\n<p>-Prova do alizarol<\/p>\n<p>&#8211; An\u00e1lise do \u00edndice criosc\u00f3pico do leite<\/p>\n<p>&#8211; An\u00e1lise de contagem de c\u00e9lulas som\u00e1ticas do leite (CCS)<\/p>\n<p>-An\u00e1lise da densidade do leite<\/p>\n<p>&nbsp;<\/p>\n<ol start=\"2\">\n<li><strong> Laborat\u00f3rio de an\u00e1lises microbiol\u00f3gicas do leite<\/strong><\/li>\n<\/ol>\n<p>Este laborat\u00f3rio atende as disciplinas dos cursos de gradua\u00e7\u00e3o e de p\u00f3s-gradua\u00e7\u00e3o e tamb\u00e9m apresenta uma estrutura para a realiza\u00e7\u00e3o de projetos de Inicia\u00e7\u00e3o Cient\u00edfica e de mestrado e doutorado.<\/p>\n<p><a href=\"http:\/\/www2.uepg.br\/dezoo\/cmetl\/lab-cmetl-ok1okok\/\" rel=\"attachment wp-att-294\"><img loading=\"lazy\" class=\"alignright wp-image-294 size-medium\" src=\"http:\/\/www2.uepg.br\/dezoo\/wp-content\/uploads\/sites\/46\/2020\/07\/LAB-CMETL-OK1okok-300x244.jpeg\" alt=\"\" width=\"300\" height=\"244\" srcset=\"https:\/\/www2.uepg.br\/dezoo\/wp-content\/uploads\/sites\/46\/2020\/07\/LAB-CMETL-OK1okok-300x244.jpeg 300w, https:\/\/www2.uepg.br\/dezoo\/wp-content\/uploads\/sites\/46\/2020\/07\/LAB-CMETL-OK1okok-768x625.jpeg 768w, https:\/\/www2.uepg.br\/dezoo\/wp-content\/uploads\/sites\/46\/2020\/07\/LAB-CMETL-OK1okok.jpeg 927w\" sizes=\"(max-width: 300px) 100vw, 300px\" \/><\/a> <a href=\"http:\/\/www2.uepg.br\/dezoo\/cmetl\/lab-cmetl-ok2\/\" rel=\"attachment wp-att-295\"><img loading=\"lazy\" class=\"alignright wp-image-295 size-medium\" src=\"http:\/\/www2.uepg.br\/dezoo\/wp-content\/uploads\/sites\/46\/2020\/07\/LAB-CMETL-OK2-e1595610792528-263x300.jpeg\" alt=\"\" width=\"263\" height=\"300\" srcset=\"https:\/\/www2.uepg.br\/dezoo\/wp-content\/uploads\/sites\/46\/2020\/07\/LAB-CMETL-OK2-e1595610792528-263x300.jpeg 263w, https:\/\/www2.uepg.br\/dezoo\/wp-content\/uploads\/sites\/46\/2020\/07\/LAB-CMETL-OK2-e1595610792528-768x878.jpeg 768w, https:\/\/www2.uepg.br\/dezoo\/wp-content\/uploads\/sites\/46\/2020\/07\/LAB-CMETL-OK2-e1595610792528.jpeg 861w\" sizes=\"(max-width: 263px) 100vw, 263px\" \/><\/a><\/p>\n<p>&nbsp;<\/p>\n","protected":false},"excerpt":{"rendered":"<p>&nbsp; Centro Mesorregional de Excel\u00eancia em Tecnologia do Leite \u2013 CMETL O CMETL constitui um programa de apoio \u00e0 pecu\u00e1ria leiteira implantado a partir do conv\u00eanio firmado entre a FINEP (Funda\u00e7\u00e3o de Estudos e Projetos \u2013 Minist\u00e9rio da Ci\u00eancia e Tecnologia), SETI (Superintend\u00eancia de Ci\u00eancia, Tecnologia e Ensino Superior do Paran\u00e1) e Funda\u00e7\u00e3o Arauc\u00e1ria. No&nbsp;&hellip;<\/p>\n","protected":false},"author":24,"featured_media":0,"parent":0,"menu_order":0,"comment_status":"closed","ping_status":"closed","template":"","meta":[],"_links":{"self":[{"href":"https:\/\/www2.uepg.br\/dezoo\/wp-json\/wp\/v2\/pages\/262"}],"collection":[{"href":"https:\/\/www2.uepg.br\/dezoo\/wp-json\/wp\/v2\/pages"}],"about":[{"href":"https:\/\/www2.uepg.br\/dezoo\/wp-json\/wp\/v2\/types\/page"}],"author":[{"embeddable":true,"href":"https:\/\/www2.uepg.br\/dezoo\/wp-json\/wp\/v2\/users\/24"}],"replies":[{"embeddable":true,"href":"https:\/\/www2.uepg.br\/dezoo\/wp-json\/wp\/v2\/comments?post=262"}],"version-history":[{"count":6,"href":"https:\/\/www2.uepg.br\/dezoo\/wp-json\/wp\/v2\/pages\/262\/revisions"}],"predecessor-version":[{"id":298,"href":"https:\/\/www2.uepg.br\/dezoo\/wp-json\/wp\/v2\/pages\/262\/revisions\/298"}],"wp:attachment":[{"href":"https:\/\/www2.uepg.br\/dezoo\/wp-json\/wp\/v2\/media?parent=262"}],"curies":[{"name":"wp","href":"https:\/\/api.w.org\/{rel}","templated":true}]}}