{"id":326,"date":"2018-10-10T18:09:36","date_gmt":"2018-10-10T18:09:36","guid":{"rendered":"http:\/\/www2.uepg.br\/dicion\/?page_id=326"},"modified":"2022-05-03T17:16:30","modified_gmt":"2022-05-03T17:16:30","slug":"os-campos-gerais-do-parana","status":"publish","type":"page","link":"https:\/\/www2.uepg.br\/dicion\/os-campos-gerais-do-parana\/","title":{"rendered":"OS CAMPOS GERAIS DO PARAN\u00c1"},"content":{"rendered":"<div id=\"os-campos-gerais\" style=\"text-align: center;\"><strong>OS CAMPOS GERAIS DO PARAN\u00c1<\/strong><\/div>\n<div><\/div>\n<p>&nbsp;<\/p>\n<p class=\"texto\" style=\"text-align: left;\">A regi\u00e3o denominada Campos Gerais do Paran\u00e1, abrangida neste dicion\u00e1rio, n\u00e3o tem uma defini\u00e7\u00e3o \u00fanica e permanente. Ao contr\u00e1rio, esta defini\u00e7\u00e3o tem sido modificada atendendo a necessidades e conveni\u00eancias de uma identifica\u00e7\u00e3o regional dentro de um estado com marcante din\u00e2mica territorial nas \u00faltimas d\u00e9cadas.<\/p>\n<p class=\"texto\">A express\u00e3o &#8220;Campos Gerais do Paran\u00e1&#8221; foi consagrada por MAACK (1948), que a definiu como uma zona fitogeogr\u00e1fica natural, com campos limpos e matas galerias ou cap\u00f5es isolados de floresta ombr\u00f3fila mista, onde aparece o pinheiro arauc\u00e1ria. Nessa defini\u00e7\u00e3o, a regi\u00e3o \u00e9 ainda limitada \u00e0 \u00e1rea de ocorr\u00eancia desta vegeta\u00e7\u00e3o que a caracteriza situada sobre o\u00a0Segundo Planalto Paranaense, no reverso da Escarpa Devoniana, a qual o separa do Primeiro Planalto, situado a leste.<\/p>\n<p class=\"texto\" style=\"text-align: left;\"><span style=\"font-size: 1rem;\">Portanto, trata-se de uma defini\u00e7\u00e3o que integra crit\u00e9rios fitogeogr\u00e1ficos e geomorfol\u00f3gicos, que por sua vez exprimem a estrutura geol\u00f3gica e natureza das rochas, respons\u00e1veis pelos solos rasos e arenosos, pouco f\u00e9rteis, que favorecem a vegeta\u00e7\u00e3o de campos, e o aparecimento do limite natural representado pela Escarpa Devoniana, um degrau topogr\u00e1fico que em v\u00e1rios locais ultrapassa 300 metros de desn\u00edvel.<\/span><\/p>\n<div style=\"text-align: left;\" align=\"center\">\n<div align=\"justify\">\n<p class=\"texto\">Entretanto, a identidade hist\u00f3rica e cultural da regi\u00e3o dos Campos Gerais remonta ao s\u00e9culo XVIII, quando, gra\u00e7as aos ricos pastos naturais, abund\u00e2ncia de invernadas com boa \u00e1gua e relevo suave, foi rota do tropeirismo do sul do Brasil, com o deslocamento de tropas de muares e gado de abate provenientes do Rio Grande do Sul com destino aos mercados de S\u00e3o Paulo e Minas Gerais. Nessa \u00e9poca, os campos naturais da regi\u00e3o tornaram-se muito disputados, e a coroa portuguesa come\u00e7ou a expedir cartas de sesmarias em favor de homens a ela fi\u00e9is e de prest\u00edgio pol\u00edtico local. O ciclo do tropeirismo, que se estendeu ao in\u00edcio do s\u00e9culo XX, ainda hoje tem grande influ\u00eancia na cultura e costumes dos Campos Gerais do Paran\u00e1, cuja popula\u00e7\u00e3o preserva muitos h\u00e1bitos herdados dos tropeiros, em sua maioria de origem ga\u00facha.<\/p>\n<p class=\"texto\">Mais recentemente, outras defini\u00e7\u00f5es t\u00eam sido adotadas para os Campos Gerais, atendendo a objetivos e interesses diversos, resultando em delimita\u00e7\u00f5es tamb\u00e9m diferentes. Para a Associa\u00e7\u00e3o dos Munic\u00edpios dos Campos Gerais &#8211; AMCG, prevaleceram par\u00e2metros econ\u00f4micos e pol\u00edticos. Para a UEPG, prevalecem pondera\u00e7\u00f5es de identidade hist\u00f3rica e geogr\u00e1fica articuladas com a \u00e1rea de influ\u00eancia da Universidade.<\/p>\n<p class=\"texto\">Para o Dicion\u00e1rio Hist\u00f3rico dos Campos Gerais adotou-se uma defini\u00e7\u00e3o que n\u00e3o despreza as quest\u00f5es naturais do espa\u00e7o. Entretanto, privilegiam-se aqui os crit\u00e9rios hist\u00f3ricos de identidade regional.<\/p>\n<\/div>\n<\/div>\n<div style=\"text-align: left;\" align=\"center\"><strong>REFER\u00caNCIAS<\/strong><\/div>\n<div align=\"center\"><\/div>\n<div style=\"text-align: left;\" align=\"center\">MAACK, R. \u00a0<em>Notas preliminares sobre clima, solos e vegeta\u00e7\u00e3o do Estado do Paran\u00e1<\/em>. Curitiba, Arquivos de Biologia e Tecnologia,\u00a0v.II,\u00a01948, p. 102-200.<\/div>\n<div align=\"center\"><\/div>\n<div align=\"center\"><\/div>\n<div style=\"text-align: left;\" align=\"center\"><\/div>\n","protected":false},"excerpt":{"rendered":"<p>OS CAMPOS GERAIS DO PARAN\u00c1 &nbsp; A regi\u00e3o denominada Campos Gerais do Paran\u00e1, abrangida neste dicion\u00e1rio, n\u00e3o tem uma defini\u00e7\u00e3o \u00fanica e permanente. Ao contr\u00e1rio, esta defini\u00e7\u00e3o tem sido modificada atendendo a necessidades e conveni\u00eancias de uma identifica\u00e7\u00e3o regional dentro de um estado com marcante din\u00e2mica territorial nas \u00faltimas d\u00e9cadas. A express\u00e3o &#8220;Campos Gerais do&nbsp;&hellip;<\/p>\n","protected":false},"author":17,"featured_media":0,"parent":0,"menu_order":0,"comment_status":"closed","ping_status":"closed","template":"","meta":[],"_links":{"self":[{"href":"https:\/\/www2.uepg.br\/dicion\/wp-json\/wp\/v2\/pages\/326"}],"collection":[{"href":"https:\/\/www2.uepg.br\/dicion\/wp-json\/wp\/v2\/pages"}],"about":[{"href":"https:\/\/www2.uepg.br\/dicion\/wp-json\/wp\/v2\/types\/page"}],"author":[{"embeddable":true,"href":"https:\/\/www2.uepg.br\/dicion\/wp-json\/wp\/v2\/users\/17"}],"replies":[{"embeddable":true,"href":"https:\/\/www2.uepg.br\/dicion\/wp-json\/wp\/v2\/comments?post=326"}],"version-history":[{"count":34,"href":"https:\/\/www2.uepg.br\/dicion\/wp-json\/wp\/v2\/pages\/326\/revisions"}],"predecessor-version":[{"id":1171,"href":"https:\/\/www2.uepg.br\/dicion\/wp-json\/wp\/v2\/pages\/326\/revisions\/1171"}],"wp:attachment":[{"href":"https:\/\/www2.uepg.br\/dicion\/wp-json\/wp\/v2\/media?parent=326"}],"curies":[{"name":"wp","href":"https:\/\/api.w.org\/{rel}","templated":true}]}}