{"id":1678,"date":"2022-09-01T11:40:28","date_gmt":"2022-09-01T14:40:28","guid":{"rendered":"http:\/\/www2.uepg.br\/direito\/?page_id=1678"},"modified":"2022-09-01T11:47:01","modified_gmt":"2022-09-01T14:47:01","slug":"enade-2022","status":"publish","type":"page","link":"https:\/\/www2.uepg.br\/direito\/enade-2022\/","title":{"rendered":"ENADE 2022"},"content":{"rendered":"<div id=\"pl-1678\"  class=\"panel-layout\" ><div id=\"pg-1678-0\"  class=\"panel-grid panel-no-style\" ><div id=\"pgc-1678-0-0\"  class=\"panel-grid-cell\" ><div id=\"panel-1678-0-0-0\" class=\"so-panel widget widget_sow-accordion panel-first-child panel-last-child\" data-index=\"0\" ><div\n\t\t\t\n\t\t\tclass=\"so-widget-sow-accordion so-widget-sow-accordion-default-bb786459c5e7-1678\"\n\t\t\t\n\t\t><h3 class=\"widget-title\">INFORMA\u00c7\u00d5ES<\/h3><div>\n\t<div class=\"sow-accordion\">\n\t\t\t<div class=\"sow-accordion-panel\"\n\t\t\t data-anchor=\"o-que-%c3%a9\">\n\t\t\t\t<div class=\"sow-accordion-panel-header-container\" role=\"heading\" aria-level=\"2\">\n\t\t\t\t\t<div class=\"sow-accordion-panel-header\" tabindex=\"0\" role=\"button\" id=\"accordion-label-o-que-%c3%a9\" aria-controls=\"accordion-content-o-que-%c3%a9\" aria-expanded=\"false\">\n\t\t\t\t\t\t<div class=\"sow-accordion-title sow-accordion-title-icon-left\">\n\t\t\t\t\t\t\t\t\t\t\t\t\t\tO QUE \u00c9?\t\t\t\t\t\t\t\t\t\t\t\t\t<\/div>\n\t\t\t\t\t\t<div class=\"sow-accordion-open-close-button\">\n\t\t\t\t\t\t\t<div class=\"sow-accordion-open-button\">\n\t\t\t\t\t\t\t\t<span class=\"sow-icon-ionicons\" data-sow-icon=\"&#xf218;\"\n\t\t \n\t\taria-hidden=\"true\"><\/span>\t\t\t\t\t\t\t<\/div>\n\t\t\t\t\t\t\t<div class=\"sow-accordion-close-button\">\n\t\t\t\t\t\t\t\t<span class=\"sow-icon-ionicons\" data-sow-icon=\"&#xf209;\"\n\t\t \n\t\taria-hidden=\"true\"><\/span>\t\t\t\t\t\t\t<\/div>\n\t\t\t\t\t\t<\/div>\n\t\t\t\t\t<\/div>\n\t\t\t\t<\/div>\n\n\t\t\t<div\n\t\t\t\tclass=\"sow-accordion-panel-content\"\n\t\t\t\trole=\"region\"\n\t\t\t\taria-labelledby=\"accordion-label-o-que-%c3%a9\"\n\t\t\t\tid=\"accordion-content-o-que-%c3%a9\"\n\t\t\t\tstyle=\"display: none;\"\t\t\t>\n\t\t\t\t<div class=\"sow-accordion-panel-border\" tabindex=\"0\">\n\t\t\t\t\t<p>O Exame Nacional de Desempenho dos Estudantes (Enade) avalia o rendimento dos concluintes dos cursos de gradua\u00e7\u00e3o em rela\u00e7\u00e3o aos conte\u00fados program\u00e1ticos previstos nas diretrizes curriculares dos cursos, o desenvolvimento de compet\u00eancias e habilidades necess\u00e1rias ao aprofundamento da forma\u00e7\u00e3o geral e profissional, e o n\u00edvel de atualiza\u00e7\u00e3o dos estudantes com rela\u00e7\u00e3o \u00e0 realidade brasileira e mundial.<\/p>\n<p><span style=\"font-weight: 400;\">Aplicado pelo Inep desde 2004, o Enade integra o Sistema Nacional de Avalia\u00e7\u00e3o da Educa\u00e7\u00e3o Superior (Sinaes), composto tamb\u00e9m pela Avalia\u00e7\u00e3o de cursos de gradua\u00e7\u00e3o e pela Avalia\u00e7\u00e3o Institucional. Juntos eles formam o trip\u00e9 avaliativo que permite conhecer a qualidade dos cursos e institui\u00e7\u00f5es de educa\u00e7\u00e3o superior brasileira. Os resultados do Enade, aliados \u00e0s respostas do Question\u00e1rio do Estudante, s\u00e3o insumos para o c\u00e1lculo dos Indicadores de Qualidade da Educa\u00e7\u00e3o Superior.<\/span><\/p>\n\t\t\t\t<\/div>\n\t\t\t<\/div>\n\t\t<\/div>\n\t\t\t<div class=\"sow-accordion-panel\"\n\t\t\t data-anchor=\"quem-deve-se-inscrever\">\n\t\t\t\t<div class=\"sow-accordion-panel-header-container\" role=\"heading\" aria-level=\"2\">\n\t\t\t\t\t<div class=\"sow-accordion-panel-header\" tabindex=\"0\" role=\"button\" id=\"accordion-label-quem-deve-se-inscrever\" aria-controls=\"accordion-content-quem-deve-se-inscrever\" aria-expanded=\"false\">\n\t\t\t\t\t\t<div class=\"sow-accordion-title sow-accordion-title-icon-left\">\n\t\t\t\t\t\t\t\t\t\t\t\t\t\tQUEM DEVE SE INSCREVER?\t\t\t\t\t\t\t\t\t\t\t\t\t<\/div>\n\t\t\t\t\t\t<div class=\"sow-accordion-open-close-button\">\n\t\t\t\t\t\t\t<div class=\"sow-accordion-open-button\">\n\t\t\t\t\t\t\t\t<span class=\"sow-icon-ionicons\" data-sow-icon=\"&#xf218;\"\n\t\t \n\t\taria-hidden=\"true\"><\/span>\t\t\t\t\t\t\t<\/div>\n\t\t\t\t\t\t\t<div class=\"sow-accordion-close-button\">\n\t\t\t\t\t\t\t\t<span class=\"sow-icon-ionicons\" data-sow-icon=\"&#xf209;\"\n\t\t \n\t\taria-hidden=\"true\"><\/span>\t\t\t\t\t\t\t<\/div>\n\t\t\t\t\t\t<\/div>\n\t\t\t\t\t<\/div>\n\t\t\t\t<\/div>\n\n\t\t\t<div\n\t\t\t\tclass=\"sow-accordion-panel-content\"\n\t\t\t\trole=\"region\"\n\t\t\t\taria-labelledby=\"accordion-label-quem-deve-se-inscrever\"\n\t\t\t\tid=\"accordion-content-quem-deve-se-inscrever\"\n\t\t\t\tstyle=\"display: none;\"\t\t\t>\n\t\t\t\t<div class=\"sow-accordion-panel-border\" tabindex=\"0\">\n\t\t\t\t\t<p><span style=\"font-weight: 400;\">Estudantes ingressantes (2022) concluintes (formandos em 2022).<\/span><\/p>\n<p><span style=\"font-weight: 400;\">Estudantes ingressantes habilitados ao Enade 2022 s\u00e3o obrigatoriamente inscritos, por\u00e9m, ficam dispensados do preenchimento do Question\u00e1rio do Estudante, bem como da realiza\u00e7\u00e3o da prova, sendo registrada a situa\u00e7\u00e3o de regularidade do Enade no hist\u00f3rico escolar.<\/span><\/p>\n<p><span style=\"font-weight: 400;\">Estudantes concluintes s\u00e3o obrigatoriamente inscritos, a efetiva participa\u00e7\u00e3o dar-se-\u00e1 atrav\u00e9s do preenchimento do Question\u00e1rio do Estudante e realiza\u00e7\u00e3o da prova, sendo registrada a situa\u00e7\u00e3o de regularidade do Enade no hist\u00f3rico escolar.<\/span><\/p>\n<p><span style=\"text-decoration: underline;\"><span style=\"font-weight: 400;\">IMPORTANTE<\/span><\/span><span style=\"font-weight: 400;\">: O Enade \u00e9 componente curricular obrigat\u00f3rio, sendo condi\u00e7\u00e3o necess\u00e1ria para a conclus\u00e3o do curso de gradua\u00e7\u00e3o. Quem estiver habilitado ao Enade e n\u00e3o responder o question\u00e1rio e n\u00e3o realizar a prova, ficar\u00e1 impedido de colar grau e receber o diploma.<\/span><\/p>\n\t\t\t\t<\/div>\n\t\t\t<\/div>\n\t\t<\/div>\n\t\t\t<div class=\"sow-accordion-panel\"\n\t\t\t data-anchor=\"data-da-prova\">\n\t\t\t\t<div class=\"sow-accordion-panel-header-container\" role=\"heading\" aria-level=\"2\">\n\t\t\t\t\t<div class=\"sow-accordion-panel-header\" tabindex=\"0\" role=\"button\" id=\"accordion-label-data-da-prova\" aria-controls=\"accordion-content-data-da-prova\" aria-expanded=\"false\">\n\t\t\t\t\t\t<div class=\"sow-accordion-title sow-accordion-title-icon-left\">\n\t\t\t\t\t\t\t\t\t\t\t\t\t\tDATA DA PROVA\t\t\t\t\t\t\t\t\t\t\t\t\t<\/div>\n\t\t\t\t\t\t<div class=\"sow-accordion-open-close-button\">\n\t\t\t\t\t\t\t<div class=\"sow-accordion-open-button\">\n\t\t\t\t\t\t\t\t<span class=\"sow-icon-ionicons\" data-sow-icon=\"&#xf218;\"\n\t\t \n\t\taria-hidden=\"true\"><\/span>\t\t\t\t\t\t\t<\/div>\n\t\t\t\t\t\t\t<div class=\"sow-accordion-close-button\">\n\t\t\t\t\t\t\t\t<span class=\"sow-icon-ionicons\" data-sow-icon=\"&#xf209;\"\n\t\t \n\t\taria-hidden=\"true\"><\/span>\t\t\t\t\t\t\t<\/div>\n\t\t\t\t\t\t<\/div>\n\t\t\t\t\t<\/div>\n\t\t\t\t<\/div>\n\n\t\t\t<div\n\t\t\t\tclass=\"sow-accordion-panel-content\"\n\t\t\t\trole=\"region\"\n\t\t\t\taria-labelledby=\"accordion-label-data-da-prova\"\n\t\t\t\tid=\"accordion-content-data-da-prova\"\n\t\t\t\tstyle=\"display: none;\"\t\t\t>\n\t\t\t\t<div class=\"sow-accordion-panel-border\" tabindex=\"0\">\n\t\t\t\t\t<p><span style=\"font-weight: 400;\">Dia 27 de novembro de 2022.<\/span><\/p>\n<p><span style=\"font-weight: 400;\">Abertura dos port\u00f5es \u00e0s 12h00. <\/span><\/p>\n<p><span style=\"font-weight: 400;\">T\u00e9rmino da prova \u00e0s 17h30min.<\/span><\/p>\n\t\t\t\t<\/div>\n\t\t\t<\/div>\n\t\t<\/div>\n\t\t\t<div class=\"sow-accordion-panel\"\n\t\t\t data-anchor=\"direito-uepg-%e2%80%93-desempenho-anterior\">\n\t\t\t\t<div class=\"sow-accordion-panel-header-container\" role=\"heading\" aria-level=\"2\">\n\t\t\t\t\t<div class=\"sow-accordion-panel-header\" tabindex=\"0\" role=\"button\" id=\"accordion-label-direito-uepg-%e2%80%93-desempenho-anterior\" aria-controls=\"accordion-content-direito-uepg-%e2%80%93-desempenho-anterior\" aria-expanded=\"false\">\n\t\t\t\t\t\t<div class=\"sow-accordion-title sow-accordion-title-icon-left\">\n\t\t\t\t\t\t\t\t\t\t\t\t\t\tDIREITO UEPG \u2013 DESEMPENHO ANTERIOR\t\t\t\t\t\t\t\t\t\t\t\t\t<\/div>\n\t\t\t\t\t\t<div class=\"sow-accordion-open-close-button\">\n\t\t\t\t\t\t\t<div class=\"sow-accordion-open-button\">\n\t\t\t\t\t\t\t\t<span class=\"sow-icon-ionicons\" data-sow-icon=\"&#xf218;\"\n\t\t \n\t\taria-hidden=\"true\"><\/span>\t\t\t\t\t\t\t<\/div>\n\t\t\t\t\t\t\t<div class=\"sow-accordion-close-button\">\n\t\t\t\t\t\t\t\t<span class=\"sow-icon-ionicons\" data-sow-icon=\"&#xf209;\"\n\t\t \n\t\taria-hidden=\"true\"><\/span>\t\t\t\t\t\t\t<\/div>\n\t\t\t\t\t\t<\/div>\n\t\t\t\t\t<\/div>\n\t\t\t\t<\/div>\n\n\t\t\t<div\n\t\t\t\tclass=\"sow-accordion-panel-content\"\n\t\t\t\trole=\"region\"\n\t\t\t\taria-labelledby=\"accordion-label-direito-uepg-%e2%80%93-desempenho-anterior\"\n\t\t\t\tid=\"accordion-content-direito-uepg-%e2%80%93-desempenho-anterior\"\n\t\t\t\tstyle=\"display: none;\"\t\t\t>\n\t\t\t\t<div class=\"sow-accordion-panel-border\" tabindex=\"0\">\n\t\t\t\t\t<p><span style=\"font-weight: 400;\">Na \u00faltima avalia\u00e7\u00e3o do curso de Direito, a UEPG obteve o conceito 4 (de um m\u00e1ximo de 5) no ENADE realizado em 2018.<\/span><\/p>\n\t\t\t\t<\/div>\n\t\t\t<\/div>\n\t\t<\/div>\n\t\t\t<div class=\"sow-accordion-panel\"\n\t\t\t data-anchor=\"datas-importantes-cronograma\">\n\t\t\t\t<div class=\"sow-accordion-panel-header-container\" role=\"heading\" aria-level=\"2\">\n\t\t\t\t\t<div class=\"sow-accordion-panel-header\" tabindex=\"0\" role=\"button\" id=\"accordion-label-datas-importantes-cronograma\" aria-controls=\"accordion-content-datas-importantes-cronograma\" aria-expanded=\"false\">\n\t\t\t\t\t\t<div class=\"sow-accordion-title sow-accordion-title-icon-left\">\n\t\t\t\t\t\t\t\t\t\t\t\t\t\tDATAS IMPORTANTES (CRONOGRAMA)\t\t\t\t\t\t\t\t\t\t\t\t\t<\/div>\n\t\t\t\t\t\t<div class=\"sow-accordion-open-close-button\">\n\t\t\t\t\t\t\t<div class=\"sow-accordion-open-button\">\n\t\t\t\t\t\t\t\t<span class=\"sow-icon-ionicons\" data-sow-icon=\"&#xf218;\"\n\t\t \n\t\taria-hidden=\"true\"><\/span>\t\t\t\t\t\t\t<\/div>\n\t\t\t\t\t\t\t<div class=\"sow-accordion-close-button\">\n\t\t\t\t\t\t\t\t<span class=\"sow-icon-ionicons\" data-sow-icon=\"&#xf209;\"\n\t\t \n\t\taria-hidden=\"true\"><\/span>\t\t\t\t\t\t\t<\/div>\n\t\t\t\t\t\t<\/div>\n\t\t\t\t\t<\/div>\n\t\t\t\t<\/div>\n\n\t\t\t<div\n\t\t\t\tclass=\"sow-accordion-panel-content\"\n\t\t\t\trole=\"region\"\n\t\t\t\taria-labelledby=\"accordion-label-datas-importantes-cronograma\"\n\t\t\t\tid=\"accordion-content-datas-importantes-cronograma\"\n\t\t\t\tstyle=\"display: none;\"\t\t\t>\n\t\t\t\t<div class=\"sow-accordion-panel-border\" tabindex=\"0\">\n\t\t\t\t\t<table>\n<tbody>\n<tr>\n<td><b>A\u00c7\u00c3O<\/b><\/td>\n<td><b>QUEM FAZ?<\/b><\/td>\n<td><b>PER\u00cdODO<\/b><\/td>\n<\/tr>\n<tr>\n<td><span style=\"font-weight: 400;\">Preenchimento do cadastro pelos estudantes concluintes habilitados<\/span><\/td>\n<td><span style=\"font-weight: 400;\">Estudante<\/span><\/td>\n<td><span style=\"font-weight: 400;\">6 de julho a 26 de novembro de 2022<\/span><\/td>\n<\/tr>\n<tr>\n<td><span style=\"font-weight: 400;\">Solicita\u00e7\u00e3o de Atendimento Especializado e\/ou Tratamento pelo Nome Social<\/span><\/td>\n<td><span style=\"font-weight: 400;\">Estudante<\/span><\/td>\n<td><span style=\"font-weight: 400;\">1\u00ba a 08 de setembro de 2022<\/span><\/td>\n<\/tr>\n<tr>\n<td><span style=\"font-weight: 400;\">Recurso da solicita\u00e7\u00e3o de Atendimento Especializado e\/ou Tratamento pelo Nome Social dos estudantes concluintes habilitados<\/span><\/td>\n<td><span style=\"font-weight: 400;\">Estudante<\/span><\/td>\n<td><span style=\"font-weight: 400;\">17 a 23 de setembro de 2022<\/span><\/td>\n<\/tr>\n<tr>\n<td><span style=\"font-weight: 400;\">Preenchimento do Question\u00e1rio do Estudante<\/span><\/td>\n<td><span style=\"font-weight: 400;\">Estudante<\/span><\/td>\n<td><span style=\"font-weight: 400;\">1\u00ba de setembro a 26 de novembro de 2022<\/span><\/td>\n<\/tr>\n<tr>\n<td><span style=\"font-weight: 400;\">Indica\u00e7\u00e3o do curso pelo estudante concluinte habilitado com mais de uma inscri\u00e7\u00e3o<\/span><\/td>\n<td><span style=\"font-weight: 400;\">Estudante<\/span><\/td>\n<td><span style=\"font-weight: 400;\">1\u00ba a 16 de setembro de 2022<\/span><\/td>\n<\/tr>\n<tr>\n<td><span style=\"font-weight: 400;\">Solicita\u00e7\u00e3o de dispensa de prova pelo estudante<\/span><\/td>\n<td><span style=\"font-weight: 400;\">Estudante<\/span><\/td>\n<td><span style=\"font-weight: 400;\">4 a 20 de janeiro de 2023<\/span><\/td>\n<\/tr>\n<tr>\n<td><span style=\"font-weight: 400;\">Recurso das solicita\u00e7\u00f5es de dispensa do estudante, indeferidas pela IES<\/span><\/td>\n<td><span style=\"font-weight: 400;\">Estudante<\/span><\/td>\n<td><span style=\"font-weight: 400;\">28 de janeiro a 10 de fevereiro de 2023<\/span><\/td>\n<\/tr>\n<\/tbody>\n<\/table>\n\t\t\t\t<\/div>\n\t\t\t<\/div>\n\t\t<\/div>\n\t\t\t<div class=\"sow-accordion-panel\"\n\t\t\t data-anchor=\"lista-de-estudantes-inscritos\">\n\t\t\t\t<div class=\"sow-accordion-panel-header-container\" role=\"heading\" aria-level=\"2\">\n\t\t\t\t\t<div class=\"sow-accordion-panel-header\" tabindex=\"0\" role=\"button\" id=\"accordion-label-lista-de-estudantes-inscritos\" aria-controls=\"accordion-content-lista-de-estudantes-inscritos\" aria-expanded=\"false\">\n\t\t\t\t\t\t<div class=\"sow-accordion-title sow-accordion-title-icon-left\">\n\t\t\t\t\t\t\t\t\t\t\t\t\t\tLISTA DE ESTUDANTES INSCRITOS\t\t\t\t\t\t\t\t\t\t\t\t\t<\/div>\n\t\t\t\t\t\t<div class=\"sow-accordion-open-close-button\">\n\t\t\t\t\t\t\t<div class=\"sow-accordion-open-button\">\n\t\t\t\t\t\t\t\t<span class=\"sow-icon-ionicons\" data-sow-icon=\"&#xf218;\"\n\t\t \n\t\taria-hidden=\"true\"><\/span>\t\t\t\t\t\t\t<\/div>\n\t\t\t\t\t\t\t<div class=\"sow-accordion-close-button\">\n\t\t\t\t\t\t\t\t<span class=\"sow-icon-ionicons\" data-sow-icon=\"&#xf209;\"\n\t\t \n\t\taria-hidden=\"true\"><\/span>\t\t\t\t\t\t\t<\/div>\n\t\t\t\t\t\t<\/div>\n\t\t\t\t\t<\/div>\n\t\t\t\t<\/div>\n\n\t\t\t<div\n\t\t\t\tclass=\"sow-accordion-panel-content\"\n\t\t\t\trole=\"region\"\n\t\t\t\taria-labelledby=\"accordion-label-lista-de-estudantes-inscritos\"\n\t\t\t\tid=\"accordion-content-lista-de-estudantes-inscritos\"\n\t\t\t\tstyle=\"display: none;\"\t\t\t>\n\t\t\t\t<div class=\"sow-accordion-panel-border\" tabindex=\"0\">\n\t\t\t\t\t<p>Em breve mais informa\u00e7\u00f5es.<\/p>\n\t\t\t\t<\/div>\n\t\t\t<\/div>\n\t\t<\/div>\n\t\t\t<div class=\"sow-accordion-panel\"\n\t\t\t data-anchor=\"provas-anteriores\">\n\t\t\t\t<div class=\"sow-accordion-panel-header-container\" role=\"heading\" aria-level=\"2\">\n\t\t\t\t\t<div class=\"sow-accordion-panel-header\" tabindex=\"0\" role=\"button\" id=\"accordion-label-provas-anteriores\" aria-controls=\"accordion-content-provas-anteriores\" aria-expanded=\"false\">\n\t\t\t\t\t\t<div class=\"sow-accordion-title sow-accordion-title-icon-left\">\n\t\t\t\t\t\t\t\t\t\t\t\t\t\tPROVAS ANTERIORES\t\t\t\t\t\t\t\t\t\t\t\t\t<\/div>\n\t\t\t\t\t\t<div class=\"sow-accordion-open-close-button\">\n\t\t\t\t\t\t\t<div class=\"sow-accordion-open-button\">\n\t\t\t\t\t\t\t\t<span class=\"sow-icon-ionicons\" data-sow-icon=\"&#xf218;\"\n\t\t \n\t\taria-hidden=\"true\"><\/span>\t\t\t\t\t\t\t<\/div>\n\t\t\t\t\t\t\t<div class=\"sow-accordion-close-button\">\n\t\t\t\t\t\t\t\t<span class=\"sow-icon-ionicons\" data-sow-icon=\"&#xf209;\"\n\t\t \n\t\taria-hidden=\"true\"><\/span>\t\t\t\t\t\t\t<\/div>\n\t\t\t\t\t\t<\/div>\n\t\t\t\t\t<\/div>\n\t\t\t\t<\/div>\n\n\t\t\t<div\n\t\t\t\tclass=\"sow-accordion-panel-content\"\n\t\t\t\trole=\"region\"\n\t\t\t\taria-labelledby=\"accordion-label-provas-anteriores\"\n\t\t\t\tid=\"accordion-content-provas-anteriores\"\n\t\t\t\tstyle=\"display: none;\"\t\t\t>\n\t\t\t\t<div class=\"sow-accordion-panel-border\" tabindex=\"0\">\n\t\t\t\t\t<p><a href=\"https:\/\/www.gov.br\/inep\/pt-br\/areas-de-atuacao\/avaliacao-e-exames-educacionais\/enade\/provas-e-gabaritos\">Provas anteriores<\/a> (ver anos 2018, 2015, 2012, 2009, 2006).<\/p>\n<p>&nbsp;<\/p>\n\t\t\t\t<\/div>\n\t\t\t<\/div>\n\t\t<\/div>\n\t\t\t<div class=\"sow-accordion-panel\"\n\t\t\t data-anchor=\"outras-informa%c3%a7%c3%b5es\">\n\t\t\t\t<div class=\"sow-accordion-panel-header-container\" role=\"heading\" aria-level=\"2\">\n\t\t\t\t\t<div class=\"sow-accordion-panel-header\" tabindex=\"0\" role=\"button\" id=\"accordion-label-outras-informa%c3%a7%c3%b5es\" aria-controls=\"accordion-content-outras-informa%c3%a7%c3%b5es\" aria-expanded=\"false\">\n\t\t\t\t\t\t<div class=\"sow-accordion-title sow-accordion-title-icon-left\">\n\t\t\t\t\t\t\t\t\t\t\t\t\t\tOUTRAS INFORMA\u00c7\u00d5ES\t\t\t\t\t\t\t\t\t\t\t\t\t<\/div>\n\t\t\t\t\t\t<div class=\"sow-accordion-open-close-button\">\n\t\t\t\t\t\t\t<div class=\"sow-accordion-open-button\">\n\t\t\t\t\t\t\t\t<span class=\"sow-icon-ionicons\" data-sow-icon=\"&#xf218;\"\n\t\t \n\t\taria-hidden=\"true\"><\/span>\t\t\t\t\t\t\t<\/div>\n\t\t\t\t\t\t\t<div class=\"sow-accordion-close-button\">\n\t\t\t\t\t\t\t\t<span class=\"sow-icon-ionicons\" data-sow-icon=\"&#xf209;\"\n\t\t \n\t\taria-hidden=\"true\"><\/span>\t\t\t\t\t\t\t<\/div>\n\t\t\t\t\t\t<\/div>\n\t\t\t\t\t<\/div>\n\t\t\t\t<\/div>\n\n\t\t\t<div\n\t\t\t\tclass=\"sow-accordion-panel-content\"\n\t\t\t\trole=\"region\"\n\t\t\t\taria-labelledby=\"accordion-label-outras-informa%c3%a7%c3%b5es\"\n\t\t\t\tid=\"accordion-content-outras-informa%c3%a7%c3%b5es\"\n\t\t\t\tstyle=\"display: none;\"\t\t\t>\n\t\t\t\t<div class=\"sow-accordion-panel-border\" tabindex=\"0\">\n\t\t\t\t\t<p><a href=\"https:\/\/enade.inep.gov.br\/enade\/#!\/index\"><span style=\"font-weight: 400;\">Site do INEP<\/span><\/a><span style=\"font-weight: 400;\"> (Entrar com gov.br)<\/span><\/p>\n<p><a href=\"https:\/\/www.in.gov.br\/en\/web\/dou\/-\/edital-n-51-de-24-de-junho-de-2022-410569759\"><span style=\"font-weight: 400;\">Edital do Enade 2022<\/span><\/a><\/p>\n\t\t\t\t<\/div>\n\t\t\t<\/div>\n\t\t<\/div>\n\t\t<\/div>\n<\/div>\n<\/div><\/div><\/div><\/div><\/div>","protected":false},"excerpt":{"rendered":"<p>INFORMA\u00c7\u00d5ES O QUE \u00c9? O Exame Nacional de Desempenho dos Estudantes (Enade) avalia o rendimento dos concluintes dos cursos de gradua\u00e7\u00e3o em rela\u00e7\u00e3o aos conte\u00fados program\u00e1ticos previstos nas diretrizes curriculares dos cursos, o desenvolvimento de compet\u00eancias e habilidades necess\u00e1rias ao aprofundamento da forma\u00e7\u00e3o geral e profissional, e o n\u00edvel de atualiza\u00e7\u00e3o dos estudantes com rela\u00e7\u00e3o&nbsp;&hellip;<\/p>\n","protected":false},"author":24,"featured_media":0,"parent":0,"menu_order":0,"comment_status":"closed","ping_status":"closed","template":"","meta":[],"_links":{"self":[{"href":"https:\/\/www2.uepg.br\/direito\/wp-json\/wp\/v2\/pages\/1678"}],"collection":[{"href":"https:\/\/www2.uepg.br\/direito\/wp-json\/wp\/v2\/pages"}],"about":[{"href":"https:\/\/www2.uepg.br\/direito\/wp-json\/wp\/v2\/types\/page"}],"author":[{"embeddable":true,"href":"https:\/\/www2.uepg.br\/direito\/wp-json\/wp\/v2\/users\/24"}],"replies":[{"embeddable":true,"href":"https:\/\/www2.uepg.br\/direito\/wp-json\/wp\/v2\/comments?post=1678"}],"version-history":[{"count":8,"href":"https:\/\/www2.uepg.br\/direito\/wp-json\/wp\/v2\/pages\/1678\/revisions"}],"predecessor-version":[{"id":1686,"href":"https:\/\/www2.uepg.br\/direito\/wp-json\/wp\/v2\/pages\/1678\/revisions\/1686"}],"wp:attachment":[{"href":"https:\/\/www2.uepg.br\/direito\/wp-json\/wp\/v2\/media?parent=1678"}],"curies":[{"name":"wp","href":"https:\/\/api.w.org\/{rel}","templated":true}]}}