{"id":281,"date":"2020-03-05T15:39:15","date_gmt":"2020-03-05T18:39:15","guid":{"rendered":"http:\/\/www2.uepg.br\/testes\/?page_id=281"},"modified":"2020-11-06T10:21:18","modified_gmt":"2020-11-06T13:21:18","slug":"bacharelado-em-direito-perfil-de-formacao","status":"publish","type":"page","link":"https:\/\/www2.uepg.br\/direito\/bacharelado-em-direito-perfil-de-formacao\/","title":{"rendered":"Bacharelado em Direito &#8211; Perfil de Forma\u00e7\u00e3o"},"content":{"rendered":"<p>O Curso de Bacharelado em Direito prepara o acad\u00eamico para carreiras jur\u00eddicas e todas aquelas que exigem tal forma\u00e7\u00e3o com requisito de admissibilidade.<\/p>\n","protected":false},"excerpt":{"rendered":"<p>O Curso de Bacharelado em Direito prepara o acad\u00eamico para carreiras jur\u00eddicas e todas aquelas que exigem tal forma\u00e7\u00e3o com requisito de admissibilidade.<\/p>\n","protected":false},"author":24,"featured_media":0,"parent":0,"menu_order":0,"comment_status":"closed","ping_status":"closed","template":"","meta":[],"_links":{"self":[{"href":"https:\/\/www2.uepg.br\/direito\/wp-json\/wp\/v2\/pages\/281"}],"collection":[{"href":"https:\/\/www2.uepg.br\/direito\/wp-json\/wp\/v2\/pages"}],"about":[{"href":"https:\/\/www2.uepg.br\/direito\/wp-json\/wp\/v2\/types\/page"}],"author":[{"embeddable":true,"href":"https:\/\/www2.uepg.br\/direito\/wp-json\/wp\/v2\/users\/24"}],"replies":[{"embeddable":true,"href":"https:\/\/www2.uepg.br\/direito\/wp-json\/wp\/v2\/comments?post=281"}],"version-history":[{"count":5,"href":"https:\/\/www2.uepg.br\/direito\/wp-json\/wp\/v2\/pages\/281\/revisions"}],"predecessor-version":[{"id":545,"href":"https:\/\/www2.uepg.br\/direito\/wp-json\/wp\/v2\/pages\/281\/revisions\/545"}],"wp:attachment":[{"href":"https:\/\/www2.uepg.br\/direito\/wp-json\/wp\/v2\/media?parent=281"}],"curies":[{"name":"wp","href":"https:\/\/api.w.org\/{rel}","templated":true}]}}