{"id":586,"date":"2020-11-06T11:26:42","date_gmt":"2020-11-06T14:26:42","guid":{"rendered":"http:\/\/www2.uepg.br\/bacharelado-direito\/?page_id=586"},"modified":"2025-02-10T16:14:09","modified_gmt":"2025-02-10T19:14:09","slug":"dissertacoes","status":"publish","type":"page","link":"https:\/\/www2.uepg.br\/direito\/mestrado\/dissertacoes\/","title":{"rendered":"Mestrado &#8211; Disserta\u00e7\u00f5es"},"content":{"rendered":"<div id=\"pl-586\"  class=\"panel-layout\" ><div id=\"pg-586-0\"  class=\"panel-grid panel-no-style\" ><div id=\"pgc-586-0-0\"  class=\"panel-grid-cell\" ><div id=\"panel-586-0-0-0\" class=\"so-panel widget widget_sow-accordion panel-first-child panel-last-child\" data-index=\"0\" ><div\n\t\t\t\n\t\t\tclass=\"so-widget-sow-accordion so-widget-sow-accordion-default-bb786459c5e7-586\"\n\t\t\t\n\t\t><h3 class=\"widget-title\">Acompanhe as disserta\u00e7\u00f5es por ano:<\/h3><div>\n\t<div class=\"sow-accordion\">\n\t\t\t<div class=\"sow-accordion-panel\"\n\t\t\t data-anchor=\"2025\">\n\t\t\t\t<div class=\"sow-accordion-panel-header-container\" role=\"heading\" aria-level=\"2\">\n\t\t\t\t\t<div class=\"sow-accordion-panel-header\" tabindex=\"0\" role=\"button\" id=\"accordion-label-2025\" aria-controls=\"accordion-content-2025\" aria-expanded=\"false\">\n\t\t\t\t\t\t<div class=\"sow-accordion-title sow-accordion-title-icon-left\">\n\t\t\t\t\t\t\t\t\t\t\t\t\t\t2025\t\t\t\t\t\t\t\t\t\t\t\t\t<\/div>\n\t\t\t\t\t\t<div class=\"sow-accordion-open-close-button\">\n\t\t\t\t\t\t\t<div class=\"sow-accordion-open-button\">\n\t\t\t\t\t\t\t\t<span class=\"sow-icon-ionicons\" data-sow-icon=\"&#xf218;\"\n\t\t \n\t\taria-hidden=\"true\"><\/span>\t\t\t\t\t\t\t<\/div>\n\t\t\t\t\t\t\t<div class=\"sow-accordion-close-button\">\n\t\t\t\t\t\t\t\t<span class=\"sow-icon-ionicons\" data-sow-icon=\"&#xf209;\"\n\t\t \n\t\taria-hidden=\"true\"><\/span>\t\t\t\t\t\t\t<\/div>\n\t\t\t\t\t\t<\/div>\n\t\t\t\t\t<\/div>\n\t\t\t\t<\/div>\n\n\t\t\t<div\n\t\t\t\tclass=\"sow-accordion-panel-content\"\n\t\t\t\trole=\"region\"\n\t\t\t\taria-labelledby=\"accordion-label-2025\"\n\t\t\t\tid=\"accordion-content-2025\"\n\t\t\t\tstyle=\"display: none;\"\t\t\t>\n\t\t\t\t<div class=\"sow-accordion-panel-border\" tabindex=\"0\">\n\t\t\t\t\t<p>BIBLIOTECA DE TESES E DISSERTA\u00c7\u00d5ES UEPG - <a href=\"https:\/\/tede2.uepg.br\/jspui\/\">https:\/\/tede2.uepg.br\/jspui\/<\/a><\/p>\n<p>DISSERTA\u00c7\u00d5ES\u00a0 MESTRADO PROFISSIONAL DIREITO UEPG - <a href=\"https:\/\/tede2.uepg.br\/jspui\/handle\/prefix\/3904\">https:\/\/tede2.uepg.br\/jspui\/handle\/prefix\/3904<\/a><\/p>\n<p>&nbsp;<\/p>\n\t\t\t\t<\/div>\n\t\t\t<\/div>\n\t\t<\/div>\n\t\t<\/div>\n<\/div>\n<\/div><\/div><\/div><\/div><\/div>","protected":false},"excerpt":{"rendered":"<p>Acompanhe as disserta\u00e7\u00f5es por ano: 2025 BIBLIOTECA DE TESES E DISSERTA\u00c7\u00d5ES UEPG &#8211; https:\/\/tede2.uepg.br\/jspui\/ DISSERTA\u00c7\u00d5ES\u00a0 MESTRADO PROFISSIONAL DIREITO UEPG &#8211; https:\/\/tede2.uepg.br\/jspui\/handle\/prefix\/3904 &nbsp;<\/p>\n","protected":false},"author":24,"featured_media":0,"parent":441,"menu_order":0,"comment_status":"closed","ping_status":"closed","template":"","meta":[],"_links":{"self":[{"href":"https:\/\/www2.uepg.br\/direito\/wp-json\/wp\/v2\/pages\/586"}],"collection":[{"href":"https:\/\/www2.uepg.br\/direito\/wp-json\/wp\/v2\/pages"}],"about":[{"href":"https:\/\/www2.uepg.br\/direito\/wp-json\/wp\/v2\/types\/page"}],"author":[{"embeddable":true,"href":"https:\/\/www2.uepg.br\/direito\/wp-json\/wp\/v2\/users\/24"}],"replies":[{"embeddable":true,"href":"https:\/\/www2.uepg.br\/direito\/wp-json\/wp\/v2\/comments?post=586"}],"version-history":[{"count":8,"href":"https:\/\/www2.uepg.br\/direito\/wp-json\/wp\/v2\/pages\/586\/revisions"}],"predecessor-version":[{"id":3212,"href":"https:\/\/www2.uepg.br\/direito\/wp-json\/wp\/v2\/pages\/586\/revisions\/3212"}],"up":[{"embeddable":true,"href":"https:\/\/www2.uepg.br\/direito\/wp-json\/wp\/v2\/pages\/441"}],"wp:attachment":[{"href":"https:\/\/www2.uepg.br\/direito\/wp-json\/wp\/v2\/media?parent=586"}],"curies":[{"name":"wp","href":"https:\/\/api.w.org\/{rel}","templated":true}]}}