{"id":598,"date":"2020-11-06T11:30:14","date_gmt":"2020-11-06T14:30:14","guid":{"rendered":"http:\/\/www2.uepg.br\/bacharelado-direito\/?page_id=598"},"modified":"2024-10-11T17:25:41","modified_gmt":"2024-10-11T20:25:41","slug":"informacoes-e-contato","status":"publish","type":"page","link":"https:\/\/www2.uepg.br\/direito\/mestrado\/informacoes-e-contato\/","title":{"rendered":"Mestrado &#8211; Informa\u00e7\u00f5es e Contato"},"content":{"rendered":"<h3 style=\"text-align: center\">INFORMA\u00c7\u00d5ES<\/h3>\n<p>&nbsp;<\/p>\n<p style=\"text-align: center\"><a href=\"https:\/\/goo.gl\/maps\/Jdoe6cdVpSz3aVXMA\" target=\"_blank\" rel=\"noopener noreferrer\"><strong>A CIDADE E SUA LOCALIZA\u00c7\u00c3O<\/strong><\/a><br \/>\nPonta Grossa est\u00e1 localizada na Regi\u00e3o dos Campos Gerais a uma altitude m\u00e9dia de 980 m, distante 100 km da Capital do Estado do Paran\u00e1. Trata-se de um polo comercial e industrial importante, onde se atende uma popula\u00e7\u00e3o flutuante expressiva com uma intensa atividade universit\u00e1ria.<\/p>\n<p>&nbsp;<\/p>\n<p style=\"text-align: center\"><strong>A UNIVERSIDADE E SUA INSER\u00c7\u00c3O<\/strong><\/p>\n<p style=\"text-align: center\"><a href=\"https:\/\/www2.uepg.br\/propesp\/\" target=\"_blank\" rel=\"noopener noreferrer\">Pr\u00f3-Reitoria de Pesquisa e de P\u00f3s-Gradua\u00e7\u00e3o (PROPESP)<\/a><\/p>\n<p style=\"text-align: center\"><a href=\"https:\/\/www2.uepg.br\/direito\/setor-de-ciencias-juridicas\/\">Setor de Ci\u00eancias Jur\u00eddicas (SECIJUR)<\/a><\/p>\n<p style=\"text-align: center\"><a href=\"https:\/\/www2.uepg.br\/direito\/setor-de-ciencias-juridicas\/departamentos\">Departamento de Direito do Estado<\/a><\/p>\n<p style=\"text-align: center\"><a href=\"https:\/\/www2.uepg.br\/direito\/setor-de-ciencias-juridicas\/departamentos\">Departamento de Direito Processual<\/a><\/p>\n<p style=\"text-align: center\"><a href=\"https:\/\/www2.uepg.br\/direito\/setor-de-ciencias-juridicas\/departamentos\">Departamento de Direito das Rela\u00e7\u00f5es Sociais<\/a><\/p>\n<h3><\/h3>\n<h3 style=\"text-align: center\">CONTATO<\/h3>\n<p style=\"text-align: center\"><span style=\"font-weight: 400\">e-mail: <\/span><a href=\"mailto:mestradodireitouepg@uepg.br\"><span style=\"font-weight: 400\">mestradodireitouepg@uepg.br<\/span><\/a><\/p>\n<p style=\"text-align: center\">Ramal: (42)2102-8992 \/ 8993<\/p>\n<p>&nbsp;<\/p>\n","protected":false},"excerpt":{"rendered":"<p>INFORMA\u00c7\u00d5ES &nbsp; A CIDADE E SUA LOCALIZA\u00c7\u00c3O Ponta Grossa est\u00e1 localizada na Regi\u00e3o dos Campos Gerais a uma altitude m\u00e9dia de 980 m, distante 100 km da Capital do Estado do Paran\u00e1. Trata-se de um polo comercial e industrial importante, onde se atende uma popula\u00e7\u00e3o flutuante expressiva com uma intensa atividade universit\u00e1ria. &nbsp; A UNIVERSIDADE&nbsp;&hellip;<\/p>\n","protected":false},"author":24,"featured_media":0,"parent":441,"menu_order":0,"comment_status":"closed","ping_status":"closed","template":"","meta":[],"_links":{"self":[{"href":"https:\/\/www2.uepg.br\/direito\/wp-json\/wp\/v2\/pages\/598"}],"collection":[{"href":"https:\/\/www2.uepg.br\/direito\/wp-json\/wp\/v2\/pages"}],"about":[{"href":"https:\/\/www2.uepg.br\/direito\/wp-json\/wp\/v2\/types\/page"}],"author":[{"embeddable":true,"href":"https:\/\/www2.uepg.br\/direito\/wp-json\/wp\/v2\/users\/24"}],"replies":[{"embeddable":true,"href":"https:\/\/www2.uepg.br\/direito\/wp-json\/wp\/v2\/comments?post=598"}],"version-history":[{"count":5,"href":"https:\/\/www2.uepg.br\/direito\/wp-json\/wp\/v2\/pages\/598\/revisions"}],"predecessor-version":[{"id":3044,"href":"https:\/\/www2.uepg.br\/direito\/wp-json\/wp\/v2\/pages\/598\/revisions\/3044"}],"up":[{"embeddable":true,"href":"https:\/\/www2.uepg.br\/direito\/wp-json\/wp\/v2\/pages\/441"}],"wp:attachment":[{"href":"https:\/\/www2.uepg.br\/direito\/wp-json\/wp\/v2\/media?parent=598"}],"curies":[{"name":"wp","href":"https:\/\/api.w.org\/{rel}","templated":true}]}}