{"id":666,"date":"2020-11-09T09:34:05","date_gmt":"2020-11-09T12:34:05","guid":{"rendered":"http:\/\/www2.uepg.br\/direito\/?page_id=666"},"modified":"2026-02-23T12:25:10","modified_gmt":"2026-02-23T15:25:10","slug":"especializacao-em-direito-processual-civil","status":"publish","type":"page","link":"https:\/\/www2.uepg.br\/direito\/especializacao-em-direito-processual-civil\/","title":{"rendered":"Especializa\u00e7\u00e3o em Direito Processual Civil"},"content":{"rendered":"<h2><strong>CURSO DE ESPECIALIZA\u00c7\u00c3O EM DIREITO PROCESSUAL CIVIL &#8211; 8\u00aa EDI\u00c7\u00c3O<\/strong><\/h2>\n<p align=\"justify\"><strong>COORDENADOR<\/strong>: Prof Ludmilo Sene<\/p>\n<p align=\"justify\">\n<p align=\"justify\"><strong>IDENTIFICA\u00c7\u00c3O<\/strong><\/p>\n<p align=\"justify\"><strong>Curso<\/strong>: Especializa\u00e7\u00e3o em Direito Processual Civil<\/p>\n<p align=\"justify\"><strong>Categoria do curso<\/strong>: P\u00f3s-Gradua\u00e7\u00e3o Lato Sensu<\/p>\n<p align=\"justify\"><strong>N\u00famero de vagas ofertada<\/strong>s: 25 vagas no m\u00ednimo e 45 no m\u00e1ximo<\/p>\n<p align=\"justify\"><strong>P\u00fablico Alvo<\/strong>: Bachar\u00e9is em direito, Advogados, Procuradores, Promotores P\u00fablicos, Ju\u00edzes de Direito e Profissionais de \u00e1reas afins.<\/p>\n<p align=\"justify\"><strong>Formas de ingresso<\/strong>: Inscri\u00e7\u00e3o, sele\u00e7\u00e3o e matr\u00edcula<\/p>\n<p align=\"justify\"><strong>Tipo do curso<\/strong>: h\u00edbrido (presencial e remoto)<\/p>\n<p align=\"justify\"><strong>Dura\u00e7\u00e3o do Curso<\/strong>: 18 meses<\/p>\n<p align=\"justify\"><strong>N\u00famero de per\u00edodos<\/strong>: 03<\/p>\n<p align=\"justify\"><strong>Carga Hor\u00e1ria<\/strong>: O curso ter\u00e1 carga hor\u00e1ria total de 420 horas, sendo dividida em 380 horas para a realiza\u00e7\u00e3o dos cr\u00e9ditos, 20 horas para o Trabalho de Conclus\u00e3o de Curso \u2013 TCC e 20 horas para Atividade em Estagio Superior N\u00e3o Obrigat\u00f3rio. Local de realiza\u00e7\u00e3o do curso: CEPPODI &#8211; pr\u00e9dio em anexo ao Teatro Pax.<\/p>\n<p align=\"justify\"><strong>Unidade Respons\u00e1vel<\/strong>: Departamento de Direito Processual do Setor de Ci\u00eancias Jur\u00eddicas.<\/p>\n<p align=\"justify\">\n<p align=\"justify\"><strong>COORDENADOR<\/strong><\/p>\n<p align=\"justify\">Prof. Ludmilo Sene, indicado pelo departamento de Direito Processual.<\/p>\n<p align=\"justify\">\u00c1rea de Forma\u00e7\u00e3o: Gradua\u00e7\u00e3o em Direito\/Mestrado em Direito<\/p>\n<p align=\"justify\">Lattes: http:\/\/lattes.cnpq.br\/2569589953659142<\/p>\n<p align=\"justify\">Telefone comercial: 3220-3451<\/p>\n<p align=\"justify\">Telefone Celular: (42) 99919-9228<\/p>\n<p align=\"justify\">E-mail: lsene@uepg.br<\/p>\n<p align=\"justify\">\n<p align=\"justify\"><strong>APRESENTA\u00c7\u00c3O:<\/strong><\/p>\n<p align=\"justify\"><strong>Justificativa da cria\u00e7\u00e3o do curso:<\/strong><br \/>\nO Direito Processual se renova, \u00e9 vivo, \u00e9 din\u00e2mico e com o advento da Lei n\u00ba 13.105\/2015, que instituiu o C\u00f3digo de Processo Civil, causou significativas mudan\u00e7as no processo civil na busca de efetividade na prote\u00e7\u00e3o dos direitos. S\u00e3o muitas as inova\u00e7\u00f5es e modifica\u00e7\u00f5es sofridas pelo Direito Processual Civil Brasileiro. Decorridos quase dez anos da vig\u00eancia do C\u00f3digo de Processo Civil, para que seja efetivo para a tutela dos direitos das pessoas, o operador do direito deve estar pronto, pelo estudo e pela reflex\u00e3o dos grandes e fundamentais temas de processo civil para enfrentar essa grande renova\u00e7\u00e3o, temas que ser\u00e3o estudados durante o curso, com os mais renomados Mestres.<br \/>\nDecorrente disso, \u00e9 uma necessidade a constante atualiza\u00e7\u00e3o do Direito Processual e seu estudo pelos operadores do direito para otimiza\u00e7\u00e3o do desempenho do seu m\u00fanus p\u00fablico. Neste contexto, a realiza\u00e7\u00e3o do curso propiciar\u00e1 uma melhor forma\u00e7\u00e3o e qualifica\u00e7\u00e3o dos juristas e cria\u00e7\u00e3o de uma massa cr\u00edtica para aprimoramento das institui\u00e7\u00f5es e da pr\u00f3pria sociedade.<\/p>\n<p align=\"justify\">\n<p align=\"justify\"><strong>OBJETIVOS GERAIS E ESPEC\u00cdFICOS:<\/strong><\/p>\n<p align=\"justify\">&#8211; <strong>Objetivo Geral<\/strong><\/p>\n<p align=\"justify\">Proporcionar o exame dos principais temas e institutos jur\u00eddicos que integram o Direito Processual Civil, em seus aspectos te\u00f3ricos e pr\u00e1ticos, permitindo um processo cont\u00ednuo de atualiza\u00e7\u00e3o e de reflex\u00e3o cr\u00edtica, especialmente sob os influxos da nova lei promulgada.<\/p>\n<p align=\"justify\">&#8211; <strong>Objetivo Espec\u00edfico<\/strong><\/p>\n<p align=\"justify\">O curso pretende atender as necessidades de conhecimento e atualiza\u00e7\u00e3o; aprimorar o processo de utiliza\u00e7\u00e3o de novos conceitos; e proporcionar uma aproxima\u00e7\u00e3o maior entre a teoria e a pr\u00e1tica.<\/p>\n<p align=\"justify\">\n<p align=\"justify\"><strong>Perfil do egresso<\/strong>: curso de p\u00f3s-gradua\u00e7\u00e3o em Curso de Especializa\u00e7\u00e3o em Direito Processual Civil destina-se a profissionais de direito que atuam como advogados, procuradores, magistrados e docentes que atuam na \u00e1rea jur\u00eddica, profissionais que buscam aprofundar seu conhecimento em rela\u00e7\u00e3o \u00e0s quest\u00f5es pr\u00e1ticas e ferramentas que envolvem especialmente as inova\u00e7\u00f5es no Direito Processual Civil.<\/p>\n","protected":false},"excerpt":{"rendered":"<p>CURSO DE ESPECIALIZA\u00c7\u00c3O EM DIREITO PROCESSUAL CIVIL &#8211; 8\u00aa EDI\u00c7\u00c3O COORDENADOR: Prof Ludmilo Sene IDENTIFICA\u00c7\u00c3O Curso: Especializa\u00e7\u00e3o em Direito Processual Civil Categoria do curso: P\u00f3s-Gradua\u00e7\u00e3o Lato Sensu N\u00famero de vagas ofertadas: 25 vagas no m\u00ednimo e 45 no m\u00e1ximo P\u00fablico Alvo: Bachar\u00e9is em direito, Advogados, Procuradores, Promotores P\u00fablicos, Ju\u00edzes de Direito e Profissionais de \u00e1reas&nbsp;&hellip;<\/p>\n","protected":false},"author":24,"featured_media":0,"parent":0,"menu_order":0,"comment_status":"closed","ping_status":"closed","template":"","meta":[],"_links":{"self":[{"href":"https:\/\/www2.uepg.br\/direito\/wp-json\/wp\/v2\/pages\/666"}],"collection":[{"href":"https:\/\/www2.uepg.br\/direito\/wp-json\/wp\/v2\/pages"}],"about":[{"href":"https:\/\/www2.uepg.br\/direito\/wp-json\/wp\/v2\/types\/page"}],"author":[{"embeddable":true,"href":"https:\/\/www2.uepg.br\/direito\/wp-json\/wp\/v2\/users\/24"}],"replies":[{"embeddable":true,"href":"https:\/\/www2.uepg.br\/direito\/wp-json\/wp\/v2\/comments?post=666"}],"version-history":[{"count":8,"href":"https:\/\/www2.uepg.br\/direito\/wp-json\/wp\/v2\/pages\/666\/revisions"}],"predecessor-version":[{"id":3974,"href":"https:\/\/www2.uepg.br\/direito\/wp-json\/wp\/v2\/pages\/666\/revisions\/3974"}],"wp:attachment":[{"href":"https:\/\/www2.uepg.br\/direito\/wp-json\/wp\/v2\/media?parent=666"}],"curies":[{"name":"wp","href":"https:\/\/api.w.org\/{rel}","templated":true}]}}