{"id":674,"date":"2020-11-09T09:43:23","date_gmt":"2020-11-09T12:43:23","guid":{"rendered":"http:\/\/www2.uepg.br\/direito\/?page_id=674"},"modified":"2023-06-29T22:00:40","modified_gmt":"2023-06-30T01:00:40","slug":"setor-de-ciencias-juridicas","status":"publish","type":"page","link":"https:\/\/www2.uepg.br\/direito\/setor-de-ciencias-juridicas\/","title":{"rendered":"Setor de Ci\u00eancias Jur\u00eddicas"},"content":{"rendered":"<div id=\"pl-674\"  class=\"panel-layout\" ><div id=\"pg-674-0\"  class=\"panel-grid panel-no-style\" ><div id=\"pgc-674-0-0\"  class=\"panel-grid-cell\" ><div id=\"panel-674-0-0-0\" class=\"so-panel widget widget_sow-features panel-first-child panel-last-child\" data-index=\"0\" ><div class=\"panel-widget-style panel-widget-style-for-674-0-0-0\" ><div\n\t\t\t\n\t\t\tclass=\"so-widget-sow-features so-widget-sow-features-default-bf961a2efc7d-674\"\n\t\t\t\n\t\t>\n<div class=\"sow-features-list sow-features-responsive\">\n\n\t\t\t\t\t\t<div\n\t\t\t\tclass=\"sow-features-feature sow-icon-container-position-top \"\n\t\t\t\tstyle=\"display: flex; flex-direction: column; float: left; width: 20%;\"\n\t\t\t>\n\n\t\t\t\t\t\t\t\t\t<a\n\t\t\t\t\t\thref=\"https:\/\/www2.uepg.br\/direito\/setor-de-ciencias-juridicas\/secretarias\/\"\n\t\t\t\t\t\ttarget=\"_blank\" rel=\"noopener noreferrer\"\t\t\t\t\t>\n\t\t\t\t\t\t\t\t<div\n\t\t\t\t\tclass=\"sow-icon-container sow-container-rounded-square\"\n                    style=\"color: #f48b22; \"\n\t\t\t\t\ttitle=\"Secretarias\">\n\t\t\t\t\t<span class=\"sow-icon-fontawesome sow-fas\" data-sow-icon=\"&#xf501;\"\n\t\tstyle=\"font-size: 40px; color: #FFFFFF\" \n\t\taria-hidden=\"true\"><\/span>\t\t\t\t<\/div>\n\t\t\t\t\t\t\t\t\t<\/a>\n\t\t\t\t\n\t\t\t\t<div class=\"textwidget\">\n\t\t\t\t\t\t\t\t\t\t\t<h5>\n\t\t\t\t\t\t\t\t\t\t\t\t\t\t\t<a\n\t\t\t\t\t\t\t\t\thref=\"https:\/\/www2.uepg.br\/direito\/setor-de-ciencias-juridicas\/secretarias\/\"\n\t\t\t\t\t\t\t\t\ttarget=\"_blank\" rel=\"noopener noreferrer\"\t\t\t\t\t\t\t\t>\n\t\t\t\t\t\t\t\n\t\t\t\t\t\t\tSecretarias\t\t\t\t\t\t\t\t\t\t\t\t\t\t\t<\/a>\n\t\t\t\t\t\t\t\t\t\t\t\t\t<\/h5>\n\t\t\t\t\t\n\t\t\t\t\t\n\t\t\t\t\t\t\t\t\t<\/div>\n\t\t\t\t\t\t\t<\/div>\n\n\t\t\t\t\t<div\n\t\t\t\tclass=\"sow-features-feature sow-icon-container-position-top \"\n\t\t\t\tstyle=\"display: flex; flex-direction: column; float: left; width: 20%;\"\n\t\t\t>\n\n\t\t\t\t\t\t\t\t\t<a\n\t\t\t\t\t\thref=\"https:\/\/www2.uepg.br\/direito\/bacharelado-em-direito-colegiado\/\"\n\t\t\t\t\t\ttarget=\"_blank\" rel=\"noopener noreferrer\"\t\t\t\t\t>\n\t\t\t\t\t\t\t\t<div\n\t\t\t\t\tclass=\"sow-icon-container sow-container-rounded-square\"\n                    style=\"color: #005f6d; \"\n\t\t\t\t\ttitle=\"Colegiado de Curso\">\n\t\t\t\t\t<span class=\"sow-icon-fontawesome sow-fas\" data-sow-icon=\"&#xf557;\"\n\t\tstyle=\"font-size: 40px; color: #FFFFFF\" \n\t\taria-hidden=\"true\"><\/span>\t\t\t\t<\/div>\n\t\t\t\t\t\t\t\t\t<\/a>\n\t\t\t\t\n\t\t\t\t<div class=\"textwidget\">\n\t\t\t\t\t\t\t\t\t\t\t<h5>\n\t\t\t\t\t\t\t\t\t\t\t\t\t\t\t<a\n\t\t\t\t\t\t\t\t\thref=\"https:\/\/www2.uepg.br\/direito\/bacharelado-em-direito-colegiado\/\"\n\t\t\t\t\t\t\t\t\ttarget=\"_blank\" rel=\"noopener noreferrer\"\t\t\t\t\t\t\t\t>\n\t\t\t\t\t\t\t\n\t\t\t\t\t\t\tColegiado de Curso\t\t\t\t\t\t\t\t\t\t\t\t\t\t\t<\/a>\n\t\t\t\t\t\t\t\t\t\t\t\t\t<\/h5>\n\t\t\t\t\t\n\t\t\t\t\t\n\t\t\t\t\t\t\t\t\t<\/div>\n\t\t\t\t\t\t\t<\/div>\n\n\t\t\t\t\t<div\n\t\t\t\tclass=\"sow-features-feature sow-icon-container-position-top \"\n\t\t\t\tstyle=\"display: flex; flex-direction: column; float: left; width: 20%;\"\n\t\t\t>\n\n\t\t\t\t\t\t\t\t\t<a\n\t\t\t\t\t\thref=\"https:\/\/www2.uepg.br\/direito\/setor-de-ciencias-juridicas\/colegiado-setorial\/\"\n\t\t\t\t\t\ttarget=\"_blank\" rel=\"noopener noreferrer\"\t\t\t\t\t>\n\t\t\t\t\t\t\t\t<div\n\t\t\t\t\tclass=\"sow-icon-container sow-container-rounded-square\"\n                    style=\"color: #e22457; \"\n\t\t\t\t\ttitle=\"Colegiado Setorial\">\n\t\t\t\t\t<span class=\"sow-icon-fontawesome sow-fas\" data-sow-icon=\"&#xf0b1;\"\n\t\tstyle=\"font-size: 40px; color: #FFFFFF\" \n\t\taria-hidden=\"true\"><\/span>\t\t\t\t<\/div>\n\t\t\t\t\t\t\t\t\t<\/a>\n\t\t\t\t\n\t\t\t\t<div class=\"textwidget\">\n\t\t\t\t\t\t\t\t\t\t\t<h5>\n\t\t\t\t\t\t\t\t\t\t\t\t\t\t\t<a\n\t\t\t\t\t\t\t\t\thref=\"https:\/\/www2.uepg.br\/direito\/setor-de-ciencias-juridicas\/colegiado-setorial\/\"\n\t\t\t\t\t\t\t\t\ttarget=\"_blank\" rel=\"noopener noreferrer\"\t\t\t\t\t\t\t\t>\n\t\t\t\t\t\t\t\n\t\t\t\t\t\t\tColegiado Setorial\t\t\t\t\t\t\t\t\t\t\t\t\t\t\t<\/a>\n\t\t\t\t\t\t\t\t\t\t\t\t\t<\/h5>\n\t\t\t\t\t\n\t\t\t\t\t\n\t\t\t\t\t\t\t\t\t<\/div>\n\t\t\t\t\t\t\t<\/div>\n\n\t\t\t\t\t<div\n\t\t\t\tclass=\"sow-features-feature sow-icon-container-position-top \"\n\t\t\t\tstyle=\"display: flex; flex-direction: column; float: left; width: 20%;\"\n\t\t\t>\n\n\t\t\t\t\t\t\t\t\t<a\n\t\t\t\t\t\thref=\"https:\/\/www2.uepg.br\/direito\/setor-de-ciencias-juridicas\/links-uteis\/\"\n\t\t\t\t\t\ttarget=\"_blank\" rel=\"noopener noreferrer\"\t\t\t\t\t>\n\t\t\t\t\t\t\t\t<div\n\t\t\t\t\tclass=\"sow-icon-container sow-container-rounded-square\"\n                    style=\"color: #163182; \"\n\t\t\t\t\ttitle=\"Links \u00dateis\">\n\t\t\t\t\t<span class=\"sow-icon-fontawesome sow-fas\" data-sow-icon=\"&#xf0c1;\"\n\t\tstyle=\"font-size: 40px; color: #FFFFFF\" \n\t\taria-hidden=\"true\"><\/span>\t\t\t\t<\/div>\n\t\t\t\t\t\t\t\t\t<\/a>\n\t\t\t\t\n\t\t\t\t<div class=\"textwidget\">\n\t\t\t\t\t\t\t\t\t\t\t<h5>\n\t\t\t\t\t\t\t\t\t\t\t\t\t\t\t<a\n\t\t\t\t\t\t\t\t\thref=\"https:\/\/www2.uepg.br\/direito\/setor-de-ciencias-juridicas\/links-uteis\/\"\n\t\t\t\t\t\t\t\t\ttarget=\"_blank\" rel=\"noopener noreferrer\"\t\t\t\t\t\t\t\t>\n\t\t\t\t\t\t\t\n\t\t\t\t\t\t\tLinks \u00dateis\t\t\t\t\t\t\t\t\t\t\t\t\t\t\t<\/a>\n\t\t\t\t\t\t\t\t\t\t\t\t\t<\/h5>\n\t\t\t\t\t\n\t\t\t\t\t\n\t\t\t\t\t\t\t\t\t<\/div>\n\t\t\t\t\t\t\t<\/div>\n\n\t\t\t\t\t<div\n\t\t\t\tclass=\"sow-features-feature sow-icon-container-position-top \"\n\t\t\t\tstyle=\"display: flex; flex-direction: column; float: left; width: 20%;\"\n\t\t\t>\n\n\t\t\t\t\t\t\t\t\t<a\n\t\t\t\t\t\thref=\"https:\/\/www2.uepg.br\/direito\/setor-de-ciencias-juridicas\/departamentos\/\"\n\t\t\t\t\t\ttarget=\"_blank\" rel=\"noopener noreferrer\"\t\t\t\t\t>\n\t\t\t\t\t\t\t\t<div\n\t\t\t\t\tclass=\"sow-icon-container sow-container-rounded-square\"\n                    style=\"color: #00d6a4; \"\n\t\t\t\t\ttitle=\"Departamentos\">\n\t\t\t\t\t<span class=\"sow-icon-fontawesome sow-fas\" data-sow-icon=\"&#xf236;\"\n\t\tstyle=\"font-size: 40px; color: #FFFFFF\" \n\t\taria-hidden=\"true\"><\/span>\t\t\t\t<\/div>\n\t\t\t\t\t\t\t\t\t<\/a>\n\t\t\t\t\n\t\t\t\t<div class=\"textwidget\">\n\t\t\t\t\t\t\t\t\t\t\t<h5>\n\t\t\t\t\t\t\t\t\t\t\t\t\t\t\t<a\n\t\t\t\t\t\t\t\t\thref=\"https:\/\/www2.uepg.br\/direito\/setor-de-ciencias-juridicas\/departamentos\/\"\n\t\t\t\t\t\t\t\t\ttarget=\"_blank\" rel=\"noopener noreferrer\"\t\t\t\t\t\t\t\t>\n\t\t\t\t\t\t\t\n\t\t\t\t\t\t\tDepartamentos\t\t\t\t\t\t\t\t\t\t\t\t\t\t\t<\/a>\n\t\t\t\t\t\t\t\t\t\t\t\t\t<\/h5>\n\t\t\t\t\t\n\t\t\t\t\t\n\t\t\t\t\t\t\t\t\t<\/div>\n\t\t\t\t\t\t\t<\/div>\n\n\t\t\t\t\t<div\n\t\t\t\tclass=\"sow-features-feature sow-icon-container-position-top sow-features-feature-last-row\"\n\t\t\t\tstyle=\"display: flex; flex-direction: column; float: left; width: 20%;\"\n\t\t\t>\n\n\t\t\t\t\t\t\t\t\t<a\n\t\t\t\t\t\thref=\"https:\/\/www2.uepg.br\/direito\/setor-de-ciencias-juridicas\/#contato\"\n\t\t\t\t\t\ttarget=\"_blank\" rel=\"noopener noreferrer\"\t\t\t\t\t>\n\t\t\t\t\t\t\t\t<div\n\t\t\t\t\tclass=\"sow-icon-container sow-container-rounded-square\"\n                    style=\"color: #6024e2; \"\n\t\t\t\t\ttitle=\"Contato\">\n\t\t\t\t\t<span class=\"sow-icon-fontawesome sow-fas\" data-sow-icon=\"&#xf674;\"\n\t\tstyle=\"font-size: 40px; color: #FFFFFF\" \n\t\taria-hidden=\"true\"><\/span>\t\t\t\t<\/div>\n\t\t\t\t\t\t\t\t\t<\/a>\n\t\t\t\t\n\t\t\t\t<div class=\"textwidget\">\n\t\t\t\t\t\t\t\t\t\t\t<h5>\n\t\t\t\t\t\t\t\t\t\t\t\t\t\t\t<a\n\t\t\t\t\t\t\t\t\thref=\"https:\/\/www2.uepg.br\/direito\/setor-de-ciencias-juridicas\/#contato\"\n\t\t\t\t\t\t\t\t\ttarget=\"_blank\" rel=\"noopener noreferrer\"\t\t\t\t\t\t\t\t>\n\t\t\t\t\t\t\t\n\t\t\t\t\t\t\tContato\t\t\t\t\t\t\t\t\t\t\t\t\t\t\t<\/a>\n\t\t\t\t\t\t\t\t\t\t\t\t\t<\/h5>\n\t\t\t\t\t\n\t\t\t\t\t\n\t\t\t\t\t\t\t\t\t<\/div>\n\t\t\t\t\t\t\t<\/div>\n\n\t\t\t\t\t<div\n\t\t\t\tclass=\"sow-features-feature sow-icon-container-position-top sow-features-feature-last-row\"\n\t\t\t\tstyle=\"display: flex; flex-direction: column; float: left; width: 20%;\"\n\t\t\t>\n\n\t\t\t\t\t\t\t\t\t<a\n\t\t\t\t\t\thref=\"https:\/\/www2.uepg.br\/direito\/setor-de-ciencias-juridicas\/fichas-de-tramites\/\"\n\t\t\t\t\t\ttarget=\"_blank\" rel=\"noopener noreferrer\"\t\t\t\t\t>\n\t\t\t\t\t\t\t\t<div\n\t\t\t\t\tclass=\"sow-icon-container sow-container-rounded-square\"\n                    style=\"color: #b522d6; \"\n\t\t\t\t\ttitle=\"Fichas de Tr\u00e2mites\">\n\t\t\t\t\t<span class=\"sow-icon-fontawesome sow-fas\" data-sow-icon=\"&#xf31c;\"\n\t\tstyle=\"font-size: 40px; color: #FFFFFF\" \n\t\taria-hidden=\"true\"><\/span>\t\t\t\t<\/div>\n\t\t\t\t\t\t\t\t\t<\/a>\n\t\t\t\t\n\t\t\t\t<div class=\"textwidget\">\n\t\t\t\t\t\t\t\t\t\t\t<h5>\n\t\t\t\t\t\t\t\t\t\t\t\t\t\t\t<a\n\t\t\t\t\t\t\t\t\thref=\"https:\/\/www2.uepg.br\/direito\/setor-de-ciencias-juridicas\/fichas-de-tramites\/\"\n\t\t\t\t\t\t\t\t\ttarget=\"_blank\" rel=\"noopener noreferrer\"\t\t\t\t\t\t\t\t>\n\t\t\t\t\t\t\t\n\t\t\t\t\t\t\tFichas de Tr\u00e2mites\t\t\t\t\t\t\t\t\t\t\t\t\t\t\t<\/a>\n\t\t\t\t\t\t\t\t\t\t\t\t\t<\/h5>\n\t\t\t\t\t\n\t\t\t\t\t\n\t\t\t\t\t\t\t\t\t<\/div>\n\t\t\t\t\t\t\t<\/div>\n\n\t\t\t\t\t<div\n\t\t\t\tclass=\"sow-features-feature sow-icon-container-position-top sow-features-feature-last-row\"\n\t\t\t\tstyle=\"display: flex; flex-direction: column; float: left; width: 20%;\"\n\t\t\t>\n\n\t\t\t\t\t\t\t\t\t<a\n\t\t\t\t\t\thref=\"https:\/\/www2.uepg.br\/direito\/relatorio-anual-secijur\/\"\n\t\t\t\t\t\ttarget=\"_blank\" rel=\"noopener noreferrer\"\t\t\t\t\t>\n\t\t\t\t\t\t\t\t<div\n\t\t\t\t\tclass=\"sow-icon-container sow-container-rounded-square\"\n                    style=\"color: #177f00; \"\n\t\t\t\t\ttitle=\"Relat\u00f3rio Anual \u2013 SECIJUR\">\n\t\t\t\t\t<span class=\"sow-icon-fontawesome sow-fas\" data-sow-icon=\"&#xf274;\"\n\t\tstyle=\"font-size: 40px; color: #FFFFFF\" \n\t\taria-hidden=\"true\"><\/span>\t\t\t\t<\/div>\n\t\t\t\t\t\t\t\t\t<\/a>\n\t\t\t\t\n\t\t\t\t<div class=\"textwidget\">\n\t\t\t\t\t\t\t\t\t\t\t<h5>\n\t\t\t\t\t\t\t\t\t\t\t\t\t\t\t<a\n\t\t\t\t\t\t\t\t\thref=\"https:\/\/www2.uepg.br\/direito\/relatorio-anual-secijur\/\"\n\t\t\t\t\t\t\t\t\ttarget=\"_blank\" rel=\"noopener noreferrer\"\t\t\t\t\t\t\t\t>\n\t\t\t\t\t\t\t\n\t\t\t\t\t\t\tRelat\u00f3rio Anual \u2013 SECIJUR\t\t\t\t\t\t\t\t\t\t\t\t\t\t\t<\/a>\n\t\t\t\t\t\t\t\t\t\t\t\t\t<\/h5>\n\t\t\t\t\t\n\t\t\t\t\t\n\t\t\t\t\t\t\t\t\t<\/div>\n\t\t\t\t\t\t\t<\/div>\n\n\t\t\t\t\t<div\n\t\t\t\tclass=\"sow-features-feature sow-icon-container-position-top sow-features-feature-last-row\"\n\t\t\t\tstyle=\"display: flex; flex-direction: column; float: left; width: 20%;\"\n\t\t\t>\n\n\t\t\t\t\t\t\t\t\t<a\n\t\t\t\t\t\thref=\"http:\/\/www2.uepg.br\/direito\/wp-content\/uploads\/sites\/76\/2023\/06\/calendario_presencial_2023.pdf\"\n\t\t\t\t\t\ttarget=\"_blank\" rel=\"noopener noreferrer\"\t\t\t\t\t>\n\t\t\t\t\t\t\t\t<div\n\t\t\t\t\tclass=\"sow-icon-container sow-container-rounded-square\"\n                    style=\"color: #007bf7; \"\n\t\t\t\t\ttitle=\"Calend\u00e1rio Acad\u00eamico\">\n\t\t\t\t\t<span class=\"sow-icon-fontawesome sow-fas\" data-sow-icon=\"&#xf783;\"\n\t\tstyle=\"font-size: 40px; color: #FFFFFF\" \n\t\taria-hidden=\"true\"><\/span>\t\t\t\t<\/div>\n\t\t\t\t\t\t\t\t\t<\/a>\n\t\t\t\t\n\t\t\t\t<div class=\"textwidget\">\n\t\t\t\t\t\t\t\t\t\t\t<h5>\n\t\t\t\t\t\t\t\t\t\t\t\t\t\t\t<a\n\t\t\t\t\t\t\t\t\thref=\"http:\/\/www2.uepg.br\/direito\/wp-content\/uploads\/sites\/76\/2023\/06\/calendario_presencial_2023.pdf\"\n\t\t\t\t\t\t\t\t\ttarget=\"_blank\" rel=\"noopener noreferrer\"\t\t\t\t\t\t\t\t>\n\t\t\t\t\t\t\t\n\t\t\t\t\t\t\tCalend\u00e1rio Acad\u00eamico\t\t\t\t\t\t\t\t\t\t\t\t\t\t\t<\/a>\n\t\t\t\t\t\t\t\t\t\t\t\t\t<\/h5>\n\t\t\t\t\t\n\t\t\t\t\t\n\t\t\t\t\t\t\t\t\t<\/div>\n\t\t\t\t\t\t\t<\/div>\n\n\t\t\t\n<\/div>\n<\/div><\/div><\/div><\/div><\/div><div id=\"pg-674-1\"  class=\"panel-grid panel-no-style\" ><div id=\"pgc-674-1-0\"  class=\"panel-grid-cell\" ><div id=\"panel-674-1-0-0\" class=\"so-panel widget widget_sow-editor panel-first-child panel-last-child\" data-index=\"1\" ><div\n\t\t\t\n\t\t\tclass=\"so-widget-sow-editor so-widget-sow-editor-base\"\n\t\t\t\n\t\t>\n<div class=\"siteorigin-widget-tinymce textwidget\">\n\t<h4 style=\"text-align: center;\"><strong>HIST\u00d3RICO DO CURSO DE DIREITO<\/strong><\/h4>\n<p>O Curso de Direito foi instalado no ano de 1958, congregando os docentes e as atividades da Faculdade Estadual de Direito de Ponta Grossa, a qual foi criada pela Lei n\u00ba 2.179 de 04\/08\/1954, e reconhecida pelo Decreto Federal n\u00ba 50.355, de 18\/03\/61. A partir do ano de 1970, com a cria\u00e7\u00e3o da Universidade Estadual de Ponta Grossa, o Departamento de Direito foi implantado, fundindo-se na nova estrutura.<\/p>\n<h4 style=\"text-align: center;\"><strong>HIST\u00d3RICO DO SETOR<\/strong><\/h4>\n<p>O Setor de Ci\u00eancias Jur\u00eddicas, identificado como Setor VI, \u00e9 um dos seis Setores de Conhecimento em que se estruturam as atividades administrativas, did\u00e1ticas, pedag\u00f3gicas e cient\u00edficas da Universidade Estadual de Ponta Grossa. Sendo que, oficialmente, foi criado em data de 22 de outubro de 1998, atrav\u00e9s da Resolu\u00e7\u00e3o Universit\u00e1ria n\u00ba 043, e instalado em 05 de abril de 1999 no Bloco A do Campus Central da UEPG.<\/p>\n<p>Ap\u00f3s a primeira elei\u00e7\u00e3o realizada, foi nomeada como Diretora a Professora Gr\u00e1cia Maria Vass\u00e3o Iezak, professora Assistente lotada no Departamento de Direito Processual e como Diretora Adjunta Professora Regina C\u00e9lia Grande Messias, professora Assistente lotada no Departamento de Direito Processual, nomeadas atrav\u00e9s da Portaria R. n\u00ba 073 de 25 de mar\u00e7o de 1999 com mandatos at\u00e9 31 de mar\u00e7o de 2003.<\/p>\n<p>A segunda elei\u00e7\u00e3o para escolha dos Diretores deste Setor, ocorreu em 19 de mar\u00e7o de 2003, culminando na nomea\u00e7\u00e3o da Professora Regina C\u00e9lia Grande Messias, professora Assistente lotada no Departamento de Direito Processual e Diretor Adjunto, o Professor Nelson Evangelista Henrique, professor Assistente lotado no Departamento de Direito do Estado, por meio da Portaria R. n\u00ba 059 de 31 de mar\u00e7o de 2003, com mandatos de 1\u00ba de abril de 2003 a 31 de mar\u00e7o de 2007. Todavia, o Diretor Adjunto acabou obtendo aposentadoria em 15 de setembro de 2003, sendo preenchida a Dire\u00e7\u00e3o Adjunta pela Professora Ros\u00e2ngela F\u00e1tima Penteado Brand\u00e3o, professora Assistente no mesmo Departamento do seu antecessor, pela Portaria R, n\u00ba 098 de 20 de maio de 2004, com mandato de 20 de maio de 2004 at\u00e9 31 de mar\u00e7o de 2007.<\/p>\n<p>Em 2007 a professora Ros\u00e2ngela F\u00e1tima Penteado Brand\u00e3o foi nomeada Diretora do Secijur, tendo o Professor Jos\u00e9 Altevir Mereth Barbosa da Cunha, professor Adjunto lotado no Departamento de Direito Processual, assumido a fun\u00e7\u00e3o de Diretor Adjunto, \u00a0pela Portaria R. n\u00ba 065 de 26 de mar\u00e7o de 2007, com mandatos de 1\u00ba de abril de 2007 a 31 de mar\u00e7o de 2011.<\/p>\n<p>No ano de 2011 foi nomeada Diretora do Setor de Ci\u00eancias Jur\u00eddicas a Professora Dirceia Moreira, professora Adjunta, lotada no Departamento de Direito Processual e Diretor Adjunto, o Professor Vanderlei Schneider de Lima, professor Assistente, lotado no Departamento de Direito das Rela\u00e7\u00f5es Sociais, por meio da Portaria R. n\u00ba 138, de 04 de abril de 2011, com mandato at\u00e9 31 de mar\u00e7o de 2015.<\/p>\n<p>A partir de 30 de agosto de 2014 o Professor Vanderlei Schneider de Lima, at\u00e9 ent\u00e3o Diretor Adjunto, assumiu a Dire\u00e7\u00e3o do Setor designado pela Portaria R. n\u00ba 303, de 29 de agosto de 2014, para cumprir o mandato at\u00e9 31 de mar\u00e7o de 2015.<\/p>\n<p>O Professor Vicente Paulo Hajaki Ribas, professor Assistente, lotado no Departamento de Direito do Estado e o Professor Rauli Gross J\u00fanior, professor Adjunto, lotado no Departamento de Direito Processual, foram designados Diretor e Diretor Adjunto respectivamente, nomeados pela Portaria R. n\u00ba 080 de 19 de mar\u00e7o de 2015, para o mandato de 01 de abril de 2015 a 31 de mar\u00e7o de 2019.<\/p>\n<p>Em 2019 foi nomeado Diretor do Setor de Ci\u00eancias Jur\u00eddicas o Professor Vanderlei Schneider de Lima, professor Adjunto, lotado no Departamento de Direito das Rela\u00e7\u00f5es Sociais e Diretora Adjunta, a professora Dirc\u00e9ia Moreira, professora Adjunta lotada no Departamento de Direito Processual, conforme a Portaria R. n\u00ba 137 de 25 de mar\u00e7o de 2019, com mandatos de 01 de abril de 2019 at\u00e9 31 de mar\u00e7o de 2023.<\/p>\n<p>Para o atual mandato foi nomeada Diretora do Setor de Ci\u00eancias Jur\u00eddicas a Professora Adriana Timoteo dos Santos, lotada no Departamento de Direito Processual, e Diretor Adjunto, o professor Marcelo Alves da Silva, lotado no Departamento de Direito do Estado, conforme a <a href=\"http:\/\/www2.uepg.br\/direito\/wp-content\/uploads\/sites\/76\/2023\/06\/21922023-03-2213.pdf\" target=\"_blank\" rel=\"noopener\">Portaria R. n\u00ba 192 de 22 de mar\u00e7o de 2023<\/a>, com mandatos de 01 de abril de 2023 at\u00e9 31 de mar\u00e7o de 2027.<\/p>\n<p>O Setor de Ci\u00eancias Jur\u00eddicas est\u00e1 instalado no Campus Central da Universidade Estadual de Ponta Grossa, Bloco \u201cA\u201d, com servi\u00e7o de secretaria na sala \u201cA\u201d 211 e Dire\u00e7\u00e3o do Setor na sala \u201cA\u201d 215.<\/p>\n<div id=\"contato\"><\/div>\n<p>&nbsp;<\/p>\n<h4 style=\"text-align: center;\"><strong><b>E-MAILS<\/b><\/strong><\/h4>\n<p style=\"text-align: center;\">Secretaria dos Departamentos: <a href=\"mailto:sgdd@uepg.br\"><u>sgdd@uepg.br<\/u><\/a><\/p>\n<p style=\"text-align: center;\">Coordena\u00e7\u00e3o do Curso: <a href=\"mailto:coldireito@uepg.br\"><u>coldireito@uepg.br<\/u><\/a><\/p>\n<p style=\"text-align: center;\">Setor de Ci\u00eancias Jur\u00eddicas: <a href=\"mailto:secijur@uepg.br\"><u>secijur@uepg.br<\/u><\/a><\/p>\n<p style=\"text-align: center;\"><strong><b>\u00a0<\/b><\/strong><\/p>\n<h4 style=\"text-align: center;\"><strong><b>TELEFONES<\/b><\/strong><\/h4>\n<p style=\"text-align: center;\">Secretaria Departamentos e da Coordena\u00e7\u00e3o: 3220-3397<\/p>\n<p style=\"text-align: center;\">Secretaria do Secijur: 3220-3451<\/p>\n<p style=\"text-align: center;\">Dire\u00e7\u00e3o do Secijur: 3220-3452<\/p>\n<\/div>\n<\/div><\/div><\/div><\/div><\/div>","protected":false},"excerpt":{"rendered":"<p>HIST\u00d3RICO DO CURSO DE DIREITO O Curso de Direito foi instalado no ano de 1958, congregando os docentes e as atividades da Faculdade Estadual de Direito de Ponta Grossa, a qual foi criada pela Lei n\u00ba 2.179 de 04\/08\/1954, e reconhecida pelo Decreto Federal n\u00ba 50.355, de 18\/03\/61. A partir do ano de 1970, com&nbsp;&hellip;<\/p>\n","protected":false},"author":24,"featured_media":388,"parent":0,"menu_order":0,"comment_status":"closed","ping_status":"closed","template":"","meta":[],"_links":{"self":[{"href":"https:\/\/www2.uepg.br\/direito\/wp-json\/wp\/v2\/pages\/674"}],"collection":[{"href":"https:\/\/www2.uepg.br\/direito\/wp-json\/wp\/v2\/pages"}],"about":[{"href":"https:\/\/www2.uepg.br\/direito\/wp-json\/wp\/v2\/types\/page"}],"author":[{"embeddable":true,"href":"https:\/\/www2.uepg.br\/direito\/wp-json\/wp\/v2\/users\/24"}],"replies":[{"embeddable":true,"href":"https:\/\/www2.uepg.br\/direito\/wp-json\/wp\/v2\/comments?post=674"}],"version-history":[{"count":29,"href":"https:\/\/www2.uepg.br\/direito\/wp-json\/wp\/v2\/pages\/674\/revisions"}],"predecessor-version":[{"id":1968,"href":"https:\/\/www2.uepg.br\/direito\/wp-json\/wp\/v2\/pages\/674\/revisions\/1968"}],"wp:featuredmedia":[{"embeddable":true,"href":"https:\/\/www2.uepg.br\/direito\/wp-json\/wp\/v2\/media\/388"}],"wp:attachment":[{"href":"https:\/\/www2.uepg.br\/direito\/wp-json\/wp\/v2\/media?parent=674"}],"curies":[{"name":"wp","href":"https:\/\/api.w.org\/{rel}","templated":true}]}}