{"id":687,"date":"2020-11-09T09:59:25","date_gmt":"2020-11-09T12:59:25","guid":{"rendered":"http:\/\/www2.uepg.br\/direito\/?page_id=687"},"modified":"2022-05-18T16:16:26","modified_gmt":"2022-05-18T19:16:26","slug":"links-uteis","status":"publish","type":"page","link":"https:\/\/www2.uepg.br\/direito\/setor-de-ciencias-juridicas\/links-uteis\/","title":{"rendered":"Links \u00dateis"},"content":{"rendered":"<p style=\"text-align: center;\"><a href=\"http:\/\/www.oabpg.org.br\/\">Ordem dos Advogados do Brasil \u2013 Ponta Grossa<\/a><\/p>\n<p style=\"text-align: center;\"><a href=\"http:\/\/www.assejepar.com.br\/\">Associa\u00e7\u00e3o dos Serventu\u00e1rios da Justi\u00e7a do Estado do Paran\u00e1<\/a><\/p>\n<p style=\"text-align: center;\"><a href=\"http:\/\/www.presidencia.gov.br\/legislacao\">Legisla\u00e7\u00e3o Federal<\/a><\/p>\n<p style=\"text-align: center;\"><a href=\"http:\/\/www.pr.gov.br\/casacivil\/legislacao\">Legisla\u00e7\u00e3o Estadual<\/a><\/p>\n<p style=\"text-align: center;\"><a href=\"http:\/\/www.stf.gov.br\/\">Supremo Tribunal Federal<\/a><\/p>\n<p style=\"text-align: center;\"><a href=\"http:\/\/www.stj.gov.br\/\">Superior Tribunal de Justi\u00e7a<\/a><\/p>\n<p style=\"text-align: center;\"><a href=\"http:\/\/www.trf4.gov.br\/\">Tribunal Regional Federal da 4\u00aa Regi\u00e3o<\/a><\/p>\n<p style=\"text-align: center;\"><a href=\"http:\/\/www.jfpr.gov.br\/\">Justi\u00e7a Federal do Paran\u00e1<\/a><\/p>\n<p style=\"text-align: center;\"><a href=\"http:\/\/www2.uepg.br\/direito\/wp-content\/uploads\/sites\/76\/2022\/05\/TERMO-DE-COMPROMISSO-Utilizacao-Espacos-2022.pdf\" target=\"_blank\" rel=\"noopener\">TERMO DE COMPROMISSO Utiliza\u00e7\u00e3o Espa\u00e7os 2022<\/a><\/p>\n<p style=\"text-align: center;\"><a href=\"http:\/\/www2.uepg.br\/direito\/wp-content\/uploads\/sites\/76\/2022\/05\/TERMO-DE-COMPROMISSO-PEQUENO-AUDITORIO-2022.pdf\" target=\"_blank\" rel=\"noopener\">TERMO DE COMPROMISSO PEQUENO AUDIT\u00d3RIO 2022<\/a><\/p>\n<p>&nbsp;<\/p>\n","protected":false},"excerpt":{"rendered":"<p>Ordem dos Advogados do Brasil \u2013 Ponta Grossa Associa\u00e7\u00e3o dos Serventu\u00e1rios da Justi\u00e7a do Estado do Paran\u00e1 Legisla\u00e7\u00e3o Federal Legisla\u00e7\u00e3o Estadual Supremo Tribunal Federal Superior Tribunal de Justi\u00e7a Tribunal Regional Federal da 4\u00aa Regi\u00e3o Justi\u00e7a Federal do Paran\u00e1 TERMO DE COMPROMISSO Utiliza\u00e7\u00e3o Espa\u00e7os 2022 TERMO DE COMPROMISSO PEQUENO AUDIT\u00d3RIO 2022 &nbsp;<\/p>\n","protected":false},"author":24,"featured_media":388,"parent":674,"menu_order":0,"comment_status":"closed","ping_status":"closed","template":"","meta":[],"_links":{"self":[{"href":"https:\/\/www2.uepg.br\/direito\/wp-json\/wp\/v2\/pages\/687"}],"collection":[{"href":"https:\/\/www2.uepg.br\/direito\/wp-json\/wp\/v2\/pages"}],"about":[{"href":"https:\/\/www2.uepg.br\/direito\/wp-json\/wp\/v2\/types\/page"}],"author":[{"embeddable":true,"href":"https:\/\/www2.uepg.br\/direito\/wp-json\/wp\/v2\/users\/24"}],"replies":[{"embeddable":true,"href":"https:\/\/www2.uepg.br\/direito\/wp-json\/wp\/v2\/comments?post=687"}],"version-history":[{"count":3,"href":"https:\/\/www2.uepg.br\/direito\/wp-json\/wp\/v2\/pages\/687\/revisions"}],"predecessor-version":[{"id":1515,"href":"https:\/\/www2.uepg.br\/direito\/wp-json\/wp\/v2\/pages\/687\/revisions\/1515"}],"up":[{"embeddable":true,"href":"https:\/\/www2.uepg.br\/direito\/wp-json\/wp\/v2\/pages\/674"}],"wp:featuredmedia":[{"embeddable":true,"href":"https:\/\/www2.uepg.br\/direito\/wp-json\/wp\/v2\/media\/388"}],"wp:attachment":[{"href":"https:\/\/www2.uepg.br\/direito\/wp-json\/wp\/v2\/media?parent=687"}],"curies":[{"name":"wp","href":"https:\/\/api.w.org\/{rel}","templated":true}]}}