{"id":177,"date":"2022-03-28T10:54:25","date_gmt":"2022-03-28T13:54:25","guid":{"rendered":"https:\/\/www2.uepg.br\/economia\/?page_id=177"},"modified":"2022-03-29T12:06:54","modified_gmt":"2022-03-29T15:06:54","slug":"encontros-sebrae","status":"publish","type":"page","link":"https:\/\/www2.uepg.br\/economia\/encontros-sebrae\/","title":{"rendered":"Encontros SEBRAE"},"content":{"rendered":"<div class=\"page-section row\">\n<div class=\"col-md-12\">\n<h2>Sobre o Evento<\/h2>\n<hr \/>\n<p>&nbsp;<\/p>\n<\/div>\n<\/div>\n<div class=\"page-section row\">\n<div class=\"col-md-12\">\n<div class=\"box-section \">O Programa Nacional de Educa\u00e7\u00e3o Empreendedora promove o desenvolvimento de compet\u00eancias empreendedoras e a inser\u00e7\u00e3o sustentada no mundo do trabalho. A Educa\u00e7\u00e3o Empreendedora prop\u00f5e a ruptura de um modelo de pr\u00e1tica educacional que privilegia a transmiss\u00e3o est\u00e1tica e a cr\u00edtica de dados e informa\u00e7\u00f5es sem estimular reflex\u00f5es ou a aplica\u00e7\u00e3o dos saberes na forma de a\u00e7\u00f5es transformadoras. Assim, a Educa\u00e7\u00e3o Empreendedora \u00e9 aquela que ajuda o estudante a enxergar e avaliar determinada situa\u00e7\u00e3o, assumindo uma posi\u00e7\u00e3o proativa frente a ela, capacitando-o a elaborar e planejar formas e estrat\u00e9gias de interagir com aquilo que ele passou a perceber. A Educa\u00e7\u00e3o Empreendedora \u00e9, por fim, o fortalecimento da cren\u00e7a em um futuro melhor, em que cada um \u00e9 capaz de construir e empreender.<\/div>\n<p>&nbsp;<\/p>\n<h2>A proposta do SEBRAE<\/h2>\n<hr \/>\n<p>&nbsp;<\/p>\n<div class=\"box-section \">O Programa Nacional de Educa\u00e7\u00e3o Empreendedora do Sebrae foi elaborado n\u00e3o com o prop\u00f3sito de \u201cuniformizar saberes\u201d ou mesmo buscando a \u201creprodu\u00e7\u00e3o em s\u00e9rie\u201d e est\u00e1tica de um conte\u00fado t\u00e3o rico. A inten\u00e7\u00e3o \u00e9 propor uma abordagem leve, interativa que, ao informar, tamb\u00e9m estimule, concomitantemente \u00e0 reflex\u00e3o, a ressignifica\u00e7\u00e3o e a aplica\u00e7\u00e3o pr\u00e1tica dos aprendizados constru\u00eddos.<\/div>\n<h2><\/h2>\n<p>&nbsp;<\/p>\n<h2>Inscri\u00e7\u00e3o<\/h2>\n<hr \/>\n<h2><\/h2>\n<div class=\"box-section \"><strong>A inscri\u00e7\u00e3o do evento \u00e9 gratuita e com direito a certificado de presen\u00e7a<\/strong>. A participa\u00e7\u00e3o \u00e9 aberta a todos os acad\u00eamicos de todos os cursos da UEPG. Para participar, basta preencher a ficha de inscri\u00e7\u00e3o\u00a0e entregar no dia do evento. O preenchimento de todos os campos da ficha de inscri\u00e7\u00e3o \u00e9 obrigat\u00f3rio.\u00a0<strong>O preenchimento incorreto\/incompleto e a aus\u00eancia da assinatura n\u00e3o dar\u00e1 direito ao certificado de presen\u00e7a<\/strong>.<\/div>\n<div><\/div>\n<h2><\/h2>\n<p>&nbsp;<\/p>\n<h2 class=\"alert-heading\">Contato<\/h2>\n<hr \/>\n<p>Prof\u00aa. Nelma Zubek Valente:\u00a0<strong>nzubek@usp.br<\/strong><\/p>\n<p>Prof\u00aa. Cleise Tupich Hilgemberg:\u00a0<strong>cleise@uepg.br<\/strong><\/p>\n<p>Felipe Lanzini Trentin:\u00a0<strong>economia@uepg.br<\/strong><\/p>\n<p>Fone:\u00a0<strong>3220-3394<\/strong><\/p>\n<\/div>\n<\/div>\n","protected":false},"excerpt":{"rendered":"<p>Sobre o Evento &nbsp; O Programa Nacional de Educa\u00e7\u00e3o Empreendedora promove o desenvolvimento de compet\u00eancias empreendedoras e a inser\u00e7\u00e3o sustentada no mundo do trabalho. A Educa\u00e7\u00e3o Empreendedora prop\u00f5e a ruptura de um modelo de pr\u00e1tica educacional que privilegia a transmiss\u00e3o est\u00e1tica e a cr\u00edtica de dados e informa\u00e7\u00f5es sem estimular reflex\u00f5es ou a aplica\u00e7\u00e3o dos&nbsp;&hellip;<\/p>\n","protected":false},"author":378,"featured_media":0,"parent":0,"menu_order":0,"comment_status":"closed","ping_status":"closed","template":"","meta":[],"_links":{"self":[{"href":"https:\/\/www2.uepg.br\/economia\/wp-json\/wp\/v2\/pages\/177"}],"collection":[{"href":"https:\/\/www2.uepg.br\/economia\/wp-json\/wp\/v2\/pages"}],"about":[{"href":"https:\/\/www2.uepg.br\/economia\/wp-json\/wp\/v2\/types\/page"}],"author":[{"embeddable":true,"href":"https:\/\/www2.uepg.br\/economia\/wp-json\/wp\/v2\/users\/378"}],"replies":[{"embeddable":true,"href":"https:\/\/www2.uepg.br\/economia\/wp-json\/wp\/v2\/comments?post=177"}],"version-history":[{"count":10,"href":"https:\/\/www2.uepg.br\/economia\/wp-json\/wp\/v2\/pages\/177\/revisions"}],"predecessor-version":[{"id":264,"href":"https:\/\/www2.uepg.br\/economia\/wp-json\/wp\/v2\/pages\/177\/revisions\/264"}],"wp:attachment":[{"href":"https:\/\/www2.uepg.br\/economia\/wp-json\/wp\/v2\/media?parent=177"}],"curies":[{"name":"wp","href":"https:\/\/api.w.org\/{rel}","templated":true}]}}