{"id":38,"date":"2020-07-13T10:57:41","date_gmt":"2020-07-13T13:57:41","guid":{"rendered":"http:\/\/www2.uepg.br\/educanto\/?page_id=38"},"modified":"2024-05-02T09:30:16","modified_gmt":"2024-05-02T12:30:16","slug":"quem-somos","status":"publish","type":"page","link":"https:\/\/www2.uepg.br\/educanto\/quem-somos\/","title":{"rendered":"Quem Somos"},"content":{"rendered":"<p>O projeto de extens\u00e3o \u201cEducanto: Educa\u00e7\u00e3o musical por meio do canto coral para crian\u00e7as e jovens\u201d, vinculado ao curso de Licenciatura em M\u00fasica da Universidade Estadual de Ponta Grossa, teve in\u00edcio no ano de 2016, com o objetivo de proporcionar aos acad\u00eamicos a oportunidade de pesquisar, refletir e vivenciar a pr\u00e1tica de canto coral infantojuvenil, al\u00e9m de ofertar \u00e0s crian\u00e7as participantes, a experi\u00eancia em participar de grupos corais, contribuindo para o desenvolvimento humano integral.<\/p>\n<p>O Educanto possui algumas frentes de atua\u00e7\u00e3o: os coros do Centro de Aten\u00e7\u00e3o Integral \u00e0 Crian\u00e7a e ao Adolescente (CAIC-UEPG), o Coro Infantojuvenil Tons e Cores e o Coro EntreTons.<\/p>\n<p>Conhe\u00e7a nossa equipe:<\/p>\n<p>&nbsp;<\/p>\n<p>&nbsp;<\/p>\n<h4 style=\"text-align: center\"><strong>CURSO DE LICENCIATURA EM ARTES VISUAIS<\/strong><\/h4>\n<p>&nbsp;<\/p>\n<p style=\"text-align: left\"><strong><a href=\"http:\/\/www2.uepg.br\/educanto\/wp-content\/uploads\/sites\/125\/2024\/04\/Antonio.jpeg\"><img loading=\"lazy\" class=\"wp-image-757 aligncenter\" src=\"http:\/\/www2.uepg.br\/educanto\/wp-content\/uploads\/sites\/125\/2024\/04\/Antonio.jpeg\" alt=\"\" width=\"197\" height=\"263\" \/><\/a><\/strong><\/p>\n<p style=\"text-align: left\"><strong>Antonio Carlos Marins da Silva &#8211;\u00a0<\/strong>Sou acad\u00eamico do curso de Licenciatura em Artes Visuais na Universidade Estadual de Ponta Grossa (UEPG). Entrei como bolsista de extens\u00e3o no Projeto Educanto em 2024. Participa como cantor no Coro EntreTons e atuo na \u00e1rea de artes do projeto.<\/p>\n<p>&nbsp;<\/p>\n<p><a href=\"https:\/\/www2.uepg.br\/educanto\/quem-somos\/bruno2023\/\" rel=\"attachment wp-att-469\"><img loading=\"lazy\" class=\"wp-image-469 aligncenter\" src=\"http:\/\/www2.uepg.br\/educanto\/wp-content\/uploads\/sites\/125\/2023\/02\/Bruno2023-234x300.jpg\" alt=\"\" width=\"195\" height=\"250\" srcset=\"https:\/\/www2.uepg.br\/educanto\/wp-content\/uploads\/sites\/125\/2023\/02\/Bruno2023-234x300.jpg 234w, https:\/\/www2.uepg.br\/educanto\/wp-content\/uploads\/sites\/125\/2023\/02\/Bruno2023.jpg 251w\" sizes=\"(max-width: 195px) 100vw, 195px\" \/><\/a><\/p>\n<p style=\"text-align: left\"><strong>Bruno dos Santos Farias &#8211;\u00a0<\/strong>Ingressei como acad\u00eamico do curso de Licenciatura em Artes Visuais na Universidade Estadual de Ponta Grossa (UEPG) em 2021. Sou bolsista de extens\u00e3o no Projeto Educanto desde o segundo semestre de 2022. Nele, atuo como designer gr\u00e1fico, fot\u00f3grafo, cen\u00f3grafo e participo como cantor no Coro EntreTons. Al\u00e9m disso, tamb\u00e9m trabalho como ilustrador, desenhista, colorista e possuo experi\u00eancia em pintura digital e tradicional.<\/p>\n<h4><\/h4>\n<h4 style=\"text-align: center\"><strong>CURSO BACHARELADO EM JORNALISMO<\/strong><\/h4>\n<p>&nbsp;<\/p>\n<p><a href=\"http:\/\/www2.uepg.br\/educanto\/wp-content\/uploads\/sites\/125\/2023\/12\/WhatsApp-Image-2023-12-15-at-18.00.11.jpeg\"><img loading=\"lazy\" class=\"wp-image-721 aligncenter\" src=\"http:\/\/www2.uepg.br\/educanto\/wp-content\/uploads\/sites\/125\/2023\/12\/WhatsApp-Image-2023-12-15-at-18.00.11.jpeg\" alt=\"\" width=\"192\" height=\"342\" \/><\/a><\/p>\n<p style=\"text-align: left\"><strong>Rafaela Isabelly Colman de Souza &#8211; <\/strong>Sou acad\u00eamica no curso de Bacharelado em Jornalismo na Universidade Estadual de Ponta Grossa (UEPG) desde 2021. Atuo como bolsista de extens\u00e3o no Projeto Educanto desde o segundo semestre de 2023. Nele, desenvolvo atividades como fot\u00f3grafa, assessora, redatora e editora.<\/p>\n<p>&nbsp;<\/p>\n<h4 style=\"text-align: center\"><strong>CURSO DE LICENCIATURA EM M\u00daSICA<\/strong><\/h4>\n<p>&nbsp;<\/p>\n<p><a href=\"http:\/\/www2.uepg.br\/educanto\/wp-content\/uploads\/sites\/125\/2024\/04\/Geraldo.jpeg\"><img loading=\"lazy\" class=\"wp-image-764 aligncenter\" src=\"http:\/\/www2.uepg.br\/educanto\/wp-content\/uploads\/sites\/125\/2024\/04\/Geraldo.jpeg\" alt=\"\" width=\"199\" height=\"317\" \/><\/a><\/p>\n<p style=\"text-align: left\"><strong>Geraldo Pietrochinski Filho &#8211;\u00a0<\/strong>Sou acad\u00eamico do curso de Licenciatura em M\u00fasica na UEPG. Tive meu primeiro contato com o meio musical com aulas de viol\u00e3o na minha cidade de origem, Reserva &#8211; PR, que foi quando me interessei pela \u00e1rea musical. Depois, vim para Ponta Grossa para poder ampliar meus conhecimentos e poder atuar como m\u00fasico-professor. Sou bolsista do projeto de extens\u00e3o Educanto, atuando regente assistente do Coro Infantojuvenil Tons e Cores, regente dos coros do 3o ano no CAIC e como cantor do Coro EntreTons.<\/p>\n<p>&nbsp;<\/p>\n<p><strong><a href=\"http:\/\/www2.uepg.br\/educanto\/wp-content\/uploads\/sites\/125\/2024\/04\/Lincoln.png\"><img loading=\"lazy\" class=\"wp-image-769 aligncenter\" src=\"http:\/\/www2.uepg.br\/educanto\/wp-content\/uploads\/sites\/125\/2024\/04\/Lincoln.png\" alt=\"\" width=\"248\" height=\"238\" \/><\/a><\/strong><\/p>\n<p style=\"text-align: left\"><strong>Lincoln Marcondes Cardoso &#8211;\u00a0<\/strong>Sou acad\u00eamico do curso de Licenciatura em M\u00fasica na Universidade Estadual de Ponta Grossa. Minha jornada musical teve in\u00edcio aos 10 anos, quando descobri minha paix\u00e3o pela guitarra e viol\u00e3o. Desde ent\u00e3o, me dediquei ao estudo desses instrumentos, explorando diferentes estilos e t\u00e9cnicas.\u00a0Toco com banda, e as apresenta\u00e7\u00f5es que realizo me proporcionam uma experi\u00eancia \u00fanica, ensinando-me a envolver e interagir com o p\u00fablico.\u00a0Ao participar do projeto Educanto, estou entusiasmado em compartilhar n\u00e3o apenas meus conhecimentos musicais, mas tamb\u00e9m meu amor pela m\u00fasica com as crian\u00e7as. Espero que essa experi\u00eancia as inspire a explorar e cultivar sua pr\u00f3pria paix\u00e3o, abrindo portas para futuros talentos musicais.<\/p>\n<p>&nbsp;<\/p>\n<p style=\"text-align: left\"><strong><a href=\"http:\/\/www2.uepg.br\/educanto\/wp-content\/uploads\/sites\/125\/2024\/04\/Lorena.jpeg\"><img loading=\"lazy\" class=\"wp-image-749 aligncenter\" src=\"http:\/\/www2.uepg.br\/educanto\/wp-content\/uploads\/sites\/125\/2024\/04\/Lorena.jpeg\" alt=\"\" width=\"235\" height=\"230\" \/><\/a><\/strong><\/p>\n<p style=\"text-align: left\"><strong>Lorena dos Santos Machado &#8211;\u00a0<\/strong>Sou acad\u00eamica do curso de Licenciatura em M\u00fasica na UEPG. Meu primeiro contato com a m\u00fasica foi em um ambiente religioso, onde aprendi a tocar \u00f3rg\u00e3o eletr\u00f4nico. No per\u00edodo de pandemia eu trabalhei com crian\u00e7as na parte de alfabetiza\u00e7\u00e3o e ent\u00e3o me encantei com a doc\u00eancia e, como a m\u00fasica sempre me fez um bem enorme, juntei o \u00fatil ao agrad\u00e1vel e decidi investir na licenciatura em M\u00fasica. Minhas maiores pretens\u00f5es s\u00e3o me especializar em m\u00fasica como forma de terapia e na educa\u00e7\u00e3o especial.<\/p>\n<p>&nbsp;<\/p>\n<p><a href=\"http:\/\/www2.uepg.br\/educanto\/wp-content\/uploads\/sites\/125\/2024\/04\/Malu.jpeg\"><img loading=\"lazy\" class=\"wp-image-775 aligncenter\" src=\"http:\/\/www2.uepg.br\/educanto\/wp-content\/uploads\/sites\/125\/2024\/04\/Malu.jpeg\" alt=\"\" width=\"235\" height=\"314\" \/><\/a><\/p>\n<p><strong>Maria Luane Martins de Ramos &#8211; <\/strong>Tamb\u00e9m sou conhecida como Prof. Malu e sempre adorei m\u00fasica. Mas foi apenas com 16 anos que comecei os estudos musicais com aulas particulares de viol\u00e3o. Entrei no projeto no primeiro ano de faculdade e continuo depois de um ano, muito contente em trabalhar com os alunos do CAIC.<\/p>\n<p>&nbsp;<\/p>\n<p><a href=\"http:\/\/www2.uepg.br\/educanto\/wp-content\/uploads\/sites\/125\/2024\/04\/Rafaela.png\"><img loading=\"lazy\" class=\"wp-image-755 aligncenter\" src=\"http:\/\/www2.uepg.br\/educanto\/wp-content\/uploads\/sites\/125\/2024\/04\/Rafaela.png\" alt=\"\" width=\"233\" height=\"283\" \/><\/a><\/p>\n<p style=\"text-align: left\"><strong>Rafaela Antunes Cardoso &#8211;\u00a0<\/strong>Estou cursando Licenciatura em M\u00fasica da UEPG e tamb\u00e9m frequento o curso de Canto L\u00edrico no Conservat\u00f3rio Maestro Paulino, onde tenho a oportunidade de participar de \u00f3peras. Al\u00e9m disso, integrei em diversos coros e atualmente fa\u00e7o parte do elenco do Coro Cidade de Ponta Grossa, como soprano. Estou extremamente feliz por atuar como volunt\u00e1ria no projeto Educanto, onde descobri a paix\u00e3o pela doc\u00eancia. Busco aprimorar minhas t\u00e9cnicas e ampliar meus conhecimentos, especialmente dentro do projeto, onde pretendo me desenvolver como educadora.<\/p>\n<p>&nbsp;<\/p>\n<p><a href=\"http:\/\/www2.uepg.br\/educanto\/wp-content\/uploads\/sites\/125\/2024\/04\/Renata.jpeg\"><img loading=\"lazy\" class=\"wp-image-745 aligncenter\" src=\"http:\/\/www2.uepg.br\/educanto\/wp-content\/uploads\/sites\/125\/2024\/04\/Renata.jpeg\" alt=\"\" width=\"276\" height=\"207\" \/><\/a><\/p>\n<p style=\"text-align: left\"><strong>Renata Martins Pereira &#8211;\u00a0<\/strong>Sou acad\u00eamica do curso de Licenciatura em M\u00fasica na UEPG e tive meu primeiro contato com instrumentos musicais na inf\u00e2ncia, com aulas de musicaliza\u00e7\u00e3o infantil e teclado eletr\u00f4nico. Na adolesc\u00eancia descobri o interesse na doc\u00eancia musical, em especial com o p\u00fablico infantil, o que me motivou a voluntariar-me no Projeto de Extens\u00e3o Educanto.<\/p>\n<p>&nbsp;<\/p>\n<p><a href=\"http:\/\/www2.uepg.br\/educanto\/wp-content\/uploads\/sites\/125\/2023\/07\/WhatsApp-Image-2023-06-26-at-08.57.19.jpeg\"><img loading=\"lazy\" class=\"wp-image-602 aligncenter\" src=\"http:\/\/www2.uepg.br\/educanto\/wp-content\/uploads\/sites\/125\/2023\/07\/WhatsApp-Image-2023-06-26-at-08.57.19.jpeg\" alt=\"\" width=\"198\" height=\"292\" \/><\/a><\/p>\n<p style=\"text-align: left\"><strong>Rubia Juliane Andrade Gomes &#8211;\u00a0<\/strong>Meu primeiro contato com a m\u00fasica foi em um ambiente religioso, onde cantava e tocava teclado. Sou acad\u00eamica do curso de Licenciatura em M\u00fasica e j\u00e1 ingressei no Projeto de Extens\u00e3o Educanto, na qual espero aprender e ampliar mais meus conhecimentos na pr\u00e1tica docente e do canto coral infantojuvenil.<\/p>\n<p>&nbsp;<\/p>\n<p style=\"text-align: left\"><strong><a href=\"http:\/\/www2.uepg.br\/educanto\/wp-content\/uploads\/sites\/125\/2024\/04\/Sabrina.jpeg\"><img loading=\"lazy\" class=\"wp-image-747 aligncenter\" src=\"http:\/\/www2.uepg.br\/educanto\/wp-content\/uploads\/sites\/125\/2024\/04\/Sabrina.jpeg\" alt=\"\" width=\"197\" height=\"262\" \/><\/a><\/strong><\/p>\n<p style=\"text-align: left\"><strong>Sabrina Pinto da Silva &#8211;\u00a0<\/strong>No ambiente religioso foi onde tive meu primeiro contato com a M\u00fasica. L\u00e1, aprendi a tocar flauta doce e saxofone alto. Atualmente sou acad\u00eamica do curso Licenciatura em M\u00fasica da UEPG, participo do projeto de extens\u00e3o Educanto e tamb\u00e9m do Coro em Cores.<\/p>\n<p>&nbsp;<\/p>\n<p><a href=\"http:\/\/www2.uepg.br\/educanto\/wp-content\/uploads\/sites\/125\/2024\/04\/Walter.jpeg\"><img loading=\"lazy\" class=\"wp-image-751 aligncenter\" src=\"http:\/\/www2.uepg.br\/educanto\/wp-content\/uploads\/sites\/125\/2024\/04\/Walter.jpeg\" alt=\"\" width=\"193\" height=\"343\" \/><\/a><\/p>\n<p style=\"text-align: left\"><strong>Walter Nascimento de Aguiar &#8211;\u00a0<\/strong>Sou calouro do curso de Licenciatura em M\u00fasica na UEPG e comecei na m\u00fasica com 4 anos de idade fazendo musicaliza\u00e7\u00e3o no Conservat\u00f3rio Maestro Paulino. L\u00e1 descobri o que queria seguir para a minha vida toda! Participei da Banda Lyra dos Campos, j\u00e1 fiz parte de alguns coros infantojuvenis e sempre amei estar nesse meio. J\u00e1 trabalhei com crian\u00e7as em um projeto que havia em minha antiga escola, mas nada relacionado \u00e0 m\u00fasica. Logo que entrei na UEPG nos foi apresentado o projeto EDUCANTO. Fiquei encantado e n\u00e3o pensei duas vezes! Me propus a ser volunt\u00e1rio. Atualmente fa\u00e7o parte dos projetos EDUCANTO, Coro em Cores e Paran\u00e1 Canta, todos relacionados ao canto coral e ofertados pela universidade.<\/p>\n<h4><\/h4>\n<p>&nbsp;<\/p>\n<h4 style=\"text-align: center\"><strong>MESTRADO &#8211; PPGECEM<\/strong><\/h4>\n<p>&nbsp;<\/p>\n<p><a href=\"http:\/\/www2.uepg.br\/educanto\/wp-content\/uploads\/sites\/125\/2024\/02\/WhatsApp-Image-2024-02-22-at-15.28.52.jpeg\"><img loading=\"lazy\" class=\"wp-image-727 aligncenter\" src=\"http:\/\/www2.uepg.br\/educanto\/wp-content\/uploads\/sites\/125\/2024\/02\/WhatsApp-Image-2024-02-22-at-15.28.52.jpeg\" alt=\"\" width=\"194\" height=\"344\" \/><\/a><\/p>\n<p style=\"text-align: left\"><strong>Ana Cristina Maia Wurmli &#8211;\u00a0<\/strong>Sou mestranda do Programa de P\u00f3s-Gradua\u00e7\u00e3o em Ensino de Ci\u00eancias e Educa\u00e7\u00e3o Matem\u00e1tica pelo programa PPGECEM\/UEPG; p\u00f3s graduada em Ensino da M\u00fasica com \u00eanfase em metodologias do Ensino da M\u00fasica pela Faculdade\u00a0 D.Alberto\/EAD; licenciada em M\u00fasica pela Universidade Estadual de Ponta Grossa; atualmente sou professora de Musicaliza\u00e7\u00e3o na Escola Social Marista Santa M\u00f4nica em Ponta Grossa; professora de Musicaliza\u00e7\u00e3o e Canto Coral Infantil pelo Projeto Viva M\u00fasica &#8211; p\u00f3lo Unibem de Imbituva; regente volunt\u00e1ria da Orquestra\/Coral da Igreja Crist\u00e3 Maranata Regi\u00e3o Curitiba; regente volunt\u00e1ria\u00a0 no Projeto Aprendiz J\u00fanior\u00a0 da Igreja\u00a0 Crist\u00e3\u00a0 Maranata; atuo como volunt\u00e1ria no Projeto Educanto.<\/p>\n<p>&nbsp;<\/p>\n<p><a href=\"https:\/\/www2.uepg.br\/educanto\/quem-somos\/juliana\/\" rel=\"attachment wp-att-483\"><img loading=\"lazy\" class=\"wp-image-483 aligncenter\" src=\"http:\/\/www2.uepg.br\/educanto\/wp-content\/uploads\/sites\/125\/2023\/02\/Juliana-293x300.png\" alt=\"\" width=\"254\" height=\"260\" srcset=\"https:\/\/www2.uepg.br\/educanto\/wp-content\/uploads\/sites\/125\/2023\/02\/Juliana-293x300.png 293w, https:\/\/www2.uepg.br\/educanto\/wp-content\/uploads\/sites\/125\/2023\/02\/Juliana.png 564w\" sizes=\"(max-width: 254px) 100vw, 254px\" \/><\/a><\/p>\n<p style=\"text-align: left\"><strong>Juliana Noimann Sniegovski &#8211;\u00a0<\/strong>Faz 15 anos que sou regente de turma no ensino fundamental \u2013 anos iniciais. Desde 2015, assumi a tutoria na educa\u00e7\u00e3o inclusiva. Minha primeira forma\u00e7\u00e3o \u00e9 Licenciatura em Pedagogia. Depois, cursei Licenciatura em Letras\/Portugu\u00eas &#8211; Espanhol, ambas pela Universidade Estadual de Ponta Grossa. Entre as licenciaturas, fiz especializa\u00e7\u00e3o em Psicopedagogia no Centro Universit\u00e1rio Internacional (UNINTER), que possibilitou lecionar no Centro de Ensino Tecnol\u00f3gico e Superior (FATI) em Arapoti. A partir de 2022, sou mestranda no Programa de P\u00f3s-Gradua\u00e7\u00e3o em Ensino de Ci\u00eancias e Educa\u00e7\u00e3o Matem\u00e1tica pela UEPG. Atrav\u00e9s do mestrado fa\u00e7o parte do projeto Educanto, o qual a minha atividade \u00e9 proporcionar com a pesquisa que desenvolvo, atividades interdisciplinares entre o ensino de ci\u00eancias e a pr\u00e1tica de canto coral.<\/p>\n<p>&nbsp;<\/p>\n<p><a href=\"http:\/\/www2.uepg.br\/educanto\/wp-content\/uploads\/sites\/125\/2024\/02\/Muriele.jpeg\"><img loading=\"lazy\" class=\"wp-image-726 aligncenter\" src=\"http:\/\/www2.uepg.br\/educanto\/wp-content\/uploads\/sites\/125\/2024\/02\/Muriele.jpeg\" alt=\"\" width=\"197\" height=\"351\" \/><\/a><\/p>\n<p style=\"text-align: left\"><strong>Muriele Ferreira Ribeiro &#8211;\u00a0<\/strong>Possuo gradua\u00e7\u00e3o em Licenciatura em Matem\u00e1tica e em Pedagogia, ambas pela UEPG\u00a0 e especializa\u00e7\u00e3o em Metodologia do Ensino da Matem\u00e1tica pela UNINTER. Atuo h\u00e1 5 anos como professora de Matem\u00e1tica dos anos finais do Ensino Fundamental em col\u00e9gios estaduais de Ponta Grossa. Sou mestranda do Programa de P\u00f3s-Gradua\u00e7\u00e3o em Ensino de Ci\u00eancias e Educa\u00e7\u00e3o Matem\u00e1tica da UEPG, onde pesquiso a rela\u00e7\u00e3o interdisciplinar entre Matem\u00e1tica e a M\u00fasica.<\/p>\n<p>&nbsp;<\/p>\n<h4 style=\"text-align: center\"><strong>PROFESSORES ORIENTADORES<\/strong><\/h4>\n<p>&nbsp;<\/p>\n<p>&nbsp;<\/p>\n<p><a href=\"https:\/\/www2.uepg.br\/educanto\/quem-somos\/carla\/\" rel=\"attachment wp-att-471\"><img loading=\"lazy\" class=\"wp-image-471 aligncenter\" src=\"http:\/\/www2.uepg.br\/educanto\/wp-content\/uploads\/sites\/125\/2023\/02\/Carla-246x300.jpg\" alt=\"\" width=\"210\" height=\"256\" srcset=\"https:\/\/www2.uepg.br\/educanto\/wp-content\/uploads\/sites\/125\/2023\/02\/Carla-246x300.jpg 246w, https:\/\/www2.uepg.br\/educanto\/wp-content\/uploads\/sites\/125\/2023\/02\/Carla-839x1024.jpg 839w, https:\/\/www2.uepg.br\/educanto\/wp-content\/uploads\/sites\/125\/2023\/02\/Carla-768x937.jpg 768w, https:\/\/www2.uepg.br\/educanto\/wp-content\/uploads\/sites\/125\/2023\/02\/Carla-885x1080.jpg 885w, https:\/\/www2.uepg.br\/educanto\/wp-content\/uploads\/sites\/125\/2023\/02\/Carla.jpg 1149w\" sizes=\"(max-width: 210px) 100vw, 210px\" \/><\/a><\/p>\n<p><strong>Carla Irene Roggenkamp &#8211;\u00a0<\/strong>Licenciada em M\u00fasica \u2013 Educa\u00e7\u00e3o Musical, pela Universidade Federal do Paran\u00e1, com mestrado e doutorado em Educa\u00e7\u00e3o, pela Universidade Estadual de Ponta Grossa. Atua como regente de coros desde 1994, tendo regido o Coral da Igreja Bom Pastor de Ponta Grossa (1994-1998), Coral Infantil da Escola Bom Pastor (1994-1998), Coral Infantil da Escola S\u00e3o Jos\u00e9 (1995-1998), Coral Infantil do Col\u00e9gio Neo Master (1995-1998), Coral Infantil do Col\u00e9gio Marista Pio XII (2000), Coral Infantil do Conservat\u00f3rio Maestro Paulino (2000), Coral de Acad\u00eamicos do Departamentos de Artes da UFPR (2001-2004), Coral da Igreja Bom Pastor de Curitiba (2001-2008), Coro Cidade de Ponta Grossa (2008-presente) e Coro da UEPG\/Coro em Cores (2010-presente). \u00c9 professora do Departamento de Artes da Universidade Estadual de Ponta Grossa, onde leciona atualmente as disciplinas de An\u00e1lise Musical, Contraponto, Metodologias do Ensino da M\u00fasica, Coral I e Coral III. Realiza pesquisas nas \u00e1reas da Educa\u00e7\u00e3o, Educa\u00e7\u00e3o Musical, Estado e Sociedade.<\/p>\n<p>&nbsp;<\/p>\n<p style=\"text-align: right\"><strong><a href=\"https:\/\/www2.uepg.br\/educanto\/quem-somos\/foto-rogerio\/\" rel=\"attachment wp-att-472\"><img loading=\"lazy\" class=\"wp-image-472 aligncenter\" src=\"http:\/\/www2.uepg.br\/educanto\/wp-content\/uploads\/sites\/125\/2023\/02\/Foto-Rogerio-239x300.jpg\" alt=\"\" width=\"192\" height=\"241\" srcset=\"https:\/\/www2.uepg.br\/educanto\/wp-content\/uploads\/sites\/125\/2023\/02\/Foto-Rogerio-239x300.jpg 239w, https:\/\/www2.uepg.br\/educanto\/wp-content\/uploads\/sites\/125\/2023\/02\/Foto-Rogerio-816x1024.jpg 816w, https:\/\/www2.uepg.br\/educanto\/wp-content\/uploads\/sites\/125\/2023\/02\/Foto-Rogerio-768x964.jpg 768w, https:\/\/www2.uepg.br\/educanto\/wp-content\/uploads\/sites\/125\/2023\/02\/Foto-Rogerio-1224x1536.jpg 1224w, https:\/\/www2.uepg.br\/educanto\/wp-content\/uploads\/sites\/125\/2023\/02\/Foto-Rogerio-1632x2048.jpg 1632w, https:\/\/www2.uepg.br\/educanto\/wp-content\/uploads\/sites\/125\/2023\/02\/Foto-Rogerio-1232x1546.jpg 1232w, https:\/\/www2.uepg.br\/educanto\/wp-content\/uploads\/sites\/125\/2023\/02\/Foto-Rogerio-861x1080.jpg 861w, https:\/\/www2.uepg.br\/educanto\/wp-content\/uploads\/sites\/125\/2023\/02\/Foto-Rogerio-scaled.jpg 2040w\" sizes=\"(max-width: 192px) 100vw, 192px\" \/><\/a><\/strong><\/p>\n<p style=\"text-align: left\"><strong>Rog\u00e9rio de Brito Bergold &#8211;\u00a0<\/strong>Formado em Licenciatura em M\u00fasica pela Escola de M\u00fasica e Belas Artes do Paran\u00e1. Especialista em Linguagem e Estrutura\u00e7\u00e3o Musical pela Faculdade de M\u00fasica Carlos Gomes (SP). Mestre em Musicologia pela Universidade Federal do Estado do Rio de Janeiro (UNIRIO). Doutor em Ci\u00eancias Sociais Aplicadas pela Universidade Estadual de Ponta Grossa (UEPG). Na \u00e1rea de Coral, participou em diversos corais de igreja; no Madrigal Ad Music (Curitiba), sob a reg\u00eancia de Emanuel Martinez; integrou o Coro em duas apresenta\u00e7\u00f5es da 2\u00aa Sinfonia de Mahler (Teatro Gua\u00edra e 1\u00aa Igreja Batista de Curitiba), no ano de 2013, sob a reg\u00eancia de Osvaldo Ferreira. Atuou tamb\u00e9m como ensaiador de vozes em Corais de empresa, como Placas do Paran\u00e1, Coro It\u00e1lico, Hermes Macedo, Federa\u00e7\u00e3o Esp\u00edrita do Paran\u00e1. Como maestro regeu o coral da Igreja Adventista Central, Igreja Adventista de Santa Quit\u00e9ria e Igreja Adventista do Port\u00e3o, todos na cidade de Curitiba. Atualmente \u00e9 docente no curso de Licenciatura em M\u00fasica da Universidade Estadual de Ponta Grossa.<\/p>\n<p>&nbsp;<\/p>\n<p><a href=\"http:\/\/www2.uepg.br\/educanto\/wp-content\/uploads\/sites\/125\/2023\/07\/WhatsApp-Image-2023-07-17-at-11.27.53.jpeg\"><img loading=\"lazy\" class=\"wp-image-603 aligncenter\" src=\"http:\/\/www2.uepg.br\/educanto\/wp-content\/uploads\/sites\/125\/2023\/07\/WhatsApp-Image-2023-07-17-at-11.27.53.jpeg\" alt=\"\" width=\"225\" height=\"300\" \/><\/a><\/p>\n<p style=\"text-align: left\"><strong>Ronaldo da Silva &#8211;\u00a0<\/strong>Bacharel em piano pelo Instituto de Artes da Universidade Estadual Paulista (UNESP), Licenciado e especialista em Educa\u00e7\u00e3o Musical pela Faculdade de M\u00fasica Carlos Gomes (SP). Realizou o mestrado e doutorado na \u00e1rea de Fundamentos Te\u00f3ricos no Instituto de Artes da Universidade Estadual de Campinas (UNICAMP). Desenvolve pesquisas na \u00e1rea da cogni\u00e7\u00e3o musical, com temas ligados \u00e0 leitura musical significativa em m\u00fasicos instrumentistas profissionais e em crian\u00e7as inseridas na pr\u00e1tica de canto coral. Regeu os coros infantil, juvenil e jovem dos Col\u00e9gios Adventistas de Jd. Utinga (Santo Andr\u00e9 &#8211; SP) e de Tatu\u00ed (SP) e coro infantil do Col\u00e9gio Agostiniano Mendel (S\u00e3o Paulo &#8211; SP). No Conservat\u00f3rio Dram\u00e1tico e Musical de Tatu\u00ed (SP) atuou como regente de coros Infantis, juvenis e adultos; nessa institui\u00e7\u00e3o, ministrou aulas de t\u00e9cnica vocal infantil e coordenou a \u00e1rea de Educa\u00e7\u00e3o Musical. Comp\u00f4s cerca de 40 can\u00e7\u00f5es infantis editadas e gravadas pela Casa Publicadora Brasileira (selo MUSICASA). \u00c9 compositor e arranjador de obras para coros em diversas forma\u00e7\u00f5es. Tem ministrado oficinas de canto coral e leitura musical em diversas cidades brasileiras. Atualmente \u00e9 docente do curso de Licenciatura em M\u00fasica e do Programa de P\u00f3s-Gradua\u00e7\u00e3o em Ensino de Ci\u00eancias e Educa\u00e7\u00e3o Matem\u00e1tica da Universidade Estadual de Ponta Grossa, coordena o Grupo de Estudo e Pesquisa em Cogni\u00e7\u00e3o e Educa\u00e7\u00e3o Musical (GEPCEM) cadastrado no diret\u00f3rio do CNPq, e o projeto de extens\u00e3o Educanto.<\/p>\n<p>&nbsp;<\/p>\n<p style=\"text-align: left\"><strong><a href=\"https:\/\/www2.uepg.br\/educanto\/quem-somos\/suelen\/\" rel=\"attachment wp-att-491\"><img loading=\"lazy\" class=\"wp-image-491 aligncenter\" src=\"http:\/\/www2.uepg.br\/educanto\/wp-content\/uploads\/sites\/125\/2023\/02\/Suelen-225x300.jpeg\" alt=\"\" width=\"213\" height=\"284\" srcset=\"https:\/\/www2.uepg.br\/educanto\/wp-content\/uploads\/sites\/125\/2023\/02\/Suelen-225x300.jpeg 225w, https:\/\/www2.uepg.br\/educanto\/wp-content\/uploads\/sites\/125\/2023\/02\/Suelen-768x1024.jpeg 768w, https:\/\/www2.uepg.br\/educanto\/wp-content\/uploads\/sites\/125\/2023\/02\/Suelen-810x1080.jpeg 810w, https:\/\/www2.uepg.br\/educanto\/wp-content\/uploads\/sites\/125\/2023\/02\/Suelen.jpeg 990w\" sizes=\"(max-width: 213px) 100vw, 213px\" \/><\/a><\/strong><\/p>\n<p style=\"text-align: left\"><strong>Suelen Ribeiro Galdino &#8211;\u00a0<\/strong>Possui gradua\u00e7\u00e3o em Licenciatura em M\u00fasica pela Universidade Estadual de Ponta Grossa (2006) e Mestrado Profissional em Artes pela Universidade do Estado de Santa Catarina (2015). Atualmente \u00e9 docente pela Secretaria de Educa\u00e7\u00e3o do Estado do Paran\u00e1 na educa\u00e7\u00e3o b\u00e1sica e professora colaboradora na UEPG, atuando principalmente nos seguintes temas: educa\u00e7\u00e3o musical e canto-coral. No projeto Educanto, atua como regente do Coro EntreTons.<\/p>\n<p>&nbsp;<\/p>\n<p>&nbsp;<\/p>\n<p style=\"text-align: center\">\n","protected":false},"excerpt":{"rendered":"<p>O projeto de extens\u00e3o \u201cEducanto: Educa\u00e7\u00e3o musical por meio do canto coral para crian\u00e7as e jovens\u201d, vinculado ao curso de Licenciatura em M\u00fasica da Universidade Estadual de Ponta Grossa, teve in\u00edcio no ano de 2016, com o objetivo de proporcionar aos acad\u00eamicos a oportunidade de pesquisar, refletir e vivenciar a pr\u00e1tica de canto coral infantojuvenil,&nbsp;&hellip;<\/p>\n","protected":false},"author":24,"featured_media":0,"parent":0,"menu_order":0,"comment_status":"closed","ping_status":"closed","template":"","meta":[],"_links":{"self":[{"href":"https:\/\/www2.uepg.br\/educanto\/wp-json\/wp\/v2\/pages\/38"}],"collection":[{"href":"https:\/\/www2.uepg.br\/educanto\/wp-json\/wp\/v2\/pages"}],"about":[{"href":"https:\/\/www2.uepg.br\/educanto\/wp-json\/wp\/v2\/types\/page"}],"author":[{"embeddable":true,"href":"https:\/\/www2.uepg.br\/educanto\/wp-json\/wp\/v2\/users\/24"}],"replies":[{"embeddable":true,"href":"https:\/\/www2.uepg.br\/educanto\/wp-json\/wp\/v2\/comments?post=38"}],"version-history":[{"count":44,"href":"https:\/\/www2.uepg.br\/educanto\/wp-json\/wp\/v2\/pages\/38\/revisions"}],"predecessor-version":[{"id":782,"href":"https:\/\/www2.uepg.br\/educanto\/wp-json\/wp\/v2\/pages\/38\/revisions\/782"}],"wp:attachment":[{"href":"https:\/\/www2.uepg.br\/educanto\/wp-json\/wp\/v2\/media?parent=38"}],"curies":[{"name":"wp","href":"https:\/\/api.w.org\/{rel}","templated":true}]}}