{"id":67,"date":"2020-07-13T11:40:41","date_gmt":"2020-07-13T14:40:41","guid":{"rendered":"http:\/\/www2.uepg.br\/educanto\/?page_id=67"},"modified":"2024-04-30T11:42:27","modified_gmt":"2024-04-30T14:42:27","slug":"eventos","status":"publish","type":"page","link":"https:\/\/www2.uepg.br\/educanto\/eventos\/","title":{"rendered":"Eventos"},"content":{"rendered":"<div id=\"pl-67\"  class=\"panel-layout\" ><div id=\"pg-67-0\"  class=\"panel-grid panel-no-style\" ><div id=\"pgc-67-0-0\"  class=\"panel-grid-cell\" ><div id=\"panel-67-0-0-0\" class=\"so-panel widget widget_sow-accordion panel-first-child panel-last-child\" data-index=\"0\" ><div\n\t\t\t\n\t\t\tclass=\"so-widget-sow-accordion so-widget-sow-accordion-default-6c5e62052806-67\"\n\t\t\t\n\t\t><div>\n\t<div class=\"sow-accordion\">\n\t\t\t<div class=\"sow-accordion-panel\"\n\t\t\t data-anchor=\"xxix-encontro-de-coros-infantojuvenis-da-uepg-2023\">\n\t\t\t\t<div class=\"sow-accordion-panel-header-container\" role=\"heading\" aria-level=\"2\">\n\t\t\t\t\t<div class=\"sow-accordion-panel-header\" tabindex=\"0\" role=\"button\" id=\"accordion-label-xxix-encontro-de-coros-infantojuvenis-da-uepg-2023\" aria-controls=\"accordion-content-xxix-encontro-de-coros-infantojuvenis-da-uepg-2023\" aria-expanded=\"false\">\n\t\t\t\t\t\t<div class=\"sow-accordion-title sow-accordion-title-icon-left\">\n\t\t\t\t\t\t\t\t\t\t\t\t\t\tXXIX ENCONTRO DE COROS INFANTOJUVENIS DA UEPG (2023)\t\t\t\t\t\t\t\t\t\t\t\t\t<\/div>\n\t\t\t\t\t\t<div class=\"sow-accordion-open-close-button\">\n\t\t\t\t\t\t\t<div class=\"sow-accordion-open-button\">\n\t\t\t\t\t\t\t\t<span class=\"sow-icon-ionicons\" data-sow-icon=\"&#xf218;\"\n\t\t \n\t\taria-hidden=\"true\"><\/span>\t\t\t\t\t\t\t<\/div>\n\t\t\t\t\t\t\t<div class=\"sow-accordion-close-button\">\n\t\t\t\t\t\t\t\t<span class=\"sow-icon-ionicons\" data-sow-icon=\"&#xf209;\"\n\t\t \n\t\taria-hidden=\"true\"><\/span>\t\t\t\t\t\t\t<\/div>\n\t\t\t\t\t\t<\/div>\n\t\t\t\t\t<\/div>\n\t\t\t\t<\/div>\n\n\t\t\t<div\n\t\t\t\tclass=\"sow-accordion-panel-content\"\n\t\t\t\trole=\"region\"\n\t\t\t\taria-labelledby=\"accordion-label-xxix-encontro-de-coros-infantojuvenis-da-uepg-2023\"\n\t\t\t\tid=\"accordion-content-xxix-encontro-de-coros-infantojuvenis-da-uepg-2023\"\n\t\t\t\tstyle=\"display: none;\"\t\t\t>\n\t\t\t\t<div class=\"sow-accordion-panel-border\" tabindex=\"0\">\n\t\t\t\t\t<p style=\"text-align: center\"><b><a href=\"http:\/\/www2.uepg.br\/educanto\/wp-content\/uploads\/sites\/125\/2023\/09\/capa-formulario@4x.jpg\"><img class=\"alignnone size-full wp-image-667\" src=\"http:\/\/www2.uepg.br\/educanto\/wp-content\/uploads\/sites\/125\/2023\/09\/capa-formulario@4x.jpg\" alt=\"\" width=\"6401\" height=\"1600\" \/><\/a><\/b><\/p>\n<p style=\"text-align: center\"><strong><span style=\"color: #000000\">Regulamento - 2023<\/span><\/strong><\/p>\n<p><span style=\"font-weight: 400\">\u00a0<\/span><\/p>\n<p><span style=\"font-weight: 400\">O Departamento de Artes da Universidade Estadual de Ponta Grossa, por meio do Curso de Licenciatura em M\u00fasica e do projeto de extens\u00e3o \u201cEducanto: educa\u00e7\u00e3o musical por meio do canto coral para crian\u00e7as e jovens\u201d divulga o <\/span><b>regulamento <\/b><span style=\"font-weight: 400\">para o <\/span><b>XXIX Encontro de Coros Infantojuvenis da Universidade Estadual de Ponta Grossa<\/b><span style=\"font-weight: 400\">, que conta com o apoio da Pr\u00f3-reitoria de Extens\u00e3o e Assuntos Culturais e do Programa de P\u00f3s-Gradua\u00e7\u00e3o em Ensino de Ci\u00eancias e Educa\u00e7\u00e3o Matem\u00e1tica (PPGECEM-UEPG).<\/span><\/p>\n<p><strong>\u00a01. CARACTERIZA\u00c7\u00c3O E OBJETIVO<\/strong><\/p>\n<p><span style=\"font-weight: 400\">O XXIX Encontro de Coros Infantojuvenis da UEPG \u00e9 uma a\u00e7\u00e3o educativa e cultural voltado para coros infantis, infantojuvenis e jovens da cidade de Ponta Grossa e regi\u00e3o, com o objetivo geral de fomentar a pr\u00e1tica do canto coral na regi\u00e3o dos Campos Gerais, oportunizando espa\u00e7os de conv\u00edvio e trocas art\u00edsticas entre cantores, regentes, estudantes de m\u00fasica e p\u00fablico em geral.<\/span><\/p>\n<p><strong>2. <\/strong><strong>DATA E LOCAL<\/strong><\/p>\n<p><span style=\"font-weight: 400\">\u00a0\u00a0\u00a0\u00a0\u00a0\u00a0\u00a0\u00a0\u00a0\u00a0\u00a0\u00a0<\/span> <span style=\"font-weight: 400\">O XXIX Encontro de Coros Infantojuvenis da UEPG ser\u00e1 realizado nos <\/span><b>dias 22 e 23 de novembro de 2023, \u00e0s 19h30min.,<\/b><span style=\"font-weight: 400\"> na Igreja Luterana Bom Pastor, situada \u00e0 rua Dr. Francisco Burzio, 702 \u2013 Centro, Ponta Grossa \u2013 PR.<\/span><\/p>\n<p><span style=\"font-weight: 400\">\u00a0<\/span><strong>3. INSCRI\u00c7\u00d5ES E SELE\u00c7\u00c3O DOS COROS<\/strong><\/p>\n<p><span style=\"font-weight: 400\">\u00a0\u00a0\u00a0\u00a0\u00a0\u00a0\u00a0\u00a0\u00a0\u00a0\u00a0\u00a0<\/span> <span style=\"font-weight: 400\">Ser\u00e3o aceitas inscri\u00e7\u00f5es de coros de escolas, conservat\u00f3rios, igrejas, ONGs, entre outras, desde que se enquadrem nas seguintes <\/span><b>categorias<\/b><span style=\"font-weight: 400\">: a) <\/span><b>coros infantis<\/b><span style=\"font-weight: 400\"> (at\u00e9 8 anos, aproximadamente); b) <\/span><b>coros infantojuvenis<\/b><span style=\"font-weight: 400\"> (entre 7 a 12 anos, aprox.); c) <\/span><b>coros jovens<\/b><span style=\"font-weight: 400\"> (entre 13 a 25 anos, aprox.).<\/span><\/p>\n<p><span style=\"font-weight: 400\">\u00a0\u00a0\u00a0\u00a0\u00a0\u00a0\u00a0\u00a0\u00a0\u00a0\u00a0\u00a0<\/span> <span style=\"font-weight: 400\">As <\/span><b>inscri\u00e7\u00f5es<\/b><span style=\"font-weight: 400\"> dos coros devem ser feitas <\/span><b>at\u00e9 o dia 20\/10\/2023<\/b><span style=\"font-weight: 400\">, por meio do <\/span><b>formul\u00e1rio eletr\u00f4nico<\/b><span style=\"font-weight: 400\"> dispon\u00edvel em<\/span><a href=\"https:\/\/forms.gle\/TGkpkvNsp8eioyye6\"> <span style=\"font-weight: 400\">https:\/\/forms.gle\/TGkpkvNsp8eioyye6<\/span><\/a><span style=\"font-weight: 400\"> . Os coros ser\u00e3o selecionados a partir dos seguintes crit\u00e9rios: a) preenchimento e envio do formul\u00e1rio de inscri\u00e7\u00e3o; b) ordem de inscri\u00e7\u00e3o.<\/span><\/p>\n<p><span style=\"font-weight: 400\">\u00a0\u00a0\u00a0\u00a0\u00a0\u00a0\u00a0\u00a0\u00a0\u00a0\u00a0\u00a0<\/span> <span style=\"font-weight: 400\">Para cada noite de apresenta\u00e7\u00f5es, ser\u00e3o recebidos 5 (cinco) coros da comunidade ponta-grossense e regi\u00e3o. Caso o n\u00famero de coros atinja rapidamente o n\u00famero m\u00e1ximo de inscri\u00e7\u00f5es nas duas noites, a organiza\u00e7\u00e3o do evento poder\u00e1 antecipar a data do encerramento das inscri\u00e7\u00f5es.<\/span><\/p>\n<p><strong>4. <\/strong><strong>APRESENTA\u00c7\u00d5ES<\/strong><\/p>\n<p><span style=\"font-weight: 400\">\u00a0\u00a0\u00a0\u00a0\u00a0\u00a0\u00a0\u00a0\u00a0\u00a0\u00a0\u00a0As apresenta\u00e7\u00f5es dos coros selecionados ser\u00e3o distribu\u00eddas em duas noites, a saber:<\/span><\/p>\n<p><span style=\"font-weight: 400\">a)<\/span><span style=\"font-weight: 400\"> \u00a0 \u00a0 \u00a0 <\/span><span style=\"font-weight: 400\">Dia 22 de novembro, \u00e0s 19h30min. se apresentar\u00e3o os coros infantis e infantojuvenis;<\/span><\/p>\n<p><span style=\"font-weight: 400\">b)<\/span><span style=\"font-weight: 400\"> \u00a0 \u00a0 <\/span><span style=\"font-weight: 400\">Dia 23 de novembro, \u00e0s 19h30min. se apresentar\u00e3o os coros infantojuvenis e jovens.<\/span><\/p>\n<p><span style=\"font-weight: 400\">Solicitamos aos diretores e regentes dos coros infantojuvenis que reservem os dois dias do evento, tendo em vista que o agendamento e a defini\u00e7\u00e3o do dia exato de apresenta\u00e7\u00e3o se far\u00e1 no in\u00edcio de novembro.<\/span><\/p>\n<p><span style=\"font-weight: 400\">Na primeira noite (22), os coros infantis e infantojuvenis ser\u00e3o recebidos pelo Coro Infantojuvenil Tons e Cores. Na segunda noite (23), os coros infantojuvenis e jovens ter\u00e3o como anfitri\u00e3o o Coro Entre Tons. Os dois coros fazem parte do projeto de extens\u00e3o Educanto da UEPG.<\/span><\/p>\n<p><span style=\"font-weight: 400\">Cada coro poder\u00e1 apresentar <\/span><b>at\u00e9 3 (tr\u00eas) can\u00e7\u00f5es<\/b><span style=\"font-weight: 400\">, n\u00e3o ultrapassando o total de 15 (quinze) minutos, desde o momento de entrada at\u00e9 a sa\u00edda do palco. O repert\u00f3rio a ser apresentado \u00e9 livre, sob responsabilidade dos regentes e diretores dos coros.<\/span><\/p>\n<p><span style=\"font-weight: 400\">Recomendamos que as can\u00e7\u00f5es interpretadas sejam acompanhadas por m\u00fasicos instrumentistas. N\u00e3o recomendamos o uso de playback. No entanto, seu uso n\u00e3o ser\u00e1 proibido, desde que seja mencionado na ficha de inscri\u00e7\u00e3o.<\/span><\/p>\n<p><span style=\"font-weight: 400\">Os instrumentos musicais, cabos, amplificadores de instrumentos s\u00e3o de responsabilidade dos coros. Nos dois dias ser\u00e3o disponibilizados pela organiza\u00e7\u00e3o do evento um piano ac\u00fastico e um piano digital YAMAHA P-45. N\u00e3o recomendamos muita amplifica\u00e7\u00e3o, pois o encontro ser\u00e1 numa igreja com uma das melhores condi\u00e7\u00f5es ac\u00fasticas da cidade. \u00c9 de inteira responsabilidade dos respons\u00e1veis pelos coros o cuidado com os instrumentos e equipamentos eletr\u00f4nicos que trouxerem ao encontro, eximindo a organiza\u00e7\u00e3o do evento de total culpa diante de avarias de qualquer sorte.<\/span><\/p>\n<p style=\"text-align: center\"><b>IMPORTANTE<\/b><\/p>\n<p><span style=\"font-weight: 400\">a)<\/span><span style=\"font-weight: 400\"> \u00a0 \u00a0 \u00a0 <\/span><span style=\"font-weight: 400\">A montagem dos equipamentos e instrumentos trazidos pelos coros ser\u00e1 realizada entre \u00e0s 17h e 18h. N\u00e3o ser\u00e3o montados equipamentos e instrumentos ap\u00f3s esse hor\u00e1rio;<\/span><\/p>\n<p><span style=\"font-weight: 400\">b)<\/span><span style=\"font-weight: 400\"> \u00a0 \u00a0 <\/span><span style=\"font-weight: 400\">A entrada para o p\u00fablico \u00e9 gratuita. O acesso ser\u00e1 liberado a partir das 19h15min., pela porta principal;<\/span><\/p>\n<p><span style=\"font-weight: 400\">c)<\/span><span style=\"font-weight: 400\"> \u00a0 \u00a0 \u00a0 <\/span><span style=\"font-weight: 400\">N\u00e3o ser\u00e1 permitido que durante o intervalo entre uma m\u00fasica e outra, ou entre a sa\u00edda de um coro e a entrada de outro, algum integrante do coro selecionado, seja cantor, regente ou diretor, fa\u00e7a uso da palavra para an\u00fancios de qualquer ordem;<\/span><\/p>\n<p><span style=\"font-weight: 400\">d)<\/span><span style=\"font-weight: 400\"> \u00a0 \u00a0 <\/span><span style=\"font-weight: 400\">Ao final da noite do encontro, os regentes ser\u00e3o chamados \u00e0 frente para os agradecimentos. Todos os cantores e regentes dever\u00e3o permanecer at\u00e9 o final.<\/span><\/p>\n<p><strong>\u00a05. GRANDE CORO<\/strong><\/p>\n<p><span style=\"font-weight: 400\">Ao final de cada noite ser\u00e1 apresentada uma m\u00fasica comum com a participa\u00e7\u00e3o obrigat\u00f3ria e simult\u00e2nea de todos os coros inscritos, no qual chamamos de <\/span><b>Grande Coro<\/b><span style=\"font-weight: 400\">. Para essa atividade, convidamos a maestrina Cristiane Alexandre (Curitiba-PR), regente do Papo Coral Infantojuvenil, professora e diretora da Paideia Escola de M\u00fasica e coordenadora de canto coral infantojuvenil do Programa MusicaR da Prefeitura Municipal de Curitiba.<\/span><\/p>\n<p><span style=\"font-weight: 400\">Para a noite do dia 22 de novembro, a m\u00fasica a ser interpretada pelo Grande Coro ser\u00e1 <\/span><b>O Gaio da Roseira<\/b><span style=\"font-weight: 400\">, de Hermeto Pascoal. A m\u00fasica selecionada para os coros da segunda noite, dia 23 de novembro, ser\u00e1 <\/span><b>De Magia, de Dan\u00e7a e P\u00e9s<\/b><span style=\"font-weight: 400\">, de Milton Nascimento e Fernando Brant.<\/span><\/p>\n<p><span style=\"font-weight: 400\">Ap\u00f3s a sele\u00e7\u00e3o dos coros participantes, ser\u00e3o enviadas as partituras aos regentes, juntamente com um arquivo MID com as guias de ensaio.<\/span><\/p>\n<p style=\"text-align: center\"><b>IMPORTANTE<\/b><\/p>\n<p><span style=\"font-weight: 400\">a)<\/span><span style=\"font-weight: 400\"> \u00a0 \u00a0 \u00a0 <\/span><span style=\"font-weight: 400\">Todos os regentes dever\u00e3o ensaiar separadamente a m\u00fasica do Grande Coro com seus grupos em seus ensaios regulares;<\/span><\/p>\n<p><span style=\"font-weight: 400\">b)<\/span><span style=\"font-weight: 400\"> \u00a0 \u00a0 <\/span><span style=\"font-weight: 400\">Todos os grupos selecionados dever\u00e3o participar desse momento no final da noite do encontro. N\u00e3o haver\u00e1 exce\u00e7\u00f5es;<\/span><\/p>\n<p><span style=\"font-weight: 400\">c)<\/span><span style=\"font-weight: 400\"> \u00a0 \u00a0 \u00a0 <\/span><span style=\"font-weight: 400\">Haver\u00e1 um <\/span><b>Ensaio Geral, das 18h30min. \u00e0s 19h15min<\/b><span style=\"font-weight: 400\">., no dia do concerto em que cada coro ir\u00e1 se apresentar.<\/span><b> \u00c9<\/b> <b>obrigat\u00f3ria a participa\u00e7\u00e3o e pontualidade dos cantores e regentes no ensaio geral<\/b><span style=\"font-weight: 400\">.<\/span><\/p>\n<p><span style=\"font-weight: 400\">d)<\/span><span style=\"font-weight: 400\"> \u00a0 \u00a0 <\/span><b>O hor\u00e1rio de chegada para o Ensaio Geral ser\u00e1 at\u00e9 \u00e0s 18h15<\/b><span style=\"font-weight: 400\">.<\/span><\/p>\n<p style=\"text-align: left\"><strong>\u00a06. PRAZOS<\/strong><\/p>\n<table class=\" aligncenter\" style=\"height: 359px\" width=\"410\">\n<tbody>\n<tr>\n<td>\n<p style=\"text-align: center\"><b>ATIVIDADE<\/b><\/p>\n<\/td>\n<td>\n<p style=\"text-align: center\"><b>DATA<\/b><\/p>\n<\/td>\n<\/tr>\n<tr>\n<td><span style=\"font-weight: 400\">In\u00edcio da divulga\u00e7\u00e3o<\/span><\/td>\n<td>\n<p style=\"text-align: center\"><span style=\"font-weight: 400\">At\u00e9 27\/09<\/span><\/p>\n<\/td>\n<\/tr>\n<tr>\n<td><span style=\"font-weight: 400\">Per\u00edodo de inscri\u00e7\u00e3o dos coros<\/span><\/td>\n<td>\n<p style=\"text-align: center\"><span style=\"font-weight: 400\">De 27\/09 at\u00e9 20\/10<\/span><\/p>\n<\/td>\n<\/tr>\n<tr>\n<td><span style=\"font-weight: 400\">Envio das partituras e kits de ensaio<\/span><\/td>\n<td>\n<p style=\"text-align: center\"><span style=\"font-weight: 400\">At\u00e9 22\/10<\/span><\/p>\n<\/td>\n<\/tr>\n<tr>\n<td><span style=\"font-weight: 400\">Primeira noite de apresenta\u00e7\u00f5es<\/span><\/td>\n<td>\n<p style=\"text-align: center\"><span style=\"font-weight: 400\">22\/11<\/span><\/p>\n<\/td>\n<\/tr>\n<tr>\n<td><span style=\"font-weight: 400\">Segunda noite de apresenta\u00e7\u00f5es<\/span><\/td>\n<td>\n<p style=\"text-align: center\"><span style=\"font-weight: 400\">23\/11<\/span><\/p>\n<\/td>\n<\/tr>\n<\/tbody>\n<\/table>\n<p><span style=\"font-weight: 400\">\u00a0<\/span><\/p>\n<p><strong>7. INFORMA\u00c7\u00d5ES FINAIS<\/strong><\/p>\n<p><span style=\"font-weight: 400\">A fim de criarmos um banco de partituras do XXIX Encontro de Coros Infantojuvenis da UEPG, motivamos os diretores e regentes a nos disponibilizar as partituras das m\u00fasicas que ser\u00e3o apresentadas para divulgarmos no site<\/span><a href=\"https:\/\/www2.uepg.br\/educanto\/\"> <span style=\"font-weight: 400\">https:\/\/www2.uepg.br\/educanto\/<\/span><\/a><span style=\"font-weight: 400\"> , a fim de que outros regentes e coros possam ter acesso.<\/span><\/p>\n<p><span style=\"font-weight: 400\">Ser\u00e1 formado um grupo de WhatsApp com os regentes e\/ou respons\u00e1veis dos coros para que possamos otimizar os acertos do encontro.<\/span><\/p>\n<p><span style=\"font-weight: 400\">Casos omissos a esse regulamento poder\u00e3o ser tratados com a organiza\u00e7\u00e3o do XXIX Encontro de Coros Infantojuvenis da UEPG pelo e-mail programaeducanto@gmail.com .<\/span><\/p>\n<p><span style=\"font-weight: 400\">\u00a0<\/span><\/p>\n<p><span style=\"font-weight: 400\">\u00a0<\/span><\/p>\n<p style=\"text-align: center\"><strong>Equipe Educanto<\/strong><\/p>\n<p style=\"text-align: center\"><span style=\"font-weight: 400\">Ponta Grossa, setembro de 2023<\/span><\/p>\n\t\t\t\t<\/div>\n\t\t\t<\/div>\n\t\t<\/div>\n\t\t\t<div class=\"sow-accordion-panel\"\n\t\t\t data-anchor=\"xxviii-encontro-de-coros-infantojuvenis-da-uepg-2019\">\n\t\t\t\t<div class=\"sow-accordion-panel-header-container\" role=\"heading\" aria-level=\"2\">\n\t\t\t\t\t<div class=\"sow-accordion-panel-header\" tabindex=\"0\" role=\"button\" id=\"accordion-label-xxviii-encontro-de-coros-infantojuvenis-da-uepg-2019\" aria-controls=\"accordion-content-xxviii-encontro-de-coros-infantojuvenis-da-uepg-2019\" aria-expanded=\"false\">\n\t\t\t\t\t\t<div class=\"sow-accordion-title sow-accordion-title-icon-left\">\n\t\t\t\t\t\t\t\t\t\t\t\t\t\tXXVIII ENCONTRO DE COROS INFANTOJUVENIS DA UEPG (2019)\t\t\t\t\t\t\t\t\t\t\t\t\t<\/div>\n\t\t\t\t\t\t<div class=\"sow-accordion-open-close-button\">\n\t\t\t\t\t\t\t<div class=\"sow-accordion-open-button\">\n\t\t\t\t\t\t\t\t<span class=\"sow-icon-ionicons\" data-sow-icon=\"&#xf218;\"\n\t\t \n\t\taria-hidden=\"true\"><\/span>\t\t\t\t\t\t\t<\/div>\n\t\t\t\t\t\t\t<div class=\"sow-accordion-close-button\">\n\t\t\t\t\t\t\t\t<span class=\"sow-icon-ionicons\" data-sow-icon=\"&#xf209;\"\n\t\t \n\t\taria-hidden=\"true\"><\/span>\t\t\t\t\t\t\t<\/div>\n\t\t\t\t\t\t<\/div>\n\t\t\t\t\t<\/div>\n\t\t\t\t<\/div>\n\n\t\t\t<div\n\t\t\t\tclass=\"sow-accordion-panel-content\"\n\t\t\t\trole=\"region\"\n\t\t\t\taria-labelledby=\"accordion-label-xxviii-encontro-de-coros-infantojuvenis-da-uepg-2019\"\n\t\t\t\tid=\"accordion-content-xxviii-encontro-de-coros-infantojuvenis-da-uepg-2019\"\n\t\t\t\tstyle=\"display: none;\"\t\t\t>\n\t\t\t\t<div class=\"sow-accordion-panel-border\" tabindex=\"0\">\n\t\t\t\t\t<p>O XXVIII Encontro de Coros ocorreu nos dias 18 e 19 de junho de 2019. A abertura foi realizada com um aquecimento vocal realizado pela\u00a0 Prof\u00aa. Ma. Suelen Galdino, e os grupos participantes do primeiro dia foram o Coro Infantojuvenil Tons e Cores, o Coro Infantil de Castro, o Coro Meninas Cantoras de Ponta Grossa, e o Coral da Escola Adventista de Ponta Grossa. No segundo dia de evento, o aquecimento vocal foi realizado pela Profa. Ma. Carla I. Roggenkamp e os grupos participantes foram o Coro Infantojuvenil da UEPG e os \u00a0Coros Infantis do 3\u00ba, 4\u00ba e 5\u00ba ano do CAIC-UEPG. O evento teve o apoio do Pr\u00f3-reitoria de Extens\u00e3o e Assuntos Culturais da UEPG.<\/p>\n\t\t\t\t<\/div>\n\t\t\t<\/div>\n\t\t<\/div>\n\t\t\t<div class=\"sow-accordion-panel\"\n\t\t\t data-anchor=\"xxvii-encontro-de-coros-infantojuvenis-da-uepg-2017\">\n\t\t\t\t<div class=\"sow-accordion-panel-header-container\" role=\"heading\" aria-level=\"2\">\n\t\t\t\t\t<div class=\"sow-accordion-panel-header\" tabindex=\"0\" role=\"button\" id=\"accordion-label-xxvii-encontro-de-coros-infantojuvenis-da-uepg-2017\" aria-controls=\"accordion-content-xxvii-encontro-de-coros-infantojuvenis-da-uepg-2017\" aria-expanded=\"false\">\n\t\t\t\t\t\t<div class=\"sow-accordion-title sow-accordion-title-icon-left\">\n\t\t\t\t\t\t\t\t\t\t\t\t\t\tXXVII ENCONTRO DE COROS INFANTOJUVENIS DA UEPG (2017)\t\t\t\t\t\t\t\t\t\t\t\t\t<\/div>\n\t\t\t\t\t\t<div class=\"sow-accordion-open-close-button\">\n\t\t\t\t\t\t\t<div class=\"sow-accordion-open-button\">\n\t\t\t\t\t\t\t\t<span class=\"sow-icon-ionicons\" data-sow-icon=\"&#xf218;\"\n\t\t \n\t\taria-hidden=\"true\"><\/span>\t\t\t\t\t\t\t<\/div>\n\t\t\t\t\t\t\t<div class=\"sow-accordion-close-button\">\n\t\t\t\t\t\t\t\t<span class=\"sow-icon-ionicons\" data-sow-icon=\"&#xf209;\"\n\t\t \n\t\taria-hidden=\"true\"><\/span>\t\t\t\t\t\t\t<\/div>\n\t\t\t\t\t\t<\/div>\n\t\t\t\t\t<\/div>\n\t\t\t\t<\/div>\n\n\t\t\t<div\n\t\t\t\tclass=\"sow-accordion-panel-content\"\n\t\t\t\trole=\"region\"\n\t\t\t\taria-labelledby=\"accordion-label-xxvii-encontro-de-coros-infantojuvenis-da-uepg-2017\"\n\t\t\t\tid=\"accordion-content-xxvii-encontro-de-coros-infantojuvenis-da-uepg-2017\"\n\t\t\t\tstyle=\"display: none;\"\t\t\t>\n\t\t\t\t<div class=\"sow-accordion-panel-border\" tabindex=\"0\">\n\t\t\t\t\t<p>O XXVII Encontro de Coros Infantojuvenis da UEPG ocorreu durante a I Semana Acad\u00eamica no ano de 2017, possibilitando o envolvimento cultural da comunidade pontagrossense. Os grupos participantes foram o Coro Infantojuvenil da UEPG e o Coro do Clube de Aventureiros Farol da Igreja Adventista do S\u00e9timo Dia. O evento teve o apoio do Pr\u00f3-reitoria de Extens\u00e3o e Assuntos Culturais da UEPG.<\/p>\n\t\t\t\t<\/div>\n\t\t\t<\/div>\n\t\t<\/div>\n\t\t\t<div class=\"sow-accordion-panel\"\n\t\t\t data-anchor=\"i-encontro-de-regentes-de-coros-infantojuvenis-da-uepg-2017\">\n\t\t\t\t<div class=\"sow-accordion-panel-header-container\" role=\"heading\" aria-level=\"2\">\n\t\t\t\t\t<div class=\"sow-accordion-panel-header\" tabindex=\"0\" role=\"button\" id=\"accordion-label-i-encontro-de-regentes-de-coros-infantojuvenis-da-uepg-2017\" aria-controls=\"accordion-content-i-encontro-de-regentes-de-coros-infantojuvenis-da-uepg-2017\" aria-expanded=\"false\">\n\t\t\t\t\t\t<div class=\"sow-accordion-title sow-accordion-title-icon-left\">\n\t\t\t\t\t\t\t\t\t\t\t\t\t\tI ENCONTRO DE REGENTES DE COROS INFANTOJUVENIS DA UEPG (2017)\t\t\t\t\t\t\t\t\t\t\t\t\t<\/div>\n\t\t\t\t\t\t<div class=\"sow-accordion-open-close-button\">\n\t\t\t\t\t\t\t<div class=\"sow-accordion-open-button\">\n\t\t\t\t\t\t\t\t<span class=\"sow-icon-ionicons\" data-sow-icon=\"&#xf218;\"\n\t\t \n\t\taria-hidden=\"true\"><\/span>\t\t\t\t\t\t\t<\/div>\n\t\t\t\t\t\t\t<div class=\"sow-accordion-close-button\">\n\t\t\t\t\t\t\t\t<span class=\"sow-icon-ionicons\" data-sow-icon=\"&#xf209;\"\n\t\t \n\t\taria-hidden=\"true\"><\/span>\t\t\t\t\t\t\t<\/div>\n\t\t\t\t\t\t<\/div>\n\t\t\t\t\t<\/div>\n\t\t\t\t<\/div>\n\n\t\t\t<div\n\t\t\t\tclass=\"sow-accordion-panel-content\"\n\t\t\t\trole=\"region\"\n\t\t\t\taria-labelledby=\"accordion-label-i-encontro-de-regentes-de-coros-infantojuvenis-da-uepg-2017\"\n\t\t\t\tid=\"accordion-content-i-encontro-de-regentes-de-coros-infantojuvenis-da-uepg-2017\"\n\t\t\t\tstyle=\"display: none;\"\t\t\t>\n\t\t\t\t<div class=\"sow-accordion-panel-border\" tabindex=\"0\">\n\t\t\t\t\t<p>O evento aconteceu durante a I Semana Acad\u00eamica do curso de Licenciatura em M\u00fasica, na qual ocorreram oficinas, palestras e concertos, redimensionando o conhecimento e possibilitando aos participantes acesso a assuntos e o contato com importantes profissionais da \u00e1rea. A palestra de abertura \"Regentes Corais Infantojuvenis: quem somos?\", foi ministrada pela Prof\u00aa. Dr\u00aa. Ana L\u00facia Iara Gaborim Moreira (UFMS). Ocorreram cinco oficinas, dentre elas: \"Cenografia e ilumina\u00e7\u00e3o\" ministrada pela Prof\u00aa. Dr\u00aa. Maria Cristina Mendes,\u00a0 Prof\u00aa. Dr\u00aa. Patr\u00edcia Camera Varella e Prof\u00aa. M\u00aa. Charlene Neotti; \u00a0\"Come\u00e7ando um coro do zero\" ministrada pela Prof\u00aa. M\u00aa. Cibele Sabioni; \"Can\u00e7\u00f5es infantis\" ministrada por Cl\u00e1udio Chaves; \"M\u00fasica eletr\u00f4nica\" ministrada por Jozia Ribeiro, e \"Processo criativo e movimento corporal como ferramentas pedag\u00f3gicas no canto coral infantil\", ministrada\u00a0 pelo Prof. Me. \u00c9derson Marques. Foram realizadas duas mesas tem\u00e1ticas: \"O coro infantojuvenil em diferentes contextos\" - Mediador: Prof. Dr. Ronaldo da Silva. Palestrantes: Prof\u00aa. Dr\u00aa. Ana L\u00facia Iara Gaborim Moreira, Prof\u00aa. Cibele Sabioni, Prof. Me. Rog\u00e9rio de Brito Bergold, Prof\u00aa. Elizabeth Alves, e \"Canto coletivo e educa\u00e7\u00e3o: contextos e possibilidades\" - Mediadora: Prof\u00aa. M\u00aa. Carla Irene Roggenkamp. Os palestrantes foram: Prof\u00aa. Dr\u00aa. Marisa Trench de Oliveira Fonterrada (UNESP), Prof\u00aa. Dr\u00aa. Maria Jos\u00e9 Subtil, Prof. Dr. S\u00e9rgio Luiz Ferreira de Figueiredo. O evento tamb\u00e9m contou com duas rodas de conversa: a primeira abordou o tema \"Ser educador musical hoje\", mediado pelo Prof. Dr. Egon Eduardo Sebben. Estiveram na roda a Prof\u00aa. Dr\u00aa. Marisa Trench de Oliveira Fonterrada e o Prof. Dr. S\u00e9rgio Luiz Ferreira de Figueiredo. A segunda roda \"M\u00fasicos paranaenses\" foi mediada pela Prof\u00aa. M\u00aa. Regina Stori e contou com os compositores Milton Karam e Prof. Silvestre Alves Gomes. Os concertos realizados foram: Concerto do Coral das Meninas Cantoras de Ponta Grossa e Concerto \"Fauna e Flora Brasileira\" do Coro Infantil da UEPG. Nessa ocasi\u00e3o ocorreu o\u00a0 XXVII Encontro de Coros Infantojuvenis da UEPG.<\/p>\n\t\t\t\t<\/div>\n\t\t\t<\/div>\n\t\t<\/div>\n\t\t<\/div>\n<\/div>\n<\/div><\/div><\/div><\/div><\/div>","protected":false},"excerpt":{"rendered":"<p>XXIX ENCONTRO DE COROS INFANTOJUVENIS DA UEPG (2023) Regulamento &#8211; 2023 \u00a0 O Departamento de Artes da Universidade Estadual de Ponta Grossa, por meio do Curso de Licenciatura em M\u00fasica e do projeto de extens\u00e3o \u201cEducanto: educa\u00e7\u00e3o musical por meio do canto coral para crian\u00e7as e jovens\u201d divulga o regulamento para o XXIX Encontro de&nbsp;&hellip;<\/p>\n","protected":false},"author":24,"featured_media":0,"parent":0,"menu_order":0,"comment_status":"closed","ping_status":"closed","template":"","meta":[],"_links":{"self":[{"href":"https:\/\/www2.uepg.br\/educanto\/wp-json\/wp\/v2\/pages\/67"}],"collection":[{"href":"https:\/\/www2.uepg.br\/educanto\/wp-json\/wp\/v2\/pages"}],"about":[{"href":"https:\/\/www2.uepg.br\/educanto\/wp-json\/wp\/v2\/types\/page"}],"author":[{"embeddable":true,"href":"https:\/\/www2.uepg.br\/educanto\/wp-json\/wp\/v2\/users\/24"}],"replies":[{"embeddable":true,"href":"https:\/\/www2.uepg.br\/educanto\/wp-json\/wp\/v2\/comments?post=67"}],"version-history":[{"count":10,"href":"https:\/\/www2.uepg.br\/educanto\/wp-json\/wp\/v2\/pages\/67\/revisions"}],"predecessor-version":[{"id":781,"href":"https:\/\/www2.uepg.br\/educanto\/wp-json\/wp\/v2\/pages\/67\/revisions\/781"}],"wp:attachment":[{"href":"https:\/\/www2.uepg.br\/educanto\/wp-json\/wp\/v2\/media?parent=67"}],"curies":[{"name":"wp","href":"https:\/\/api.w.org\/{rel}","templated":true}]}}