{"id":73,"date":"2020-07-13T11:44:41","date_gmt":"2020-07-13T14:44:41","guid":{"rendered":"http:\/\/www2.uepg.br\/educanto\/?page_id=73"},"modified":"2024-03-01T13:53:39","modified_gmt":"2024-03-01T16:53:39","slug":"trabalhos-cientificos","status":"publish","type":"page","link":"https:\/\/www2.uepg.br\/educanto\/trabalhos-cientificos\/","title":{"rendered":"Trabalhos Cient\u00edficos"},"content":{"rendered":"<div id=\"comp-k8j24b4o\" class=\"txtNew\" data-packed=\"true\" data-vertical-text=\"false\">\n<h4 class=\"font_2\"><strong>Trabalhos completos publicados em anais de congressos<\/strong><\/h4>\n<\/div>\n<div id=\"comp-k8j29mcf\" class=\"txtNew\" data-packed=\"true\" data-vertical-text=\"false\">\n<p class=\"font_8\">SILVA, R.; FERNANDES, S.; SILVA, P. O. A alfabetiza\u00e7\u00e3o e letramento musical: um estudo introdut\u00f3rio e conceitual a partir de uma constru\u00e7\u00e3o dial\u00f3gica entre \u00e1reas. <em>In<\/em>: Encontro Anual da Associa\u00e7\u00e3o Brasileira de Educa\u00e7\u00e3o Musical, 23., 2017, Manaus. <strong>Anais<\/strong> [&#8230;]. Dispon\u00edvel em:\u00a0<a href=\"https:\/\/abem.mus.br\/anais-congresso\/v2\/\">https:\/\/abem.mus.br\/anais-congresso\/v2\/<\/a><\/p>\n<p class=\"font_8\">ROGGEMKAMP, C. I.;\u00a0SILVA, R.; BERGOLD, R. B.; SILVA, P. O.; ROSINI, B. A. B.; FERNANDES, S.; SANTOS, A. F. A.; VAZ, B. E. T. Programa EDUCANTO: Educa\u00e7\u00e3o musical por meio do canto coral infantil &#8211; Reflex\u00f5es dos professores unidocentes. <em>In<\/em>: Encontro Regional Sul da Associa\u00e7\u00e3o Brasileira de Educa\u00e7\u00e3o Musical, 17., 2016, Curitiba. <strong>Anais<\/strong> [&#8230;]. Dispon\u00edvel em:\u00a0<a href=\"http:\/\/abemeducacaomusical.com.br\/anais_ersul\/v2\/papers\/1817-6585-1-DR.pdf\">http:\/\/abemeducacaomusical.com.br\/anais_ersul\/v2\/papers\/1817-6585-1-DR.pdf<\/a><\/p>\n<p class=\"font_8\">SILVA, R.; VAZ, B. E. T.; BERGOLD, R. B.; ROGGEMKAMP, C. I.; SILVA, P. O.; FERNANDES, S.; SANTOS, A. F. A.; ROSINI, B. A. B. Educanto: educa\u00e7\u00e3o musical por meio da pr\u00e1tica do canto coral infantil em escola de aplica\u00e7\u00e3o da Universidade Estadual de Ponta Grossa. <em>In<\/em>: Encontro Regional Sul da Associa\u00e7\u00e3o Brasileira de Educa\u00e7\u00e3o Musical, 17., 2016, Curitiba. <strong>Anais<\/strong> [&#8230;]. Dispon\u00edvel em: <a href=\"http:\/\/abemeducacaomusical.com.br\/anais_ersul\/v2\/papers\/1763-6493-1-DR.pdf\">http:\/\/abemeducacaomusical.com.br\/anais_ersul\/v2\/papers\/1763-6493-1-DR.pdf<\/a><\/p>\n<p class=\"font_8\"><span class=\"wixGuard\">\u200b<\/span><\/p>\n<\/div>\n<div id=\"comp-k8j2d9wb\" class=\"txtNew\" data-packed=\"true\" data-vertical-text=\"false\">\n<h4 class=\"font_2\"><strong>Resumos expandidos publicados em anais de congressos<\/strong><\/h4>\n<\/div>\n<div id=\"comp-k8j2e2ss\" class=\"txtNew\" data-packed=\"true\" data-vertical-text=\"false\">\n<p>ANTUNES, F. M; BERGOLD, R. B.; SILVA, R.; ROGGENKAMP, C. I. O papel do pianista colaborador na execu\u00e7\u00e3o de repert\u00f3rio do Coro Infantojuvenil Tons e Cores: relato de experi\u00eancia. <em>In<\/em>: Congresso Internacional de M\u00fasica Coral Infantojuvenil Um Novo Olhar, 3., 2022, Rio de Janeiro. <strong>Anais<\/strong> [&#8230;] Rio de Janeiro, Escola de M\u00fasica da UFRJ, 2023. Dispon\u00edvel em: <a href=\"https:\/\/drive.google.com\/file\/d\/1NYaE0kAyn1kOerJZV7ua78FAHnJK54XO\/view?usp=sharing\">https:\/\/drive.google.com\/file\/d\/1NYaE0kAyn1kOerJZV7ua78FAHnJK54XO\/view?usp=sharing<\/a><\/p>\n<p>CARVALHO, J. P. A.; SILVA, R.; ROGGENKAMP, C. I.; BERGOLD, R. B. Recursos adicionais \u00e0 pr\u00e1tica de canto coral: relato de experi\u00eancia das pr\u00e1ticas no repert\u00f3rio dos coros do projeto Educanto. <em>In<\/em>: Congresso Internacional de M\u00fasica Coral Infantojuvenil Um Novo Olhar, 3., 2022, Rio de Janeiro. <strong>Anais<\/strong> [&#8230;] Rio de Janeiro, Escola de M\u00fasica da UFRJ, 2023. Dispon\u00edvel em: <a href=\"https:\/\/drive.google.com\/file\/d\/1NYaE0kAyn1kOerJZV7ua78FAHnJK54XO\/view?usp=sharing\">https:\/\/drive.google.com\/file\/d\/1NYaE0kAyn1kOerJZV7ua78FAHnJK54XO\/view?usp=sharing<\/a><\/p>\n<p>FARIAS, B.S.; ROGGENKAMP, C. I.; BERGOLD, R. B,; SILVA, R. Desvendando a HQ \u201cElias, o Elis\u00e3o\u201d: o processo criativo para uma hist\u00f3ria em quadrinhos sobre canto coral. <em>In<\/em>: CONEX-Encontro Conversando sobre Extens\u00e3o na UEPG, 21., Encontro Anual de Extens\u00e3o Universit\u00e1ria, 6., 2023, Ponta Grossa. <strong>Anais<\/strong> [&#8230;] Ponta Grossa, UEPG, 2023. Dispon\u00edvel em: <a href=\"https:\/\/drive.google.com\/file\/d\/1RI3NUw_fvQRiCpwElm8peiTkCHlDVf0p\/view\">https:\/\/drive.google.com\/file\/d\/1RI3NUw_fvQRiCpwElm8peiTkCHlDVf0p\/view<\/a>.<\/p>\n<p>MOREIRA, K. C.; ROGGENKAMP, C. I.; BERGOLD, R. B,; SILVA, R. A hist\u00f3ria em quadrinhos \u201cElias, o Elis\u00e3o\u201d e o canto coral infantojuvenil: ludicidade e educa\u00e7\u00e3o musical. <em>In<\/em>: CONEX-Encontro Conversando sobre Extens\u00e3o na UEPG, 21., Encontro Anual de Extens\u00e3o Universit\u00e1ria, 6., 2023, Ponta Grossa. <strong>Anais<\/strong> [&#8230;] Ponta Grossa, UEPG, 2023. Dispon\u00edvel em: <a href=\"https:\/\/drive.google.com\/file\/d\/1RI3NUw_fvQRiCpwElm8peiTkCHlDVf0p\/view\">https:\/\/drive.google.com\/file\/d\/1RI3NUw_fvQRiCpwElm8peiTkCHlDVf0p\/view<\/a>.<\/p>\n<p>CARVALHO, J. P. A.; SILVA, R.; ROGGENKAMP, C. I.; BERGOLD, R. B. A m\u00fasica corporal e o desenvolvimento da psicomotricidade. <em>In<\/em>: CONEX-Encontro Conversando sobre Extens\u00e3o na UEPG, 21., Encontro Anual de Extens\u00e3o Universit\u00e1ria, 6., 2023, Ponta Grossa. <strong>Anais<\/strong> [&#8230;] Ponta Grossa, UEPG, 2023. Dispon\u00edvel em: <a href=\"https:\/\/drive.google.com\/file\/d\/1RI3NUw_fvQRiCpwElm8peiTkCHlDVf0p\/view\">https:\/\/drive.google.com\/file\/d\/1RI3NUw_fvQRiCpwElm8peiTkCHlDVf0p\/view<\/a>.<\/p>\n<p>ANTUNES, F. M; SILVA, R.; BERGOLD, R. B.; ROGGENKAMP, C. I. Pianista colaborador: os desafios referentes \u00e0 diversidade de g\u00eaneros musicais presentes no repert\u00f3rio do Coro Infantojuvenil Tons e Cores. <em>In<\/em>: CONEX-Encontro Conversando sobre Extens\u00e3o na UEPG, 20., Encontro Anual de Extens\u00e3o Universit\u00e1ria, 5., 2022, Ponta Grossa. <strong>Anais<\/strong> [&#8230;] Ponta Grossa, UEPG, 2022. Dispon\u00edvel em: <a href=\"https:\/\/drive.google.com\/file\/d\/13mBdgygZmjGZwgEWEcJ40YCqPNAYkNpS\/view\">https:\/\/drive.google.com\/file\/d\/13mBdgygZmjGZwgEWEcJ40YCqPNAYkNpS\/view<\/a>.<\/p>\n<p>BERGOLD, R. B.; SILVA, R.; GALDINO, S. R.; WURMLI, D. A forma\u00e7\u00e3o de um coro juvenil como espa\u00e7o de aprendizagem musical e forma\u00e7\u00e3o acad\u00eamica. <em>In<\/em>: CONEX-Encontro Conversando sobre Extens\u00e3o na UEPG, 2022., Encontro Anual de Extens\u00e3o Universit\u00e1ria, 5., 2022, Ponta Grossa. <strong>Anais<\/strong> [&#8230;] Ponta Grossa, UEPG, 2022. Dispon\u00edvel em: <a href=\"https:\/\/drive.google.com\/file\/d\/13mBdgygZmjGZwgEWEcJ40YCqPNAYkNpS\/view\">https:\/\/drive.google.com\/file\/d\/13mBdgygZmjGZwgEWEcJ40YCqPNAYkNpS\/view<\/a>.<\/p>\n<p>CARVALHO, J. P. A.; SILVA, R.; ROGGENKAMP, C. I.; BERGOLD, R. B. Descri\u00e7\u00e3o da m\u00fasica corporal nos repert\u00f3rios dos coros do projeto Educanto. <em>In<\/em>: CONEX-Encontro Conversando sobre Extens\u00e3o na UEPG, 20., Encontro Anual de Extens\u00e3o Universit\u00e1ria, 5., 2022, Ponta Grossa. <strong>Anais<\/strong> [&#8230;] Ponta Grossa, UEPG, 2022. Dispon\u00edvel em: <a href=\"https:\/\/drive.google.com\/file\/d\/13mBdgygZmjGZwgEWEcJ40YCqPNAYkNpS\/view\">https:\/\/drive.google.com\/file\/d\/13mBdgygZmjGZwgEWEcJ40YCqPNAYkNpS\/view<\/a>.<\/p>\n<p>ANTUNES, F. M.; BERGOLD, R. B.; SILVA, R. An\u00e1lise do repert\u00f3rio executado no concerto &#8220;Primavera&#8221; pelos coros do Centro de Aten\u00e7\u00e3o Integral \u00e0 Crian\u00e7a e ao Adolescente (CAIC-UEPG). <em>In<\/em>: CONEX-Encontro Conversando sobre Extens\u00e3o na UEPG, 19., EAX-Encontro Anual de Extens\u00e3o Universit\u00e1ria, 4., 2021, Ponta Grossa. <strong>Anais<\/strong> [&#8230;]. Ponta Grossa: UEPG: 2021. Dispon\u00edvel em: <a href=\"https:\/\/siseve.apps.uepg.br\/storage\/19conex4eaex2021\/152_FERNANDO_MONGRUEL_ANTUNES-163335372688424.pdf\">https:\/\/siseve.apps.uepg.br\/storage\/19conex4eaex2021\/152_FERNANDO_MONGRUEL_ANTUNES-163335372688424.pdf<\/a><\/p>\n<p>CARVALHO, J. P. A.; SILVA, R; BERGOLD, R. B. Avalia\u00e7\u00e3o dos ensaios virtuais do Coro Infantojuvenil Tons e Cores \u00e0 luz do conceito &#8220;totalidade&#8221; de Jos Wuytack. <em>In<\/em>: CONEX-Encontro Conversando sobre Extens\u00e3o na UEPG, 19., EAX-Encontro Anual de Extens\u00e3o Universit\u00e1ria, 4., 2021, Ponta Grossa. <strong>Anais<\/strong> [&#8230;]. Ponta Grossa: UEPG: 2021. Dispon\u00edvel em:\u00a0<a href=\"https:\/\/siseve.apps.uepg.br\/storage\/19conex4eaex2021\/152_JOAO_PAULO_ANIRDO_DE_CARVALHO-163311198868088.pdf\">https:\/\/siseve.apps.uepg.br\/storage\/19conex4eaex2021\/152_JOAO_PAULO_ANIRDO_DE_CARVALHO-163311198868088.pdf<\/a><\/p>\n<p>SANTOS, K. I.; BERGOLD, R. B; SILVA, R; ROGGENKAMP, C. I. Um estudo de caso sobre ensaio remoto de coro durante a pandemia de Covid-19. <em>In<\/em>: CONEX-Encontro Conversando sobre Extens\u00e3o na UEPG, 19., EAX-Encontro Anual de Extens\u00e3o Universit\u00e1ria, 4., 2021, Ponta Grossa. <strong>Anais<\/strong> [&#8230;]. Ponta Grossa: UEPG: 2021. Dispon\u00edvel em:\u00a0<a href=\"https:\/\/siseve.apps.uepg.br\/storage\/19conex4eaex2021\/152_Rog%C3%A9rio_de_Brito_Bergold-163304801716724.pdf\">https:\/\/siseve.apps.uepg.br\/storage\/19conex4eaex2021\/152_Rog%C3%A9rio_de_Brito_Bergold-163304801716724.pdf<\/a><\/p>\n<p>NOGUEIRA, B. C. F.; SILVA, R. O processo de edi\u00e7\u00e3o audiovisual de clipes do Coro infantojuvenil Tons e Cores: grava\u00e7\u00f5es em tempos de pandemia. <em>In<\/em>: CONEX-Encontro Conversando sobre Extens\u00e3o na UEPG, 18., EAX-Encontro Anual de Extens\u00e3o Universit\u00e1ria, 3.,\u00a0 2020, Ponta Grossa. <strong>Anais<\/strong> [&#8230;]. Ponta Grossa: UEPG, 2020. Dispon\u00edvel em: <a href=\"https:\/\/siseve.apps.uepg.br\/storage\/eaexconex2020\/152_BETUEL_CRISLEY_FERREIRA_NOGUEIRA-160165260742516.pdf\">https:\/\/siseve.apps.uepg.br\/storage\/eaexconex2020\/152_BETUEL_CRISLEY_FERREIRA_NOGUEIRA-160165260742516.pdf<\/a><\/p>\n<p>SILVA, N. M.; GALDINO, S.; SILVA, R. O in\u00edcio de um coro juvenil em tempos de pandemia. <em>In<\/em>: CONEX-Encontro Conversando sobre Extens\u00e3o na UEPG, 18., EAX-Encontro Anual de Extens\u00e3o Universit\u00e1ria, 3.,\u00a0 2020, Ponta Grossa. <strong>Anais<\/strong> [&#8230;]. Ponta Grossa: UEPG, 2020. Dispon\u00edvel em:\u00a0<a href=\"https:\/\/siseve.apps.uepg.br\/storage\/eaexconex2020\/152_NATHALY_MIGDIA_DA_SILVA-160165391276637.pdf\">https:\/\/siseve.apps.uepg.br\/storage\/eaexconex2020\/152_NATHALY_MIGDIA_DA_SILVA-160165391276637.pdf<\/a><\/p>\n<p>LIMA, S. F. A.; BERGOLD, R. B.; SILVA, R.; ROGGEMKAMP, C. I. Aspectos s\u00f3cio-econ\u00f4mico-culturais dos integrantes do Coro Infantojuvenil Tons e Cores. <em>In<\/em>: EAX-Encontro Anual de Extens\u00e3o Universit\u00e1ria,2., CONEX-Encontro Conversando sobre Extens\u00e3o na UEPG, 17., 2019, Ponta Grossa. <strong>Anais<\/strong> [&#8230;]. Ponta Grossa: UEPG, 2019. Dispon\u00edvel em: <a href=\"https:\/\/siseve.apps.uepg.br\/storage\/eaexconex2019\/152_SIMONI_FERREIRA_ANTUNES_DE_LIMA-156269125878879.pdf\" target=\"_blank\" rel=\"nofollow noopener noreferrer\" data-content=\"https:\/\/siseve.apps.uepg.br\/storage\/eaexconex2019\/152_SIMONI_FERREIRA_ANTUNES_DE_LIMA-156269125878879.pdf\" data-type=\"external\">https:\/\/siseve.apps.uepg.br\/storage\/eaexconex2019\/152_SIMONI_FERREIRA_ANTUNES_DE_LIMA-156269125878879.pdf<\/a><\/p>\n<p><span class=\"wixGuard\">\u200b<\/span>BATISTA, M. O.;\u00a0SILVA, R.; BERGOLD, R. B.; ROGGEMKAMP, C. I. Processo de sele\u00e7\u00e3o do Coro Infantojuvenil da UEPG em 2019. <em>In<\/em>: EAX-Encontro Anual de Extens\u00e3o Universit\u00e1ria,2., CONEX-Encontro Conversando sobre Extens\u00e3o na UEPG, 17., 2019, Ponta Grossa. <strong>Anais<\/strong> [&#8230;]. Ponta Grossa: UEPG, 2019. Dispon\u00edvel em:\u00a0<a href=\"https:\/\/siseve.apps.uepg.br\/storage\/eaexconex2019\/152_MELISSA_DE_OLIVEIRA_BATISTA-156269383170869.pdf\" target=\"_blank\" rel=\"nofollow noopener noreferrer\" data-content=\"https:\/\/siseve.apps.uepg.br\/storage\/eaexconex2019\/152_MELISSA_DE_OLIVEIRA_BATISTA-156269383170869.pdf\" data-type=\"external\">https:\/\/siseve.apps.uepg.br\/storage\/eaexconex2019\/152_MELISSA_DE_OLIVEIRA_BATISTA-156269383170869.pdf<\/a><\/p>\n<p><span class=\"wixGuard\">\u200b<\/span><span class=\"wixGuard\">\u200b<\/span>SILVA, N. M.;\u00a0SILVA, R.; ROGGEMKAMP, C. I.; BERGOLD, R. B. Processo ensaio-apresenta\u00e7\u00e3o do Coro Infantojuvenil Tons e Cores sob o olhar de uma acad\u00eamica. <em>In<\/em>: EAX-Encontro Anual de Extens\u00e3o Universit\u00e1ria,2., CONEX-Encontro Conversando sobre Extens\u00e3o na UEPG, 17., 2019, Ponta Grossa. <strong>Anais<\/strong> [&#8230;]. Ponta Grossa: UEPG, 2019. Dispon\u00edvel em:<a href=\"https:\/\/siseve.apps.uepg.br\/storage\/eaexconex2019\/152_NATHALY_MIGDIA_DA_SILVA-156540592082633.pdf\" target=\"_blank\" rel=\"nofollow noopener noreferrer\" data-content=\"https:\/\/siseve.apps.uepg.br\/storage\/eaexconex2019\/152_NATHALY_MIGDIA_DA_SILVA-156540592082633.pdf\" data-type=\"external\"> https:\/\/siseve.apps.uepg.br\/storage\/eaexconex2019\/152_NATHALY_MIGDIA_DA_SILVA-156540592082633.pdf<\/a><\/p>\n<p>TRAMONTIN, H. F.; SILVA, R. \u00a0A alfabetiza\u00e7\u00e3o e letramento musical no contexto da educa\u00e7\u00e3o musical: um levantamento bibliogr\u00e1fico. <em>In<\/em>: Encontro Anual de Inicia\u00e7\u00e3o Cient\u00edfica, 27., Encontro Anual de Inicia\u00e7\u00e3o Cient\u00edfica J\u00fanior, 4., 2018, Ponta Grossa. <strong>Anais<\/strong> [&#8230;]. Ponta Grossa: UEPG, 2018. Dispon\u00edvel em: <a href=\"https:\/\/siseve.apps.uepg.br\/storage\/eaic2018\/15_Herton_Fabiano_Tramontin-153658152082017.pdf\" target=\"_blank\" rel=\"nofollow noopener noreferrer\" data-content=\"https:\/\/siseve.apps.uepg.br\/storage\/eaic2018\/15_Herton_Fabiano_Tramontin-153658152082017.pdf\" data-type=\"external\">https:\/\/siseve.apps.uepg.br\/storage\/eaic2018\/15_Herton_Fabiano_Tramontin-153658152082017.pdf<\/a><\/p>\n<p>WURMLI, A. C. M.; SILVA, R.; BERGOLD, R. B. An\u00e1lise do trabalho de reg\u00eancia coral nas turmas do 5\u00ba ano do CAIC-UEPG. <em>In<\/em>: CONEX-Encontro Conversando sobre Extens\u00e3o na UEPG, 16., 2018, Ponta Grossa. <strong>Anais<\/strong> [&#8230;]. Ponta Grossa: UEPG, 2018. Dispon\u00edvel em: <a href=\"https:\/\/sites.uepg.br\/conex\/anais\/anais_2018\/arquivos\/04052018_200447_5ac6ac07e0935.pdf\" target=\"_blank\" rel=\"nofollow noopener noreferrer\" data-content=\"https:\/\/sites.uepg.br\/conex\/anais\/anais_2018\/arquivos\/04052018_200447_5ac6ac07e0935.pdf\" data-type=\"external\">https:\/\/sites.uepg.br\/conex\/anais\/anais_2018\/arquivos\/04052018_200447_5ac6ac07e0935.pdf<\/a><\/p>\n<\/div>\n<div id=\"comp-k8j2pd9v\" class=\"txtNew\" data-packed=\"true\" data-vertical-text=\"false\">\n<p>&nbsp;<\/p>\n<p><strong>Trabalhos de conclus\u00e3o de curso<\/strong><\/p>\n<\/div>\n<div id=\"comp-k8j2xz7f\" class=\"txtNew\" data-packed=\"true\" data-vertical-text=\"false\">\n<p class=\"font_8\">WURMLI, A. C. M. <strong>As rela\u00e7\u00f5es entre a musicaliza\u00e7\u00e3o e a pr\u00e1tica de canto coral no projeto Educanto<\/strong>. 2019, 46 f. Trabalho de Conclus\u00e3o de Curso (Gradua\u00e7\u00e3o em Licenciatura em M\u00fasica) \u2013 Universidade Estadual de Ponta Grossa, Ponta Grosa, 2019. Dispon\u00edvel em: <a href=\"https:\/\/drive.google.com\/open?id=14H-H-3v4u4ya0sbA_EeUOABGOsJUcqin\">https:\/\/drive.google.com\/open?id=14H-H-3v4u4ya0sbA_EeUOABGOsJUcqin<\/a><\/p>\n<\/div>\n","protected":false},"excerpt":{"rendered":"<p>Trabalhos completos publicados em anais de congressos SILVA, R.; FERNANDES, S.; SILVA, P. O. A alfabetiza\u00e7\u00e3o e letramento musical: um estudo introdut\u00f3rio e conceitual a partir de uma constru\u00e7\u00e3o dial\u00f3gica entre \u00e1reas. In: Encontro Anual da Associa\u00e7\u00e3o Brasileira de Educa\u00e7\u00e3o Musical, 23., 2017, Manaus. Anais [&#8230;]. Dispon\u00edvel em:\u00a0https:\/\/abem.mus.br\/anais-congresso\/v2\/ ROGGEMKAMP, C. I.;\u00a0SILVA, R.; BERGOLD, R. B.;&nbsp;&hellip;<\/p>\n","protected":false},"author":24,"featured_media":0,"parent":0,"menu_order":0,"comment_status":"closed","ping_status":"closed","template":"","meta":[],"_links":{"self":[{"href":"https:\/\/www2.uepg.br\/educanto\/wp-json\/wp\/v2\/pages\/73"}],"collection":[{"href":"https:\/\/www2.uepg.br\/educanto\/wp-json\/wp\/v2\/pages"}],"about":[{"href":"https:\/\/www2.uepg.br\/educanto\/wp-json\/wp\/v2\/types\/page"}],"author":[{"embeddable":true,"href":"https:\/\/www2.uepg.br\/educanto\/wp-json\/wp\/v2\/users\/24"}],"replies":[{"embeddable":true,"href":"https:\/\/www2.uepg.br\/educanto\/wp-json\/wp\/v2\/comments?post=73"}],"version-history":[{"count":14,"href":"https:\/\/www2.uepg.br\/educanto\/wp-json\/wp\/v2\/pages\/73\/revisions"}],"predecessor-version":[{"id":739,"href":"https:\/\/www2.uepg.br\/educanto\/wp-json\/wp\/v2\/pages\/73\/revisions\/739"}],"wp:attachment":[{"href":"https:\/\/www2.uepg.br\/educanto\/wp-json\/wp\/v2\/media?parent=73"}],"curies":[{"name":"wp","href":"https:\/\/api.w.org\/{rel}","templated":true}]}}