{"id":155,"date":"2023-07-06T11:11:45","date_gmt":"2023-07-06T14:11:45","guid":{"rendered":"https:\/\/www2.uepg.br\/egressos\/?page_id=155"},"modified":"2023-07-06T11:11:45","modified_gmt":"2023-07-06T14:11:45","slug":"institucional","status":"publish","type":"page","link":"https:\/\/www2.uepg.br\/egressos\/institucional\/","title":{"rendered":"Institucional"},"content":{"rendered":"<p><span style=\"font-weight: 400\">Ol\u00e1, egressa(o) da UEPG<\/span><\/p>\n<p><span style=\"font-weight: 400\">\u00c9 muito bom rev\u00ea-la(o) por aqui<\/span><\/p>\n<p><span style=\"font-weight: 400\">Voc\u00ea sabe que, com mais de 50 anos de exist\u00eancia, a Universidade Estadual de Ponta Grossa j\u00e1 formou milhares de profissionais. A institui\u00e7\u00e3o sente orgulho da trajet\u00f3ria de cada um deles e sabe que muitos conquistaram posi\u00e7\u00f5es de destaque nas suas \u00e1reas de atua\u00e7\u00e3o, dentro e fora do pa\u00eds.<\/span><\/p>\n<p><span style=\"font-weight: 400\">Ent\u00e3o, se voc\u00ea passou pela UEPG, na gradua\u00e7\u00e3o ou na p\u00f3s, queremos receber not\u00edcias suas e saber como est\u00e1 sua carreira. A inten\u00e7\u00e3o \u00e9, claro, valoriz\u00e1-lo aqui no nosso Alumni UEPG &#8211; Portal de Egresso.<\/span><\/p>\n<p><span style=\"font-weight: 400\">Al\u00e9m disso, de colocar sua experi\u00eancia em destaque, as suas informa\u00e7\u00f5es s\u00e3o cruciais para que possamos planejar os pr\u00f3ximos 50 anos da institui\u00e7\u00e3o.<\/span><\/p>\n<p><span style=\"font-weight: 400\">Obrigada por participar!<\/span><\/p>\n","protected":false},"excerpt":{"rendered":"<p>Ol\u00e1, egressa(o) da UEPG \u00c9 muito bom rev\u00ea-la(o) por aqui Voc\u00ea sabe que, com mais de 50 anos de exist\u00eancia, a Universidade Estadual de Ponta Grossa j\u00e1 formou milhares de profissionais. A institui\u00e7\u00e3o sente orgulho da trajet\u00f3ria de cada um deles e sabe que muitos conquistaram posi\u00e7\u00f5es de destaque nas suas \u00e1reas de atua\u00e7\u00e3o, dentro&nbsp;&hellip;<\/p>\n","protected":false},"author":661,"featured_media":0,"parent":0,"menu_order":0,"comment_status":"closed","ping_status":"closed","template":"","meta":[],"_links":{"self":[{"href":"https:\/\/www2.uepg.br\/egressos\/wp-json\/wp\/v2\/pages\/155"}],"collection":[{"href":"https:\/\/www2.uepg.br\/egressos\/wp-json\/wp\/v2\/pages"}],"about":[{"href":"https:\/\/www2.uepg.br\/egressos\/wp-json\/wp\/v2\/types\/page"}],"author":[{"embeddable":true,"href":"https:\/\/www2.uepg.br\/egressos\/wp-json\/wp\/v2\/users\/661"}],"replies":[{"embeddable":true,"href":"https:\/\/www2.uepg.br\/egressos\/wp-json\/wp\/v2\/comments?post=155"}],"version-history":[{"count":1,"href":"https:\/\/www2.uepg.br\/egressos\/wp-json\/wp\/v2\/pages\/155\/revisions"}],"predecessor-version":[{"id":156,"href":"https:\/\/www2.uepg.br\/egressos\/wp-json\/wp\/v2\/pages\/155\/revisions\/156"}],"wp:attachment":[{"href":"https:\/\/www2.uepg.br\/egressos\/wp-json\/wp\/v2\/media?parent=155"}],"curies":[{"name":"wp","href":"https:\/\/api.w.org\/{rel}","templated":true}]}}