{"id":591,"date":"2022-02-04T15:16:55","date_gmt":"2022-02-04T18:16:55","guid":{"rendered":"https:\/\/www2.uepg.br\/eleicao\/?page_id=591"},"modified":"2022-02-04T15:43:13","modified_gmt":"2022-02-04T18:43:13","slug":"carreira-tecnica-2022","status":"publish","type":"page","link":"https:\/\/www2.uepg.br\/eleicao\/carreira-tecnica-2022\/","title":{"rendered":"Representante da Carreira T\u00e9cnica Universit\u00e1ria e seu suplente nos Conselhos de Administra\u00e7\u00e3o e Universit\u00e1rio &#8211; 2022"},"content":{"rendered":"<div id=\"pl-591\"  class=\"panel-layout\" ><div id=\"pg-591-0\"  class=\"panel-grid panel-no-style\" ><div id=\"pgc-591-0-0\"  class=\"panel-grid-cell\" ><div id=\"panel-591-0-0-0\" class=\"so-panel widget widget_listcategorypostswidget panel-first-child panel-last-child\" data-index=\"0\" ><h3 class=\"widget-title\"> <\/h3><ul class=\"lcp_catlist\" id=\"lcp_instance_listcategorypostswidget-1\"><li><a href=\"https:\/\/www2.uepg.br\/eleicao\/resultado-da-eleicao-ca-agentes\/\">Resultado da Elei\u00e7\u00e3o &#8211; CA Agentes<\/a><\/li><li><a href=\"https:\/\/www2.uepg.br\/eleicao\/ca-resultado-final\/\">CA &#8211; Resultado Final<\/a><\/li><li><a href=\"https:\/\/www2.uepg.br\/eleicao\/ca-lista-de-eleitores\/\">CA &#8211; Lista de Eleitores<\/a><\/li><li><a href=\"https:\/\/www2.uepg.br\/eleicao\/numeracao-das-chapas-2\/\">Numera\u00e7\u00e3o das Chapas<\/a><\/li><li><a href=\"https:\/\/www2.uepg.br\/eleicao\/edital-12-2022-deferimento-e-convocacao-das-chapas\/\">Edital 12\/2022 &#8211; Deferimento e convoca\u00e7\u00e3o das chapas<\/a><\/li><li><a href=\"https:\/\/www2.uepg.br\/eleicao\/edital-10-2022-revogacao-do-edital-009-2022\/\">Edital 10\/2022 &#8211; Revoga\u00e7\u00e3o do EDITAL 009\/2022<\/a><\/li><li><a href=\"https:\/\/www2.uepg.br\/eleicao\/edital-009-2022-aclamacao\/\">Edital 009\/2022 &#8211; Aclama\u00e7\u00e3o<\/a><\/li><li><a href=\"https:\/\/www2.uepg.br\/eleicao\/edital-06-2022-edital-para-eleicao-de-representante-da-carreira-tecnica-universitaria-nos-conselhos-de-administracao-e-universitario-inscricoes-deferidas\/\">Edital 08\/2022 \u2013 Deferimento das inscricoes CA &#8211; Carreira T\u00e9cnica<\/a><\/li><li><a href=\"https:\/\/www2.uepg.br\/eleicao\/edital-para-eleicao-de-representante-da-carreira-tecnica-universitaria-nos-conselhos-de-administracao-e-universitario\/\">Edital 06\/2022 &#8211; Edital para Elei\u00e7\u00e3o de Representante da Carreira T\u00e9cnica Universit\u00e1ria nos Conselhos de Administra\u00e7\u00e3o e Universit\u00e1rio<\/a><\/li><li><a href=\"https:\/\/www2.uepg.br\/eleicao\/tutorial-para-inscricao-representante-tecnico-administrativo-ca-2\/\">Tutorial para inscri\u00e7\u00e3o &#8211; Representante T\u00e9cnico Administrativo CA<\/a><\/li><li><a href=\"https:\/\/www2.uepg.br\/eleicao\/edital-02-2022-eleicao-de-representante-da-carreira-tecnica-universitaria\/\">Edital 02\/2022 &#8211; Elei\u00e7\u00e3o de Representante da Carreira T\u00e9cnica Universit\u00e1ria<\/a><\/li><\/ul><a href=\"https:\/\/www2.uepg.br\/eleicao\/category\/carreira-tecnica-2022\/\"> <\/a><\/div><\/div><\/div><\/div>","protected":false},"excerpt":{"rendered":"<p>Resultado da Elei\u00e7\u00e3o &#8211; CA AgentesCA &#8211; Resultado FinalCA &#8211; Lista de EleitoresNumera\u00e7\u00e3o das ChapasEdital 12\/2022 &#8211; Deferimento e convoca\u00e7\u00e3o das chapasEdital 10\/2022 &#8211; Revoga\u00e7\u00e3o do EDITAL 009\/2022Edital 009\/2022 &#8211; Aclama\u00e7\u00e3oEdital 08\/2022 \u2013 Deferimento das inscricoes CA &#8211; Carreira T\u00e9cnicaEdital 06\/2022 &#8211; Edital para Elei\u00e7\u00e3o de Representante da Carreira T\u00e9cnica Universit\u00e1ria nos Conselhos de Administra\u00e7\u00e3o&nbsp;&hellip;<\/p>\n","protected":false},"author":378,"featured_media":0,"parent":0,"menu_order":0,"comment_status":"closed","ping_status":"closed","template":"","meta":[],"_links":{"self":[{"href":"https:\/\/www2.uepg.br\/eleicao\/wp-json\/wp\/v2\/pages\/591"}],"collection":[{"href":"https:\/\/www2.uepg.br\/eleicao\/wp-json\/wp\/v2\/pages"}],"about":[{"href":"https:\/\/www2.uepg.br\/eleicao\/wp-json\/wp\/v2\/types\/page"}],"author":[{"embeddable":true,"href":"https:\/\/www2.uepg.br\/eleicao\/wp-json\/wp\/v2\/users\/378"}],"replies":[{"embeddable":true,"href":"https:\/\/www2.uepg.br\/eleicao\/wp-json\/wp\/v2\/comments?post=591"}],"version-history":[{"count":6,"href":"https:\/\/www2.uepg.br\/eleicao\/wp-json\/wp\/v2\/pages\/591\/revisions"}],"predecessor-version":[{"id":597,"href":"https:\/\/www2.uepg.br\/eleicao\/wp-json\/wp\/v2\/pages\/591\/revisions\/597"}],"wp:attachment":[{"href":"https:\/\/www2.uepg.br\/eleicao\/wp-json\/wp\/v2\/media?parent=591"}],"curies":[{"name":"wp","href":"https:\/\/api.w.org\/{rel}","templated":true}]}}