{"id":623,"date":"2022-02-17T09:53:14","date_gmt":"2022-02-17T12:53:14","guid":{"rendered":"https:\/\/www2.uepg.br\/eleicao\/?page_id=623"},"modified":"2022-02-17T10:01:26","modified_gmt":"2022-02-17T13:01:26","slug":"consulta-a-comunidade-universitaria-para-a-escolha-de-reitor-e-vice-reitor-da-uepg-gestao-2022-2026","status":"publish","type":"page","link":"https:\/\/www2.uepg.br\/eleicao\/consulta-a-comunidade-universitaria-para-a-escolha-de-reitor-e-vice-reitor-da-uepg-gestao-2022-2026\/","title":{"rendered":"Consulta \u00e0 Comunidade Universit\u00e1ria para a Escolha de Reitor e Vice-Reitor da UEPG &#8211; Gest\u00e3o 2022\/2026"},"content":{"rendered":"<div id=\"pl-623\"  class=\"panel-layout\" ><div id=\"pg-623-0\"  class=\"panel-grid panel-no-style\" ><div id=\"pgc-623-0-0\"  class=\"panel-grid-cell\" ><div id=\"panel-623-0-0-0\" class=\"so-panel widget widget_listcategorypostswidget panel-first-child panel-last-child\" data-index=\"0\" ><h3 class=\"widget-title\"> <\/h3><ul class=\"lcp_catlist\" id=\"lcp_instance_listcategorypostswidget-1\"><li><a href=\"https:\/\/www2.uepg.br\/eleicao\/resultado-final\/\">Resultado Final<\/a>  13 de abril de 2022<\/li><li><a href=\"https:\/\/www2.uepg.br\/eleicao\/justificativa-de-ausencia-de-voto\/\">Justificativa de Aus\u00eancia de Voto<\/a>  12 de abril de 2022<\/li><li><a href=\"https:\/\/www2.uepg.br\/eleicao\/autoriza-a-dispensa-dos-fiscais-de-chapa-das-atividades-nos-orgaos-de-lotacao\/\">Autoriza a dispensa dos Fiscais de Chapa das atividades nos \u00f3rg\u00e3os de lota\u00e7\u00e3o<\/a>  12 de abril de 2022<\/li><li><a href=\"https:\/\/www2.uepg.br\/eleicao\/portaria-r-2022-167-retificacao-designa-membros-das-mesas-receptoras-de-votos\/\">PORTARIA R 2022-167 &#8211; RETIFICA\u00c7\u00c3O &#8211; Designa membros das mesas receptoras de votos<\/a>  6 de abril de 2022<\/li><li><a href=\"https:\/\/www2.uepg.br\/eleicao\/edital-2022-04-lista-de-eleitores\/\">Edital 2022.04 &#8211; Lista de Eleitores<\/a>  5 de abril de 2022<\/li><li><a href=\"https:\/\/www2.uepg.br\/eleicao\/edital-2022-03-locais-de-votacao-ead-e-campus-universitario-em-telemaco-borba\/\">Edital 2022.03 &#8211; Locais de vota\u00e7\u00e3o &#8211; EAD e Campus Universit\u00e1rio em Tel\u00eamaco Borba<\/a>  5 de abril de 2022<\/li><li><a href=\"https:\/\/www2.uepg.br\/eleicao\/portaria-r-no-2022-162-designa-membros-das-mesas-receptoras-de-votos\/\">PORTARIA R. &#8211; N\u00ba 2022.162 &#8211; Designa membros das mesas receptoras de votos<\/a>  1 de abril de 2022<\/li><li><a href=\"https:\/\/www2.uepg.br\/eleicao\/edital-com-consulta-reitor-no-2022-02-deferimento-das-chapas\/\">EDITAL COM-CONSULTA REITOR &#8211; N\u00ba 2022.02 &#8211; Deferimento das chapas<\/a>  10 de mar\u00e7o de 2022<\/li><li><a href=\"https:\/\/www2.uepg.br\/eleicao\/ficha-de-inscricao-gestao-2022-2026\/\">FICHA DE INSCRI\u00c7\u00c3O &#8211; GESTAO 2022-2026<\/a>  17 de fevereiro de 2022<\/li><li><a href=\"https:\/\/www2.uepg.br\/eleicao\/edital-com-consulta-reitor-no-2022-01\/\">EDITAL COM-CONSULTA REITOR &#8211; N\u00ba 2022.01<\/a>  17 de fevereiro de 2022<\/li><\/ul><a href=\"https:\/\/www2.uepg.br\/eleicao\/category\/consulta-comunidade-reitor-2022-2026\/\"> <\/a><\/div><\/div><\/div><\/div>","protected":false},"excerpt":{"rendered":"<p>Resultado Final 13 de abril de 2022Justificativa de Aus\u00eancia de Voto 12 de abril de 2022Autoriza a dispensa dos Fiscais de Chapa das atividades nos \u00f3rg\u00e3os de lota\u00e7\u00e3o 12 de abril de 2022PORTARIA R 2022-167 &#8211; RETIFICA\u00c7\u00c3O &#8211; Designa membros das mesas receptoras de votos 6 de abril de 2022Edital 2022.04 &#8211; Lista de Eleitores&nbsp;&hellip;<\/p>\n","protected":false},"author":378,"featured_media":0,"parent":0,"menu_order":0,"comment_status":"closed","ping_status":"closed","template":"","meta":[],"_links":{"self":[{"href":"https:\/\/www2.uepg.br\/eleicao\/wp-json\/wp\/v2\/pages\/623"}],"collection":[{"href":"https:\/\/www2.uepg.br\/eleicao\/wp-json\/wp\/v2\/pages"}],"about":[{"href":"https:\/\/www2.uepg.br\/eleicao\/wp-json\/wp\/v2\/types\/page"}],"author":[{"embeddable":true,"href":"https:\/\/www2.uepg.br\/eleicao\/wp-json\/wp\/v2\/users\/378"}],"replies":[{"embeddable":true,"href":"https:\/\/www2.uepg.br\/eleicao\/wp-json\/wp\/v2\/comments?post=623"}],"version-history":[{"count":2,"href":"https:\/\/www2.uepg.br\/eleicao\/wp-json\/wp\/v2\/pages\/623\/revisions"}],"predecessor-version":[{"id":627,"href":"https:\/\/www2.uepg.br\/eleicao\/wp-json\/wp\/v2\/pages\/623\/revisions\/627"}],"wp:attachment":[{"href":"https:\/\/www2.uepg.br\/eleicao\/wp-json\/wp\/v2\/media?parent=623"}],"curies":[{"name":"wp","href":"https:\/\/api.w.org\/{rel}","templated":true}]}}