{"id":874,"date":"2022-08-11T15:44:54","date_gmt":"2022-08-11T18:44:54","guid":{"rendered":"https:\/\/www2.uepg.br\/eleicao\/?page_id=874"},"modified":"2022-08-11T15:47:17","modified_gmt":"2022-08-11T18:47:17","slug":"docente-secate-cepe-2022","status":"publish","type":"page","link":"https:\/\/www2.uepg.br\/eleicao\/docente-secate-cepe-2022\/","title":{"rendered":"Elei\u00e7\u00e3o para Representante Docente do SECATE junto ao CEPE"},"content":{"rendered":"<div id=\"pl-874\"  class=\"panel-layout\" ><div id=\"pg-874-0\"  class=\"panel-grid panel-no-style\" ><div id=\"pgc-874-0-0\"  class=\"panel-grid-cell\" ><div id=\"panel-874-0-0-0\" class=\"so-panel widget widget_listcategorypostswidget panel-first-child panel-last-child\" data-index=\"0\" ><h3 class=\"widget-title\"> <\/h3><ul class=\"lcp_catlist\" id=\"lcp_instance_listcategorypostswidget-1\"><li><a href=\"https:\/\/www2.uepg.br\/eleicao\/edital-com-rdcepeca-2022-380\/\">Edital COM-RDCEPECA 2022.380<\/a>  18 de agosto de 2022<\/li><li><a href=\"https:\/\/www2.uepg.br\/eleicao\/como-se-inscrever-no-sei-uepg\/\">Como se inscrever na Elei\u00e7\u00e3o CEPE &#8211; SECATE no SEI\/UEPG<\/a>  11 de agosto de 2022<\/li><li><a href=\"https:\/\/www2.uepg.br\/eleicao\/edital-2022-347-comissao-eleitoral\/\">Edital 2022.347 &#8211; Comiss\u00e3o Eleitoral<\/a>  11 de agosto de 2022<\/li><li><a href=\"https:\/\/www2.uepg.br\/eleicao\/904-2\/\">Convoca elei\u00e7\u00e3o, em processo eletr\u00f4nico e remoto, de Representante Docente do SECATE, junto ao CEPE e, consequentemente, ao Conselho Universit\u00e1rio, com mandato at\u00e9 31 de mar\u00e7o de 2023<\/a>  11 de agosto de 2022<\/li><\/ul><a href=\"https:\/\/www2.uepg.br\/eleicao\/category\/docente-secate-cepe-2022\/\"> <\/a><\/div><\/div><\/div><\/div>","protected":false},"excerpt":{"rendered":"<p>Edital COM-RDCEPECA 2022.380 18 de agosto de 2022Como se inscrever na Elei\u00e7\u00e3o CEPE &#8211; SECATE no SEI\/UEPG 11 de agosto de 2022Edital 2022.347 &#8211; Comiss\u00e3o Eleitoral 11 de agosto de 2022Convoca elei\u00e7\u00e3o, em processo eletr\u00f4nico e remoto, de Representante Docente do SECATE, junto ao CEPE e, consequentemente, ao Conselho Universit\u00e1rio, com mandato at\u00e9 31 de&nbsp;&hellip;<\/p>\n","protected":false},"author":378,"featured_media":0,"parent":0,"menu_order":0,"comment_status":"closed","ping_status":"closed","template":"","meta":[],"_links":{"self":[{"href":"https:\/\/www2.uepg.br\/eleicao\/wp-json\/wp\/v2\/pages\/874"}],"collection":[{"href":"https:\/\/www2.uepg.br\/eleicao\/wp-json\/wp\/v2\/pages"}],"about":[{"href":"https:\/\/www2.uepg.br\/eleicao\/wp-json\/wp\/v2\/types\/page"}],"author":[{"embeddable":true,"href":"https:\/\/www2.uepg.br\/eleicao\/wp-json\/wp\/v2\/users\/378"}],"replies":[{"embeddable":true,"href":"https:\/\/www2.uepg.br\/eleicao\/wp-json\/wp\/v2\/comments?post=874"}],"version-history":[{"count":8,"href":"https:\/\/www2.uepg.br\/eleicao\/wp-json\/wp\/v2\/pages\/874\/revisions"}],"predecessor-version":[{"id":893,"href":"https:\/\/www2.uepg.br\/eleicao\/wp-json\/wp\/v2\/pages\/874\/revisions\/893"}],"wp:attachment":[{"href":"https:\/\/www2.uepg.br\/eleicao\/wp-json\/wp\/v2\/media?parent=874"}],"curies":[{"name":"wp","href":"https:\/\/api.w.org\/{rel}","templated":true}]}}