{"id":939,"date":"2022-12-19T15:46:07","date_gmt":"2022-12-19T18:46:07","guid":{"rendered":"https:\/\/www2.uepg.br\/eleicao\/?page_id=939"},"modified":"2023-03-07T08:13:52","modified_gmt":"2023-03-07T11:13:52","slug":"representante-tecnico-conselho-de-administracao-2023","status":"publish","type":"page","link":"https:\/\/www2.uepg.br\/eleicao\/representante-tecnico-conselho-de-administracao-2023\/","title":{"rendered":"Elei\u00e7\u00e3o para Representante T\u00e9cnico junto ao Conselho de Administra\u00e7\u00e3o &#8211; 2023"},"content":{"rendered":"<ul>\n<li>Portaria R. n\u00ba <a href=\"http:\/\/www2.uepg.br\/eleicao\/wp-content\/uploads\/sites\/175\/2022\/12\/Port2022.827.pdf\">2022.827<\/a> &#8211; Convoca elei\u00e7\u00f5es, defina a data e designa a Comiss\u00e3o Eleitoral<\/li>\n<li><a href=\"http:\/\/www2.uepg.br\/eleicao\/wp-content\/uploads\/sites\/175\/2022\/12\/EDITAL_02_PARA_REPRESENTANTE_TECNICO.pdf\">Edital n\u00ba 02\/2023<\/a><\/li>\n<li><a href=\"http:\/\/www2.uepg.br\/eleicao\/wp-content\/uploads\/sites\/175\/2023\/02\/Edital_05_carreira_tecnica.pdf\">Edital n\u00ba 05\/2023<\/a> &#8211; Defere as inscri\u00e7\u00f5es<\/li>\n<li><a href=\"http:\/\/www2.uepg.br\/eleicao\/wp-content\/uploads\/sites\/175\/2023\/02\/Edital_RETIFICACAO__10_carreira_tecnica.pdf\">Edital_RETIFICACAO_n\u00ba 10\/2023<\/a><\/li>\n<li><a href=\"http:\/\/www2.uepg.br\/eleicao\/wp-content\/uploads\/sites\/175\/2023\/02\/Edital-12-impugnacao-de-chapa.pdf\">Edital n\u00ba 12\/2023 impugna\u00e7\u00e3o de chapa<\/a><\/li>\n<li><a href=\"http:\/\/www2.uepg.br\/eleicao\/wp-content\/uploads\/sites\/175\/2023\/02\/Edital-14-resposta-recurso.pdf\">Edital n\u00ba 14\/2023<\/a> &#8211; Indefere recurso<\/li>\n<li><a href=\"http:\/\/www2.uepg.br\/eleicao\/wp-content\/uploads\/sites\/175\/2023\/03\/edital-16-aclamacao-RTA.pdf\">Edital n\u00ba 16\/2023<\/a> &#8211; Aclama\u00e7\u00e3o de chapa<\/li>\n<\/ul>\n","protected":false},"excerpt":{"rendered":"<p>Portaria R. n\u00ba 2022.827 &#8211; Convoca elei\u00e7\u00f5es, defina a data e designa a Comiss\u00e3o Eleitoral Edital n\u00ba 02\/2023 Edital n\u00ba 05\/2023 &#8211; Defere as inscri\u00e7\u00f5es Edital_RETIFICACAO_n\u00ba 10\/2023 Edital n\u00ba 12\/2023 impugna\u00e7\u00e3o de chapa Edital n\u00ba 14\/2023 &#8211; Indefere recurso Edital n\u00ba 16\/2023 &#8211; Aclama\u00e7\u00e3o de chapa<\/p>\n","protected":false},"author":582,"featured_media":0,"parent":0,"menu_order":0,"comment_status":"closed","ping_status":"closed","template":"","meta":[],"_links":{"self":[{"href":"https:\/\/www2.uepg.br\/eleicao\/wp-json\/wp\/v2\/pages\/939"}],"collection":[{"href":"https:\/\/www2.uepg.br\/eleicao\/wp-json\/wp\/v2\/pages"}],"about":[{"href":"https:\/\/www2.uepg.br\/eleicao\/wp-json\/wp\/v2\/types\/page"}],"author":[{"embeddable":true,"href":"https:\/\/www2.uepg.br\/eleicao\/wp-json\/wp\/v2\/users\/582"}],"replies":[{"embeddable":true,"href":"https:\/\/www2.uepg.br\/eleicao\/wp-json\/wp\/v2\/comments?post=939"}],"version-history":[{"count":12,"href":"https:\/\/www2.uepg.br\/eleicao\/wp-json\/wp\/v2\/pages\/939\/revisions"}],"predecessor-version":[{"id":1011,"href":"https:\/\/www2.uepg.br\/eleicao\/wp-json\/wp\/v2\/pages\/939\/revisions\/1011"}],"wp:attachment":[{"href":"https:\/\/www2.uepg.br\/eleicao\/wp-json\/wp\/v2\/media?parent=939"}],"curies":[{"name":"wp","href":"https:\/\/api.w.org\/{rel}","templated":true}]}}