{"id":6672,"date":"2025-06-12T08:54:39","date_gmt":"2025-06-12T11:54:39","guid":{"rendered":"https:\/\/www2.uepg.br\/elos\/?page_id=6672"},"modified":"2025-06-13T00:45:54","modified_gmt":"2025-06-13T03:45:54","slug":"documentarios","status":"publish","type":"page","link":"https:\/\/www2.uepg.br\/elos\/documentarios\/","title":{"rendered":"Document\u00e1rios"},"content":{"rendered":"<div id=\"pl-6672\"  class=\"panel-layout\" ><div id=\"pg-6672-0\"  class=\"panel-grid panel-has-style\" ><div class=\"siteorigin-panels-stretch panel-row-style panel-row-style-for-6672-0\" data-stretch-type=\"full-stretched-padded\" ><div id=\"pgc-6672-0-0\"  class=\"panel-grid-cell\" ><div id=\"panel-6672-0-0-0\" class=\"so-panel widget widget_text panel-first-child panel-last-child\" data-index=\"0\" ><div class=\"panel-widget-style panel-widget-style-for-6672-0-0-0\" >\t\t\t<div class=\"textwidget\"><p>O v\u00eddeo registra a trajet\u00f3ria de luta pelo direito \u00e0 moradia em uma ocupa\u00e7\u00e3o que teve in\u00edcio em dezembro de 2021 no Parque Andorinhas, em Ponta Grossa. A partir de relatos de moradoras, s\u00e3o apresentadas as dificuldades enfrentadas desde o in\u00edcio pelas fam\u00edlias que residem no local, as conquistas resultantes da organiza\u00e7\u00e3o coletiva, os desafios futuros e a esperan\u00e7a que alimenta a luta por direitos e por dignidade. \u201cOcupa Ponta Grossa: Direito \u00e0 moradia na Ocupa\u00e7\u00e3o Ericson John Duarte\u201d \u00e9 uma produ\u00e7\u00e3o dos projetos de extens\u00e3o Elos \u2013 Jornalismo, Direitos Humanos e Forma\u00e7\u00e3o Cidad\u00e3 e Al\u00f4 Mulheres, do Curso de Jornalismo da Universidade Estadual de Ponta Grossa (UEPG), em parceria com a Frente Nacional de Luta (FNL) de Ponta Grossa.<\/p>\n<\/div>\n\t\t<\/div><\/div><\/div><div id=\"pgc-6672-0-1\"  class=\"panel-grid-cell\" ><div id=\"panel-6672-0-1-0\" class=\"so-panel widget widget_media_video panel-first-child panel-last-child\" data-index=\"1\" ><div style=\"width:100%;\" class=\"wp-video\"><!--[if lt IE 9]><script>document.createElement('video');<\/script><![endif]-->\n<video class=\"wp-video-shortcode\" id=\"video-6672-1\" preload=\"metadata\" controls=\"controls\"><source type=\"video\/youtube\" src=\"https:\/\/www.youtube.com\/watch?v=QbMvcpMKInI&#038;t=152s&#038;_=1\" \/><a href=\"https:\/\/www.youtube.com\/watch?v=QbMvcpMKInI&#038;t=152s\">https:\/\/www.youtube.com\/watch?v=QbMvcpMKInI&#038;t=152s<\/a><\/video><\/div><\/div><\/div><\/div><\/div><div id=\"pg-6672-1\"  class=\"panel-grid panel-has-style\" ><div class=\"siteorigin-panels-stretch panel-row-style panel-row-style-for-6672-1\" data-stretch-type=\"full-stretched-padded\" ><div id=\"pgc-6672-1-0\"  class=\"panel-grid-cell\" ><div id=\"panel-6672-1-0-0\" class=\"so-panel widget widget_media_video panel-first-child panel-last-child\" data-index=\"2\" ><div style=\"width:100%;\" class=\"wp-video\"><video class=\"wp-video-shortcode\" id=\"video-6672-2\" preload=\"metadata\" controls=\"controls\"><source type=\"video\/youtube\" src=\"https:\/\/www.youtube.com\/watch?v=YA7TRjbdAKc&#038;t=22s&#038;_=2\" \/><a href=\"https:\/\/www.youtube.com\/watch?v=YA7TRjbdAKc&#038;t=22s\">https:\/\/www.youtube.com\/watch?v=YA7TRjbdAKc&#038;t=22s<\/a><\/video><\/div><\/div><\/div><div id=\"pgc-6672-1-1\"  class=\"panel-grid-cell\" ><div id=\"panel-6672-1-1-0\" class=\"so-panel widget widget_text panel-first-child panel-last-child\" data-index=\"3\" ><div class=\"panel-widget-style panel-widget-style-for-6672-1-1-0\" >\t\t\t<div class=\"textwidget\"><p>O document\u00e1rio trata da trajet\u00f3ria das primeiras travestis de Ponta Grossa\/PR (Debora Lee e Fernanda Riquelme) e da milit\u00e2ncia que exercem junto \u00e0 popula\u00e7\u00e3o LGBTQIA+. As narrativas revelam como as travestis sobreviveram \u00e0 repress\u00e3o, \u00e0 epidemia de HIV\/Aids e \u00e0s m\u00faltiplas viol\u00eancias que marcaram suas vidas. O document\u00e1rio \u00e9 uma produ\u00e7\u00e3o do projeto de extens\u00e3o Elos \u2013 Jornalismo, Direitos Humanos e Forma\u00e7\u00e3o Cidad\u00e3, do Curso de Jornalismo da Universidade Estadual de Ponta Grossa (UEPG), em parceria com a ONG Renascer.<\/p>\n<\/div>\n\t\t<\/div><\/div><\/div><\/div><\/div><\/div>","protected":false},"excerpt":{"rendered":"<p>O v\u00eddeo registra a trajet\u00f3ria de luta pelo direito \u00e0 moradia em uma ocupa\u00e7\u00e3o que teve in\u00edcio em dezembro de 2021 no Parque Andorinhas, em Ponta Grossa. A partir de relatos de moradoras, s\u00e3o apresentadas as dificuldades enfrentadas desde o in\u00edcio pelas fam\u00edlias que residem no local, as conquistas resultantes da organiza\u00e7\u00e3o coletiva, os desafios&nbsp;&hellip;<\/p>\n","protected":false},"author":846,"featured_media":0,"parent":0,"menu_order":0,"comment_status":"closed","ping_status":"closed","template":"","meta":[],"_links":{"self":[{"href":"https:\/\/www2.uepg.br\/elos\/wp-json\/wp\/v2\/pages\/6672"}],"collection":[{"href":"https:\/\/www2.uepg.br\/elos\/wp-json\/wp\/v2\/pages"}],"about":[{"href":"https:\/\/www2.uepg.br\/elos\/wp-json\/wp\/v2\/types\/page"}],"author":[{"embeddable":true,"href":"https:\/\/www2.uepg.br\/elos\/wp-json\/wp\/v2\/users\/846"}],"replies":[{"embeddable":true,"href":"https:\/\/www2.uepg.br\/elos\/wp-json\/wp\/v2\/comments?post=6672"}],"version-history":[{"count":6,"href":"https:\/\/www2.uepg.br\/elos\/wp-json\/wp\/v2\/pages\/6672\/revisions"}],"predecessor-version":[{"id":6763,"href":"https:\/\/www2.uepg.br\/elos\/wp-json\/wp\/v2\/pages\/6672\/revisions\/6763"}],"wp:attachment":[{"href":"https:\/\/www2.uepg.br\/elos\/wp-json\/wp\/v2\/media?parent=6672"}],"curies":[{"name":"wp","href":"https:\/\/api.w.org\/{rel}","templated":true}]}}