{"id":240,"date":"2020-03-02T13:36:44","date_gmt":"2020-03-02T16:36:44","guid":{"rendered":"http:\/\/www2.uepg.br\/eri\/?page_id=240"},"modified":"2025-12-03T12:43:04","modified_gmt":"2025-12-03T15:43:04","slug":"movilidad-in","status":"publish","type":"page","link":"https:\/\/www2.uepg.br\/eri\/es\/movilidad-in\/","title":{"rendered":"Movilidad IN"},"content":{"rendered":"<p style=\"text-align: center\">\u00bfQuieres estudiar en la Universidad Estatal de Ponta Grossa (UEPG)?<\/p>\n<p style=\"text-align: center\"><strong>\u00bfPor d\u00f3nde empezar?<\/strong><\/p>\n<p>Programas de licenciatura:<\/p>\n<p>Para convertirte en estudiante de movilidad durante tus estudios de licenciatura, sigue estos pasos.<\/p>\n<p>1 &#8211; Visita el sitio web de la UEPG y busca el <a href=\"https:\/\/www2.uepg.br\/prograd\/catalogo-de-cursos\/\">curso y las materias que te interesan<\/a>.<\/p>\n<p>2 &#8211; Rellena el formulario PROMEI, disponible aqu\u00ed.<\/p>\n<p>3 &#8211; Env\u00eda los siguientes documentos a eri@uepg.br:<\/p>\n<ul>\n<li>Formulario PROMEI completado y firmado;<\/li>\n<li>Copia de tu pasaporte;<\/li>\n<li>Expediente acad\u00e9mico* de tu universidad de origen y su traducci\u00f3n, si no est\u00e1 en portugu\u00e9s;<\/li>\n<li>Copia de tu acta de nacimiento;<\/li>\n<li>Carta de presentaci\u00f3n de tu universidad de origen.<\/li>\n<\/ul>\n<p>*El expediente acad\u00e9mico es un documento que enumera los cursos que ha tomado el estudiante en su universidad de origen y su rendimiento en cada uno de ellos.<\/p>\n<p><strong>Programas de posgrado:<\/strong><\/p>\n<p>Si est\u00e1 interesado en cursar estudios de posgrado en la UEPG, consulte los programas de intercambio disponibles.<\/p>\n<p>Si es un candidato independiente, puede ponerse en contacto con el coordinador del curso que le interesa en la UEPG para obtener informaci\u00f3n sobre las plazas disponibles y el procedimiento de selecci\u00f3n. <a href=\"https:\/\/www2.uepg.br\/propesp\/pos-graduacao\/cursos\/\">Consulte los programas.<\/a><\/p>\n<hr \/>\n<p><strong>He recibido mi carta de aceptaci\u00f3n. \u00bfY ahora?<\/strong><\/p>\n<p>Prepare su equipaje y la documentaci\u00f3n:<\/p>\n<ul>\n<li>Boletos\/billetes de avi\u00f3n;<\/li>\n<li>Visa (Visto de Estudiante (<a href=\"https:\/\/www.gov.br\/mre\/pt-br\/consulado-lisboa\/servicos-consulares\/vistos-destinados-a-estrangeiros-para-entrada-no-brasil\/visto-de-estudante-vitem-iv\">VITEM IV<\/a>));<\/li>\n<li>CPF (N\u00famero de Registro Individual): <a href=\"https:\/\/servicos.receita.fazenda.gov.br\/servicos\/cpf\/inscricaocpfestrangeiro\/default.asp\">solic\u00edtelo en l\u00ednea con anticipaci\u00f3n<\/a>;<\/li>\n<li>Seguro m\u00e9dico con cl\u00e1usula de repatriaci\u00f3n funeraria (\u201cBrasil Receptivo\u201d, seguro para extranjeros), que debe contratarse antes de su viaje;<\/li>\n<li>Cartilla de vacunaci\u00f3n actualizada: <a href=\"https:\/\/www.gov.br\/saude\/pt-br\/assuntos\/saude-de-a-a-z\/s\/saude-do-viajante\/vacina-para-viajantes\">inf\u00f3rmese sobre las vacunas necesarias<\/a>;<\/li>\n<li>Autorizaci\u00f3n para el uso de imagen.<\/li>\n<\/ul>\n<p>Nota: adem\u00e1s de tu cartilla de vacunaci\u00f3n, recuerda proporcionar a la UEPG informaci\u00f3n sobre tu estado de salud (alergias y cirug\u00edas previas) y tus contactos de emergencia.<\/p>\n<hr \/>\n<p>Cuando llegues a Ponta Grossa, pres\u00e9ntate en la Oficina de Relaciones Internacionales. Podemos ayudarte con:<\/p>\n<ul>\n<li>la emisi\u00f3n de tu CPF (si no has podido hacerlo t\u00fa mismo);<\/li>\n<li>matricularse en la UEPG;<\/li>\n<li>abrir una cuenta bancaria (si es necesario, para recibir los pagos de la beca);<\/li>\n<li>rellenar los formularios para obtener la <a href=\"https:\/\/www.gov.br\/pf\/pt-br\/assuntos\/imigracao\/pt\/etapas\">Tarjeta de Registro Nacional de Migraci\u00f3n (CRNM)<\/a> de la Polic\u00eda Federal;<\/li>\n<li>acompa\u00f1arle a la Polic\u00eda Federal el d\u00eda previsto para entregar la documentaci\u00f3n necesaria para la CRNM.<\/li>\n<\/ul>\n<hr \/>\n<p><strong>VISADO TEMPORAL IV \u2013 VISADO DE ESTUDIANTE<\/strong><\/p>\n<p><strong>Qu\u00e9 es:<\/strong> la Visa Temporal IV es una autorizaci\u00f3n obligatoria para todos los extranjeros que deseen estudiar en una universidad brasile\u00f1a.<\/p>\n<p><strong>Qui\u00e9n puede obtenerla:<\/strong> se puede conceder a cualquier estudiante extranjero que tenga la intenci\u00f3n de venir a Brasil de forma temporal, sin intenci\u00f3n de emigrar o realizar un trabajo remunerado.<\/p>\n<p><strong>C\u00f3mo funciona:<\/strong> esta visa autoriza al extranjero a asistir a un curso espec\u00edfico en una instituci\u00f3n educativa espec\u00edfica.<\/p>\n<p><strong>D\u00f3nde solicitarla:<\/strong> en el consulado o embajada de Brasil en el pa\u00eds de origen.<\/p>\n<p><strong>Validez:<\/strong> puede tener una validez de hasta un (1) a\u00f1o (seg\u00fan la carta de aceptaci\u00f3n emitida por la universidad de acogida) y puede prorrogarse por el mismo per\u00edodo, varias veces, durante la duraci\u00f3n del curso. La solicitud de pr\u00f3rroga debe presentarse al Departamento de Polic\u00eda Federal al menos treinta (30) d\u00edas antes de la finalizaci\u00f3n de la estancia.<\/p>\n<p><strong>Documentos necesarios:<\/strong> consulta al Consulado General de Brasil en tu pa\u00eds de residencia y solicita una lista completa de los documentos necesarios para obtener una visa de estudiante, ya que pueden variar.<\/p>\n<hr \/>\n<p><strong>Informaci\u00f3n importante:<\/strong><\/p>\n<p>Una vez concedida la visa, los estudiantes extranjeros tienen 90 d\u00edas para entrar en Brasil y, a partir de entonces, 30 d\u00edas para registrarse en el Departamento de Polic\u00eda Federal de la ciudad donde residen.<\/p>\n<p>Los titulares de una visa de estudiante tienen prohibido realizar trabajos remunerados, bajo pena de multa, notificaci\u00f3n o expulsi\u00f3n.<\/p>\n<p>Atenci\u00f3n: \u00a1inf\u00f3rmese sobre el tipo de visa correcto! La legislaci\u00f3n brasile\u00f1a no permite cambios de visa una vez que ya se encuentra en el pa\u00eds.<\/p>\n<blockquote><p>Para obtener m\u00e1s informaci\u00f3n, p\u00f3ngase en contacto con nosotros enviando un correo electr\u00f3nico a eri@uepg.br.<\/p><\/blockquote>\n","protected":false},"excerpt":{"rendered":"<p>\u00bfQuieres estudiar en la Universidad Estatal de Ponta Grossa (UEPG)? \u00bfPor d\u00f3nde empezar? Programas de licenciatura: Para convertirte en estudiante de movilidad durante tus estudios de licenciatura, sigue estos pasos. 1 &#8211; Visita el sitio web de la UEPG y busca el curso y las materias que te interesan. 2 &#8211; Rellena el formulario PROMEI,&nbsp;&hellip;<\/p>\n","protected":false},"author":24,"featured_media":0,"parent":0,"menu_order":0,"comment_status":"closed","ping_status":"closed","template":"page-templates\/page-with-left-sidebar.php","meta":[],"_links":{"self":[{"href":"https:\/\/www2.uepg.br\/eri\/wp-json\/wp\/v2\/pages\/240"}],"collection":[{"href":"https:\/\/www2.uepg.br\/eri\/wp-json\/wp\/v2\/pages"}],"about":[{"href":"https:\/\/www2.uepg.br\/eri\/wp-json\/wp\/v2\/types\/page"}],"author":[{"embeddable":true,"href":"https:\/\/www2.uepg.br\/eri\/wp-json\/wp\/v2\/users\/24"}],"replies":[{"embeddable":true,"href":"https:\/\/www2.uepg.br\/eri\/wp-json\/wp\/v2\/comments?post=240"}],"version-history":[{"count":14,"href":"https:\/\/www2.uepg.br\/eri\/wp-json\/wp\/v2\/pages\/240\/revisions"}],"predecessor-version":[{"id":7380,"href":"https:\/\/www2.uepg.br\/eri\/wp-json\/wp\/v2\/pages\/240\/revisions\/7380"}],"wp:attachment":[{"href":"https:\/\/www2.uepg.br\/eri\/wp-json\/wp\/v2\/media?parent=240"}],"curies":[{"name":"wp","href":"https:\/\/api.w.org\/{rel}","templated":true}]}}