{"id":4595,"date":"2022-12-16T09:09:35","date_gmt":"2022-12-16T12:09:35","guid":{"rendered":"https:\/\/www2.uepg.br\/eri\/?page_id=4595"},"modified":"2023-11-14T14:23:50","modified_gmt":"2023-11-14T17:23:50","slug":"passo-a-passo","status":"publish","type":"page","link":"https:\/\/www2.uepg.br\/eri\/passo-a-passo\/","title":{"rendered":"Passo a Passo"},"content":{"rendered":"<h4 style=\"text-align: center\">Como funciona o caminhar de um conv\u00eanio acad\u00eamico internacional na UEPG?<\/h4>\n<p>&nbsp;<\/p>\n<p><img loading=\"lazy\" class=\"wp-image-5830 aligncenter\" src=\"http:\/\/www2.uepg.br\/eri\/wp-content\/uploads\/sites\/52\/2023\/11\/como-fazer-um-convenio-internacional.png\" alt=\"\" width=\"1021\" height=\"766\" \/><\/p>\n<p style=\"text-align: center\"><span style=\"font-weight: 400\">If you would like to formalize an agreement with us, show your interest via e-mail <\/span><a href=\"mailto:eri@uepg.br\"><span style=\"font-weight: 400\">eri@uepg.br<\/span><\/a><span style=\"font-weight: 400\"> and we will proceed with the procedures.\u00a0<\/span><\/p>\n<p style=\"text-align: center\"><span style=\"font-weight: 400\">Si desea formalizar un acuerdo con nosotros, muestre su inter\u00e9s a trav\u00e9s del correo electr\u00f3nico <\/span><a href=\"mailto:eri@uepg.br\"><span style=\"font-weight: 400\">eri@uepg.br<\/span><\/a><span style=\"font-weight: 400\"> y procederemos a los tr\u00e1mites.<\/span><\/p>\n","protected":false},"excerpt":{"rendered":"<p>Como funciona o caminhar de um conv\u00eanio acad\u00eamico internacional na UEPG? &nbsp; If you would like to formalize an agreement with us, show your interest via e-mail eri@uepg.br and we will proceed with the procedures.\u00a0 Si desea formalizar un acuerdo con nosotros, muestre su inter\u00e9s a trav\u00e9s del correo electr\u00f3nico eri@uepg.br y procederemos a los&nbsp;&hellip;<\/p>\n","protected":false},"author":378,"featured_media":0,"parent":0,"menu_order":0,"comment_status":"closed","ping_status":"closed","template":"","meta":[],"_links":{"self":[{"href":"https:\/\/www2.uepg.br\/eri\/wp-json\/wp\/v2\/pages\/4595"}],"collection":[{"href":"https:\/\/www2.uepg.br\/eri\/wp-json\/wp\/v2\/pages"}],"about":[{"href":"https:\/\/www2.uepg.br\/eri\/wp-json\/wp\/v2\/types\/page"}],"author":[{"embeddable":true,"href":"https:\/\/www2.uepg.br\/eri\/wp-json\/wp\/v2\/users\/378"}],"replies":[{"embeddable":true,"href":"https:\/\/www2.uepg.br\/eri\/wp-json\/wp\/v2\/comments?post=4595"}],"version-history":[{"count":7,"href":"https:\/\/www2.uepg.br\/eri\/wp-json\/wp\/v2\/pages\/4595\/revisions"}],"predecessor-version":[{"id":5832,"href":"https:\/\/www2.uepg.br\/eri\/wp-json\/wp\/v2\/pages\/4595\/revisions\/5832"}],"wp:attachment":[{"href":"https:\/\/www2.uepg.br\/eri\/wp-json\/wp\/v2\/media?parent=4595"}],"curies":[{"name":"wp","href":"https:\/\/api.w.org\/{rel}","templated":true}]}}