{"id":5878,"date":"2023-11-22T16:00:01","date_gmt":"2023-11-22T19:00:01","guid":{"rendered":"https:\/\/www2.uepg.br\/eri\/?page_id=5878"},"modified":"2023-11-22T16:49:33","modified_gmt":"2023-11-22T19:49:33","slug":"attributions","status":"publish","type":"page","link":"https:\/\/www2.uepg.br\/eri\/fr\/attributions\/","title":{"rendered":"Attributions"},"content":{"rendered":"<div id=\"pl-5878\"  class=\"panel-layout\" ><div id=\"pg-5878-0\"  class=\"panel-grid panel-no-style\" ><div id=\"pgc-5878-0-0\"  class=\"panel-grid-cell\" ><div id=\"panel-5878-0-0-0\" class=\"so-panel widget widget_sow-editor panel-first-child panel-last-child\" data-index=\"0\" ><div id=\"atribuicoes-do-eri\" class=\"panel-widget-style panel-widget-style-for-5878-0-0-0\" ><div\n\t\t\t\n\t\t\tclass=\"so-widget-sow-editor so-widget-sow-editor-base\"\n\t\t\t\n\t\t>\n<div class=\"siteorigin-widget-tinymce textwidget\">\n\t<p><span style=\"font-weight: 400\">L'ERI est responsable de l'harmonisation des lignes directrices de l'universit\u00e9 en mati\u00e8re d'internationalisation, conform\u00e9ment \u00e0 la politique de l'\u00e9tablissement, de l'\u00c9tat ou du gouvernement f\u00e9d\u00e9ral, ainsi que du processus de mise en \u0153uvre.<\/span><\/p>\n<p><b>Mais que fait l'ERI ?<\/b><\/p>\n<p><span style=\"font-weight: 400\">Beaucoup de choses! voici quelques-unes de nos activit\u00e9s:<\/span><\/p>\n<p><span style=\"font-weight: 400\">- \u00c9tablir des accords de coop\u00e9ration universitaire, scientifique et technologique avec des intitutions \u00e9trang\u00e8res;<\/span><\/p>\n<p><span style=\"font-weight: 400\">- Maintenir le contact avec les institutions nationales et \u00e9trang\u00e8res afin de permettre la mise en \u0153uvre des actions pr\u00e9vues dans les accords et conventions internationaux.<\/span><\/p>\n<p><span style=\"font-weight: 400\">- D\u00e9velopper des programmes de mobilit\u00e9 internationale pour les \u00e9tudes et\/ou les stages et g\u00e9rer les processus li\u00e9s au programme de mobilit\u00e9 internationale des \u00e9tudiants (PROMEI) ;<\/span><\/p>\n<p><span style=\"font-weight: 400\">- Fournir des information \u00e0 communaut\u00e9 acad\u00e9mique de l\u2019UEPG sur la mobilit\u00e9 internationale et soutenir les proc\u00e9dures juridiques internes de l\u2019UEPG pour les voyages internationaux;<\/span><\/p>\n<p><span style=\"font-weight: 400\">- Conseiller les \u00e9tudiant \u00e9trangers, dans leur sph\u00e8re de responsabilit\u00e9, sur les question bureaucratiques et documentaires, afin qu\u2019ils restent r\u00e9gularis\u00e9s par rapport aux r\u00e8gles de l\u2019UEPG et du Br\u00e9sil, et les aider dans les questions quotidiennes, telles que la recherche d\u2019un logement ;<\/span><\/p>\n<p><span style=\"font-weight: 400\">- Fournir des interpr\u00e8tes aux visiteurs de l\u2019UEPG et aux \u00e9tudiants internationaux pour r\u00e9gulariser leur s\u00e9jour dans le pays ;<\/span><\/p>\n<p><span style=\"font-weight: 400\">- Faire de la publicit\u00e9 pour les opportunit\u00e9s d'internationalisation, de mobilit\u00e9 et de bourses d\u2019\u00e9tudes \u00e0 l\u2019UEPG et d\u2019autres institutions \u00e9trang\u00e8res;<\/span><\/p>\n<p><span style=\"font-weight: 400\">- Offrir un soutien aux professeurs qui voyageront (voir plu d\u2019informations <\/span><a href=\"https:\/\/www2.uepg.br\/eri\/mobilidade-docente\/\"><span style=\"font-weight: 400\">ici)<\/span><\/a><span style=\"font-weight: 400\">;<\/span><\/p>\n<p><span style=\"font-weight: 400\">- Accueillir les visiteurs, les \u00e9l\u00e8ves, les fonctionnaires et les professeurs dans notre bureau, r\u00e9pondre \u00e0 leurs questions ou les orienter vers les services comp\u00e9tents;<\/span><\/p>\n<p><span style=\"font-weight: 400\">- Promotion et participation \u00e0 des \u00e9v\u00e9nements;<\/span><\/p>\n<p><span style=\"font-weight: 400\">Et ce n\u2019est qu\u2019une partie de ce que nous faisons \u00e0 ERI.\u00a0<\/span><\/p>\n<p><span style=\"font-weight: 400\">Pour suivre\u00a0 l\u2019actualit\u00e9 et les activit\u00e9s du bureau des r\u00e9lations Internationales, suivez- nous sur <a href=\"https:\/\/www.instagram.com\/eriuepg\/\">Instagram<\/a> et <a href=\"https:\/\/www.facebook.com\/eri.uepg\/\">Facebook<\/a>.<\/span><\/p>\n<p><span style=\"font-weight: 400\">Pour en savoir plus sur notre travail, consultez le <\/span><a href=\"http:\/\/www2.uepg.br\/eri\/wp-content\/uploads\/sites\/52\/2020\/07\/Regulamento-do-Escrit%C3%B3rio-de-Rela%C3%A7%C3%B5es-Internacionais-UEPG.pdf\"><span style=\"font-weight: 400\">R\u00e8glement du Bureau des Relations Internationales de l\u2019UEPG<\/span><\/a><span style=\"font-weight: 400\">, conform\u00e9ment \u00e0 la r\u00e9solution UNIV. 022 du 10\/08\/2015.<\/span><\/p>\n<\/div>\n<\/div><\/div><\/div><\/div><\/div><\/div>","protected":false},"excerpt":{"rendered":"<p>L&#8217;ERI est responsable de l&#8217;harmonisation des lignes directrices de l&#8217;universit\u00e9 en mati\u00e8re d&#8217;internationalisation, conform\u00e9ment \u00e0 la politique de l&#8217;\u00e9tablissement, de l&#8217;\u00c9tat ou du gouvernement f\u00e9d\u00e9ral, ainsi que du processus de mise en \u0153uvre. Mais que fait l&#8217;ERI ? Beaucoup de choses! voici quelques-unes de nos activit\u00e9s: &#8211; \u00c9tablir des accords de coop\u00e9ration universitaire, scientifique et&nbsp;&hellip;<\/p>\n","protected":false},"author":378,"featured_media":0,"parent":0,"menu_order":0,"comment_status":"closed","ping_status":"closed","template":"","meta":[],"_links":{"self":[{"href":"https:\/\/www2.uepg.br\/eri\/wp-json\/wp\/v2\/pages\/5878"}],"collection":[{"href":"https:\/\/www2.uepg.br\/eri\/wp-json\/wp\/v2\/pages"}],"about":[{"href":"https:\/\/www2.uepg.br\/eri\/wp-json\/wp\/v2\/types\/page"}],"author":[{"embeddable":true,"href":"https:\/\/www2.uepg.br\/eri\/wp-json\/wp\/v2\/users\/378"}],"replies":[{"embeddable":true,"href":"https:\/\/www2.uepg.br\/eri\/wp-json\/wp\/v2\/comments?post=5878"}],"version-history":[{"count":4,"href":"https:\/\/www2.uepg.br\/eri\/wp-json\/wp\/v2\/pages\/5878\/revisions"}],"predecessor-version":[{"id":5910,"href":"https:\/\/www2.uepg.br\/eri\/wp-json\/wp\/v2\/pages\/5878\/revisions\/5910"}],"wp:attachment":[{"href":"https:\/\/www2.uepg.br\/eri\/wp-json\/wp\/v2\/media?parent=5878"}],"curies":[{"name":"wp","href":"https:\/\/api.w.org\/{rel}","templated":true}]}}