{"id":5882,"date":"2023-11-22T16:03:35","date_gmt":"2023-11-22T19:03:35","guid":{"rendered":"https:\/\/www2.uepg.br\/eri\/?page_id=5882"},"modified":"2024-03-21T09:58:21","modified_gmt":"2024-03-21T12:58:21","slug":"mobilite","status":"publish","type":"page","link":"https:\/\/www2.uepg.br\/eri\/fr\/mobilite\/","title":{"rendered":"MOBILIT\u00c9"},"content":{"rendered":"<div id=\"pl-5882\"  class=\"panel-layout\" ><div id=\"pg-5882-0\"  class=\"panel-grid panel-no-style\" ><div id=\"pgc-5882-0-0\"  class=\"panel-grid-cell\" ><div id=\"panel-5882-0-0-0\" class=\"so-panel widget widget_siteorigin-panels-builder panel-first-child panel-last-child\" data-index=\"0\" ><div id=\"pl-w65fc2eed5b1a0\"  class=\"panel-layout\" ><div id=\"pg-w65fc2eed5b1a0-0\"  class=\"panel-grid panel-no-style\" ><div id=\"pgc-w65fc2eed5b1a0-0-0\"  class=\"panel-grid-cell\" ><div id=\"panel-w65fc2eed5b1a0-0-0-0\" class=\"so-panel widget widget_sow-accordion panel-first-child\" data-index=\"0\" ><div\n\t\t\t\n\t\t\tclass=\"so-widget-sow-accordion so-widget-sow-accordion-default-0382f98d8c5d\"\n\t\t\t\n\t\t><h3 class=\"widget-title\">UEPG<\/h3><div>\n\t<div class=\"sow-accordion\">\n\t\t\t<div class=\"sow-accordion-panel\"\n\t\t\t data-anchor=\"informatif\">\n\t\t\t\t<div class=\"sow-accordion-panel-header-container\" role=\"heading\" aria-level=\"2\">\n\t\t\t\t\t<div class=\"sow-accordion-panel-header\" tabindex=\"0\" role=\"button\" id=\"accordion-label-informatif\" aria-controls=\"accordion-content-informatif\" aria-expanded=\"false\">\n\t\t\t\t\t\t<div class=\"sow-accordion-title sow-accordion-title-icon-left\">\n\t\t\t\t\t\t\t\t\t\t\t\t\t\tINFORMATIF\t\t\t\t\t\t\t\t\t\t\t\t\t<\/div>\n\t\t\t\t\t\t<div class=\"sow-accordion-open-close-button\">\n\t\t\t\t\t\t\t<div class=\"sow-accordion-open-button\">\n\t\t\t\t\t\t\t\t<span class=\"sow-icon-ionicons\" data-sow-icon=\"&#xf218;\"\n\t\t \n\t\taria-hidden=\"true\"><\/span>\t\t\t\t\t\t\t<\/div>\n\t\t\t\t\t\t\t<div class=\"sow-accordion-close-button\">\n\t\t\t\t\t\t\t\t<span class=\"sow-icon-ionicons\" data-sow-icon=\"&#xf209;\"\n\t\t \n\t\taria-hidden=\"true\"><\/span>\t\t\t\t\t\t\t<\/div>\n\t\t\t\t\t\t<\/div>\n\t\t\t\t\t<\/div>\n\t\t\t\t<\/div>\n\n\t\t\t<div\n\t\t\t\tclass=\"sow-accordion-panel-content\"\n\t\t\t\trole=\"region\"\n\t\t\t\taria-labelledby=\"accordion-label-informatif\"\n\t\t\t\tid=\"accordion-content-informatif\"\n\t\t\t\tstyle=\"display: none;\"\t\t\t>\n\t\t\t\t<div class=\"sow-accordion-panel-border\" tabindex=\"0\">\n\t\t\t\t\t<p><a href=\"http:\/\/www2.uepg.br\/eri\/wp-content\/uploads\/sites\/52\/2024\/03\/Booklet-Bienvenue-a-Ponta-Grossa-2024.pdf\">Booklet Bienvenue \u00e0 Ponta Grossa 2024<\/a><\/p>\n\t\t\t\t<\/div>\n\t\t\t<\/div>\n\t\t<\/div>\n\t\t<\/div>\n<\/div>\n<\/div><\/div><div id=\"panel-w65fc2eed5b1a0-0-0-1\" class=\"so-panel widget widget_sow-accordion\" data-index=\"1\" ><div\n\t\t\t\n\t\t\tclass=\"so-widget-sow-accordion so-widget-sow-accordion-default-0382f98d8c5d\"\n\t\t\t\n\t\t><h3 class=\"widget-title\">MOBILIT\u00c9 \"OUT\"<\/h3><div>\n\t<div class=\"sow-accordion\">\n\t\t\t<div class=\"sow-accordion-panel\"\n\t\t\t data-anchor=\"%c3%a9tudier-%c3%a0-l%c3%a9tranger\">\n\t\t\t\t<div class=\"sow-accordion-panel-header-container\" role=\"heading\" aria-level=\"2\">\n\t\t\t\t\t<div class=\"sow-accordion-panel-header\" tabindex=\"0\" role=\"button\" id=\"accordion-label-%c3%a9tudier-%c3%a0-l%c3%a9tranger\" aria-controls=\"accordion-content-%c3%a9tudier-%c3%a0-l%c3%a9tranger\" aria-expanded=\"false\">\n\t\t\t\t\t\t<div class=\"sow-accordion-title sow-accordion-title-icon-left\">\n\t\t\t\t\t\t\t\t\t\t\t\t\t\t\u00c9TUDIER \u00c0 L'\u00c9TRANGER\t\t\t\t\t\t\t\t\t\t\t\t\t<\/div>\n\t\t\t\t\t\t<div class=\"sow-accordion-open-close-button\">\n\t\t\t\t\t\t\t<div class=\"sow-accordion-open-button\">\n\t\t\t\t\t\t\t\t<span class=\"sow-icon-ionicons\" data-sow-icon=\"&#xf218;\"\n\t\t \n\t\taria-hidden=\"true\"><\/span>\t\t\t\t\t\t\t<\/div>\n\t\t\t\t\t\t\t<div class=\"sow-accordion-close-button\">\n\t\t\t\t\t\t\t\t<span class=\"sow-icon-ionicons\" data-sow-icon=\"&#xf209;\"\n\t\t \n\t\taria-hidden=\"true\"><\/span>\t\t\t\t\t\t\t<\/div>\n\t\t\t\t\t\t<\/div>\n\t\t\t\t\t<\/div>\n\t\t\t\t<\/div>\n\n\t\t\t<div\n\t\t\t\tclass=\"sow-accordion-panel-content\"\n\t\t\t\trole=\"region\"\n\t\t\t\taria-labelledby=\"accordion-label-%c3%a9tudier-%c3%a0-l%c3%a9tranger\"\n\t\t\t\tid=\"accordion-content-%c3%a9tudier-%c3%a0-l%c3%a9tranger\"\n\t\t\t\tstyle=\"display: none;\"\t\t\t>\n\t\t\t\t<div class=\"sow-accordion-panel-border\" tabindex=\"0\">\n\t\t\t\t\t<p style=\"text-align: center\"><span style=\"font-weight: 400\">Proc\u00e9dures pour le programme de mobilit\u00e9 internationale des \u00e9tudiants (PROMEI-UEPG)<\/span><\/p>\n<p><img class=\"size-full wp-image-5936 aligncenter\" src=\"http:\/\/www2.uepg.br\/eri\/wp-content\/uploads\/sites\/52\/2023\/11\/Fluxograma-Mob-OUT-2023-frances-1.png\" alt=\"\" width=\"1024\" height=\"768\" \/><\/p>\n<p>&nbsp;<\/p>\n<p><span style=\"font-weight: 400\">La mobilit\u00e9 internationale des \u00e9tudiants consiste \u00e0 quitter l'UEPG pendant une certaine p\u00e9riode pour suivre des cours, faire des stages ou des activit\u00e9s extrascolaires dans un \u00e9tablissement \u00e9tranger. Vous devez ensuite revenir \u00e0 l'UEPG pour terminer vos \u00e9tudes.<\/span><\/p>\n<p><span style=\"font-weight: 400\">La mobilit\u00e9 peut \u00eatre r\u00e9alis\u00e9e \u00e0:<\/span><\/p>\n<ul>\n<li style=\"font-weight: 400\"><span style=\"font-weight: 400\">institution \u00e9trang\u00e8re (universit\u00e9\/entreprise) <\/span><a href=\"https:\/\/www2.uepg.br\/eri\/instituicoes-conveniadas\/\"><b>partenaire<\/b><\/a> <span style=\"font-weight: 400\">avec l\u2019UEPG.<\/span><\/li>\n<li style=\"font-weight: 400\"><span style=\"font-weight: 400\">institution \u00e9trang\u00e8re (universit\u00e9\/entreprise)<\/span> <b>sans partenariat<\/b> <span style=\"font-weight: 400\">avec l\u2019UEPG.<\/span><\/li>\n<\/ul>\n<p><span style=\"font-weight: 400\">Si l\u2019 intitution \u00e9trang\u00e8re o\u00f9 vous avez envie d\u2019y aller n\u2019a pas\u00a0 de partenariat , il n\u2019y a pas de probl\u00e8mes: l\u2019UEPG n\u2019interdit pas \u00e0 ce qu\u2019il soit r\u00e9alis\u00e9 dans d\u2019autres institutions.<\/span><\/p>\n<h2 style=\"text-align: center\"><b>Bourse:\u00a0<\/b><\/h2>\n<p><span style=\"font-weight: 400\">La majorit\u00e9 des institutions \u00e9trang\u00e8res n\u2019offertent pas de bourses pour les \u00e9tudients dans la mobilit\u00e9. Chaque \u00e9tudiant doit \u00eatre responsable pour ses d\u00e9penses.<\/span><\/p>\n<p><span style=\"font-weight: 400\">Quelques fois, cependant, il est possible de trouver des opportunit\u00e9s directement aupr\u00e8s des ambassades des pays de destination. Il existe \u00e9galement des programmes de motivation tels que Mitacs, Zicosur Universitaire, Pila, Marca, Mext, qui effectuent des s\u00e9lections selon des crit\u00e8res sp\u00e9cifiques. Chaque fois qu'il y a des avis de s\u00e9lection ouverts, vous pouvez les trouver publi\u00e9s sur nos r\u00e9seaux sociaux ou dans l'onglet \"Avis\" ici sur le site web de l'ERI.<\/span><\/p>\n<p><span style=\"font-weight: 400\">Como a gente j\u00e1 explicou aqui, se voc\u00ea for realizar mobilidade com bolsa, dever\u00e1 seguir os passos indicados em edital pr\u00f3prio. Ou seja, os passos podem variar de edital para edital.<\/span><\/p>\n<p><span style=\"font-weight: 400\">Comme nous l'avons d\u00e9j\u00e0 expliqu\u00e9 ici, si vous voulez faire de la mobilit\u00e9 avec une bourse, vous devrez suivre les \u00e9tapes indiqu\u00e9es dans l'avis sp\u00e9cifique. En d'autres termes, les d\u00e9marches peuvent varier d'un avis \u00e0 l'autre.<\/span><\/p>\n<p><span style=\"font-weight: 400\">Pour la mobilit\u00e9 <\/span><b>sans bourse<\/b><span style=\"font-weight: 400\">, vous devez faire les d\u00e9marches suivantes :<\/span><\/p>\n<p><span style=\"font-weight: 400\">Tout d'abord, choisissez l'institution (ou plusieurs) qui vous int\u00e9resse. La liste des universit\u00e9s partenaires est un bon point de d\u00e9part, mais n'oubliez pas qu'il peut s'agir d'une institution qui ne figure pas sur cette liste, d'accord ? Voyez si elle offre ce que vous recherchez : si elle propose le m\u00eame cours ou au moins des mati\u00e8res similaires ; si elle dispose d\u00e9j\u00e0 d'un calendrier pour le d\u00e9p\u00f4t des candidatures, etc.<\/span><\/p>\n<p><span style=\"font-weight: 400\">L\u2019institution de destination peut exiger des comp\u00e9tences linguistiques. Faites attention \u00e0 la langue, au niveau de comp\u00e9tence requis et aux documents accept\u00e9s par l'institution comme preuve.<\/span><\/p>\n<p><span style=\"font-weight: 400\">\u00c9valuez vos possibilit\u00e9s, faites des recherches et choisissez.<\/span><\/p>\n<p><span style=\"font-weight: 400\">Apr\u00e8s avoir d\u00e9cid\u00e9 de votre destination, prenez contact avec le coordinateur de votre cours. La plupart du temps, vous devrez \u00e9tablir un plan d'\u00e9tudes et remplir un formulaire. \u00c0 ce stade, il est essentiel de discuter avec le coordinateur ! Si vous avez des questions, envoyez un courriel \u00e0 l'ERI et nous vous aiderons dans la mesure du possible.<\/span><\/p>\n<p><span style=\"font-weight: 400\">Apr\u00e8s avoir d\u00e9pos\u00e9 votre candidature aupr\u00e8s de l'institution conform\u00e9ment aux lignes directrices donn\u00e9es par l'ERI, attendez d'\u00eatre approuv\u00e9. Entre-temps, l'ERI vous encouragera!<\/span><\/p>\n<p><span style=\"font-weight: 400\">Apr\u00e8s approbation, attendez la lettre d'acceptation et le plan d'\u00e9tudes approuv\u00e9s par l'institution, afin de commencer la phase suivante :<\/span><\/p>\n<h4 style=\"text-align: left\"><b>Demande d\u2019absence<\/b><\/h4>\n<p><span style=\"font-weight: 400\">Maintenant que vous avez \u00e9t\u00e9 approuv\u00e9 par l'\u00e9tablissement \u00e9tranger et que vous disposez de votre lettre d'acceptation et de votre plan d'\u00e9tudes, vous devez informer l'UEPG que vous partez pour un certain temps.<\/span><\/p>\n<p><span style=\"font-weight: 400\">Il faut demander une autorisation d'absence, qui vous donnera des droits, tels que l'\u00e9quivalence des mati\u00e8res et l'annulation des absences. Pour ce faire, ouvrez un protocole num\u00e9rique \u00e0 l'adresse https:\/\/sisei.apps.uepg.br\/protocolo-digital comprenant: formulaire de cong\u00e9 universitaire :<\/span><\/p>\n<p><span style=\"font-weight: 400\">- Une copie de la lettre d'acceptation d\u00e9livr\u00e9e par l'\u00e9tablissement \u00e0 l'\u00e9tranger et sa traduction, le cas \u00e9ch\u00e9ant ;<\/span><\/p>\n<p><span style=\"font-weight: 400\">- Le formulaire PROMEI compl\u00e9t\u00e9 et sign\u00e9 par le coordinateur institutionnel et le coordinateur du cours;<\/span><\/p>\n<p><span style=\"font-weight: 400\">- Une copie du relev\u00e9 de notes mis \u00e0 jour ;<\/span><\/p>\n<p><span style=\"font-weight: 400\">- Copie du document ayant le num\u00e9ro de la police d'assurance (avec couverture des accidents personnels et p\u00e9riode de validit\u00e9 compatible avec la p\u00e9riode de cong\u00e9) et de sa traduction, le cas \u00e9ch\u00e9ant.<\/span><\/p>\n<p><span style=\"font-weight: 400\">Apr\u00e8s vous envoyez les documents \u00e0 l\u2019ERI, vous pourrez suivre le processus avec le num\u00e9ro du dossier num\u00e9rique. Une fois votre demande approuv\u00e9e, un ordre de service sera g\u00e9n\u00e9r\u00e9 pour autoriser votre cong\u00e9.<\/span><\/p>\n<p><span style=\"font-weight: 400\">Restez \u00e0 l'\u00e9coute ! Vous devez demander un \"cong\u00e9\" et non une \"annulation d'inscription\". Si vous suspendez votre inscription, vous n'avez plus de lien avec l'UEPG et ne pouvez plus \u00eatre consid\u00e9r\u00e9 comme un \u00e9tudiant pour la mobilit\u00e9.<\/span><\/p>\n<h4 style=\"text-align: left\"><b>Assurance maladie<\/b><\/h4>\n<p><span style=\"font-weight: 400\">Vous avez peut-\u00eatre vu que pour demander un cong\u00e9, vous devez pr\u00e9senter une copie de votre police d'assurance. L'UEPG exige que les \u00e9tudiants aient une assurance maladie pour pouvoir voyager. Pour les \u00e9tudiants en sant\u00e9, une assurance sp\u00e9cifique peut \u00eatre exig\u00e9e. Dans le cas d'activit\u00e9s pratiques, une assurance pour les tiers peut \u00eatre exig\u00e9e, par exemple.<\/span><\/p>\n<h4 style=\"text-align: left\"><b>\u00a0Visas<\/b><\/h4>\n<p><span style=\"font-weight: 400\">Les exigences en mati\u00e8re de visa et le type de visa requis varient en fonction du pays et du programme auquel vous participerez. Si vous avez besoin d'aide, n'h\u00e9sitez pas \u00e0 nous contacter.<\/span><\/p>\n<p><b>Pas \u00e0 pas- Comment demander un visa d\u2019\u00e9tudiant F1- J1- M1- USA<\/b><\/p>\n<p><a href=\"http:\/\/www2.uepg.br\/eri\/wp-content\/uploads\/sites\/52\/2020\/02\/Passo-a-Passo-Como-solicitar-um-visto-de-estudante-F1-J1-M1-EUA.pdf\"><span style=\"font-weight: 400\">Dossier - Visa USA<\/span><\/a><\/p>\n<h4 style=\"text-align: left\"><b>Pour la mobilit\u00e9\u00a0 EAD<\/b><\/h4>\n<p><span style=\"font-weight: 400\">Le processus est toujours le m\u00eame. soit pour:<\/span><\/p>\n<p><span style=\"font-weight: 400\">\u00c9tudiants EAD ou pr\u00e9sentiels qui veulent participer de la mobilit\u00e9 pr\u00e9sentielle;<\/span><\/p>\n<p><span style=\"font-weight: 400\">\u00c9tudiants EAD ou pr\u00e9sentiels\u00a0 qui veulent participer de la mobilit\u00e9 EAD;<\/span><\/p>\n<p><span style=\"font-weight: 400\">M\u00eame si vous ne d\u00e9m\u00e9nagez pas physiquement de Ponta Grossa, le d\u00e9m\u00e9nagement doit \u00eatre effectu\u00e9 pour des raison d\u2019\u00e9quivalence dans les mati\u00e8res suivies et les activit\u00e9s r\u00e9alis\u00e9es pendant la mobilit\u00e9.\u00a0<\/span><\/p>\n<h2 style=\"text-align: center\"><b>Et \u00e0 votre Retour?<\/b><\/h2>\n<p><span style=\"font-weight: 400\">la R\u00e9solution PROMEI 54\/2014, qui r\u00e9glemente la mobilit\u00e9 des \u00e9tudiants dans notre universit\u00e9, \u00e0 votre retour, il faut rassembler tous vos dossiers universitaire de votre s\u00e9jour \u00e0 l\u2019\u00e9tranger(notes, concepts, bulletins, transcriptions, etc.) et leurs traductions respectives, et soumettre une demande sp\u00e9cifique \u00e0 votre coll\u00e8gue de cours par protocole num\u00e9rique, en demandant que les activit\u00e9 soient utilis\u00e9es. Si vous avez des questions, contactez l\u2019ERI et nous vous aiderons tout au long du processus!<\/span><\/p>\n<h3 style=\"text-align: center\"><b>Bon voyage!\u00a0<\/b><\/h3>\n\t\t\t\t<\/div>\n\t\t\t<\/div>\n\t\t<\/div>\n\t\t<\/div>\n<\/div>\n<\/div><\/div><div id=\"panel-w65fc2eed5b1a0-0-0-2\" class=\"so-panel widget widget_sow-accordion panel-last-child\" data-index=\"2\" ><div\n\t\t\t\n\t\t\tclass=\"so-widget-sow-accordion so-widget-sow-accordion-default-0382f98d8c5d\"\n\t\t\t\n\t\t><h3 class=\"widget-title\">MOBILIT\u00c9 \"IN\"<\/h3><div>\n\t<div class=\"sow-accordion\">\n\t\t\t<div class=\"sow-accordion-panel\"\n\t\t\t data-anchor=\"mobilit%c3%a9-in\">\n\t\t\t\t<div class=\"sow-accordion-panel-header-container\" role=\"heading\" aria-level=\"2\">\n\t\t\t\t\t<div class=\"sow-accordion-panel-header\" tabindex=\"0\" role=\"button\" id=\"accordion-label-mobilit%c3%a9-in\" aria-controls=\"accordion-content-mobilit%c3%a9-in\" aria-expanded=\"false\">\n\t\t\t\t\t\t<div class=\"sow-accordion-title sow-accordion-title-icon-left\">\n\t\t\t\t\t\t\t\t\t\t\t\t\t\tMOBILIT\u00c9 \"IN\"\t\t\t\t\t\t\t\t\t\t\t\t\t<\/div>\n\t\t\t\t\t\t<div class=\"sow-accordion-open-close-button\">\n\t\t\t\t\t\t\t<div class=\"sow-accordion-open-button\">\n\t\t\t\t\t\t\t\t<span class=\"sow-icon-ionicons\" data-sow-icon=\"&#xf218;\"\n\t\t \n\t\taria-hidden=\"true\"><\/span>\t\t\t\t\t\t\t<\/div>\n\t\t\t\t\t\t\t<div class=\"sow-accordion-close-button\">\n\t\t\t\t\t\t\t\t<span class=\"sow-icon-ionicons\" data-sow-icon=\"&#xf209;\"\n\t\t \n\t\taria-hidden=\"true\"><\/span>\t\t\t\t\t\t\t<\/div>\n\t\t\t\t\t\t<\/div>\n\t\t\t\t\t<\/div>\n\t\t\t\t<\/div>\n\n\t\t\t<div\n\t\t\t\tclass=\"sow-accordion-panel-content\"\n\t\t\t\trole=\"region\"\n\t\t\t\taria-labelledby=\"accordion-label-mobilit%c3%a9-in\"\n\t\t\t\tid=\"accordion-content-mobilit%c3%a9-in\"\n\t\t\t\tstyle=\"display: none;\"\t\t\t>\n\t\t\t\t<div class=\"sow-accordion-panel-border\" tabindex=\"0\">\n\t\t\t\t\t<p><img class=\"size-full wp-image-5940 aligncenter\" src=\"http:\/\/www2.uepg.br\/eri\/wp-content\/uploads\/sites\/52\/2023\/11\/Fluxograma-Mob-IN-2023-em-frances.png\" alt=\"\" width=\"1024\" height=\"768\" \/><\/p>\n\t\t\t\t<\/div>\n\t\t\t<\/div>\n\t\t<\/div>\n\t\t<\/div>\n<\/div>\n<\/div><\/div><\/div><\/div><\/div><\/div><\/div><\/div><\/div>","protected":false},"excerpt":{"rendered":"<p>UEPG INFORMATIF Booklet Bienvenue \u00e0 Ponta Grossa 2024 MOBILIT\u00c9 &#8220;OUT&#8221; \u00c9TUDIER \u00c0 L&#8217;\u00c9TRANGER Proc\u00e9dures pour le programme de mobilit\u00e9 internationale des \u00e9tudiants (PROMEI-UEPG) &nbsp; La mobilit\u00e9 internationale des \u00e9tudiants consiste \u00e0 quitter l&#8217;UEPG pendant une certaine p\u00e9riode pour suivre des cours, faire des stages ou des activit\u00e9s extrascolaires dans un \u00e9tablissement \u00e9tranger. Vous devez ensuite&nbsp;&hellip;<\/p>\n","protected":false},"author":378,"featured_media":0,"parent":0,"menu_order":0,"comment_status":"closed","ping_status":"closed","template":"","meta":[],"_links":{"self":[{"href":"https:\/\/www2.uepg.br\/eri\/wp-json\/wp\/v2\/pages\/5882"}],"collection":[{"href":"https:\/\/www2.uepg.br\/eri\/wp-json\/wp\/v2\/pages"}],"about":[{"href":"https:\/\/www2.uepg.br\/eri\/wp-json\/wp\/v2\/types\/page"}],"author":[{"embeddable":true,"href":"https:\/\/www2.uepg.br\/eri\/wp-json\/wp\/v2\/users\/378"}],"replies":[{"embeddable":true,"href":"https:\/\/www2.uepg.br\/eri\/wp-json\/wp\/v2\/comments?post=5882"}],"version-history":[{"count":22,"href":"https:\/\/www2.uepg.br\/eri\/wp-json\/wp\/v2\/pages\/5882\/revisions"}],"predecessor-version":[{"id":6203,"href":"https:\/\/www2.uepg.br\/eri\/wp-json\/wp\/v2\/pages\/5882\/revisions\/6203"}],"wp:attachment":[{"href":"https:\/\/www2.uepg.br\/eri\/wp-json\/wp\/v2\/media?parent=5882"}],"curies":[{"name":"wp","href":"https:\/\/api.w.org\/{rel}","templated":true}]}}