{"id":221,"date":"2022-02-03T07:53:32","date_gmt":"2022-02-03T10:53:32","guid":{"rendered":"https:\/\/www2.uepg.br\/escrita-academica\/?page_id=221"},"modified":"2024-11-27T11:31:24","modified_gmt":"2024-11-27T14:31:24","slug":"editais","status":"publish","type":"page","link":"https:\/\/www2.uepg.br\/escrita-academica\/editais\/","title":{"rendered":"Editais"},"content":{"rendered":"<div id=\"pl-221\"  class=\"panel-layout\" ><div id=\"pg-221-0\"  class=\"panel-grid panel-no-style\" ><div id=\"pgc-221-0-0\"  class=\"panel-grid-cell\" ><div id=\"panel-221-0-0-0\" class=\"so-panel widget widget_sow-editor panel-first-child\" data-index=\"0\" ><div\n\t\t\t\n\t\t\tclass=\"so-widget-sow-editor so-widget-sow-editor-base\"\n\t\t\t\n\t\t>\n<div class=\"siteorigin-widget-tinymce textwidget\">\n\t<p>Selecione o edital para fazer a sua inscri\u00e7\u00e3o.<br \/>\nOBS \u2013 Leia atentamente o edital na \u00edntegra antes de submeter a sua inscri\u00e7\u00e3o.<\/p>\n<\/div>\n<\/div><\/div><div id=\"panel-221-0-0-1\" class=\"so-panel widget widget_sow-accordion\" data-index=\"1\" ><div\n\t\t\t\n\t\t\tclass=\"so-widget-sow-accordion so-widget-sow-accordion-default-99be652ed941-221\"\n\t\t\t\n\t\t><h3 class=\"widget-title\">Tradu\u00e7\u00e3o<\/h3><div>\n\t<div class=\"sow-accordion\">\n\t\t\t<div class=\"sow-accordion-panel sow-accordion-panel-open\"\n\t\t\t data-anchor=\"edital-aberto\">\n\t\t\t\t<div class=\"sow-accordion-panel-header-container\" role=\"heading\" aria-level=\"2\">\n\t\t\t\t\t<div class=\"sow-accordion-panel-header\" tabindex=\"0\" role=\"button\" id=\"accordion-label-edital-aberto\" aria-controls=\"accordion-content-edital-aberto\" aria-expanded=\"true\">\n\t\t\t\t\t\t<div class=\"sow-accordion-title sow-accordion-title-icon-left\">\n\t\t\t\t\t\t\t\t\t\t\t\t\t\tEdital aberto\t\t\t\t\t\t\t\t\t\t\t\t\t<\/div>\n\t\t\t\t\t\t<div class=\"sow-accordion-open-close-button\">\n\t\t\t\t\t\t\t<div class=\"sow-accordion-open-button\">\n\t\t\t\t\t\t\t\t<span class=\"sow-icon-ionicons\" data-sow-icon=\"&#xf218;\"\n\t\t \n\t\taria-hidden=\"true\"><\/span>\t\t\t\t\t\t\t<\/div>\n\t\t\t\t\t\t\t<div class=\"sow-accordion-close-button\">\n\t\t\t\t\t\t\t\t<span class=\"sow-icon-ionicons\" data-sow-icon=\"&#xf209;\"\n\t\t \n\t\taria-hidden=\"true\"><\/span>\t\t\t\t\t\t\t<\/div>\n\t\t\t\t\t\t<\/div>\n\t\t\t\t\t<\/div>\n\t\t\t\t<\/div>\n\n\t\t\t<div\n\t\t\t\tclass=\"sow-accordion-panel-content\"\n\t\t\t\trole=\"region\"\n\t\t\t\taria-labelledby=\"accordion-label-edital-aberto\"\n\t\t\t\tid=\"accordion-content-edital-aberto\"\n\t\t\t\t\t\t\t>\n\t\t\t\t<div class=\"sow-accordion-panel-border\" tabindex=\"0\">\n\t\t\t\t\t<p>Edital 18\/2024 <a href=\"https:\/\/www2.uepg.br\/escrita-academica\/wp-content\/uploads\/sites\/210\/2024\/11\/EDITAL-18_24-CEA-UEPG-1.pdf\">(CEA_Edital 18_2024)<\/a><\/p>\n<p><a href=\"https:\/\/www2.uepg.br\/eri\/wp-content\/uploads\/sites\/52\/2023\/03\/ANEXO-I-TERMO-DE-COMPROMISSO.docx\">Anexo I - Termo de Compromisso<\/a><\/p>\n<p><a href=\"https:\/\/www2.uepg.br\/escrita-academica\/wp-content\/uploads\/sites\/210\/2024\/04\/ANEXO-II-Ficha-de-Submissao-2024.docx\">Anexo II - Ficha de Submiss\u00e3o (ATUALIZADA)<\/a><\/p>\n\t\t\t\t<\/div>\n\t\t\t<\/div>\n\t\t<\/div>\n\t\t<\/div>\n<\/div>\n<\/div><\/div><div id=\"panel-221-0-0-2\" class=\"so-panel widget widget_sow-accordion\" data-index=\"2\" ><div\n\t\t\t\n\t\t\tclass=\"so-widget-sow-accordion so-widget-sow-accordion-default-99be652ed941-221\"\n\t\t\t\n\t\t><h3 class=\"widget-title\">Sele\u00e7\u00e3o de Bolsistas e Volunt\u00e1rios<\/h3><div>\n\t<div class=\"sow-accordion\">\n\t\t\t<div class=\"sow-accordion-panel\"\n\t\t\t data-anchor=\"editais\">\n\t\t\t\t<div class=\"sow-accordion-panel-header-container\" role=\"heading\" aria-level=\"2\">\n\t\t\t\t\t<div class=\"sow-accordion-panel-header\" tabindex=\"0\" role=\"button\" id=\"accordion-label-editais\" aria-controls=\"accordion-content-editais\" aria-expanded=\"false\">\n\t\t\t\t\t\t<div class=\"sow-accordion-title sow-accordion-title-icon-left\">\n\t\t\t\t\t\t\t\t\t\t\t\t\t\tEditais\t\t\t\t\t\t\t\t\t\t\t\t\t<\/div>\n\t\t\t\t\t\t<div class=\"sow-accordion-open-close-button\">\n\t\t\t\t\t\t\t<div class=\"sow-accordion-open-button\">\n\t\t\t\t\t\t\t\t<span class=\"sow-icon-ionicons\" data-sow-icon=\"&#xf218;\"\n\t\t \n\t\taria-hidden=\"true\"><\/span>\t\t\t\t\t\t\t<\/div>\n\t\t\t\t\t\t\t<div class=\"sow-accordion-close-button\">\n\t\t\t\t\t\t\t\t<span class=\"sow-icon-ionicons\" data-sow-icon=\"&#xf209;\"\n\t\t \n\t\taria-hidden=\"true\"><\/span>\t\t\t\t\t\t\t<\/div>\n\t\t\t\t\t\t<\/div>\n\t\t\t\t\t<\/div>\n\t\t\t\t<\/div>\n\n\t\t\t<div\n\t\t\t\tclass=\"sow-accordion-panel-content\"\n\t\t\t\trole=\"region\"\n\t\t\t\taria-labelledby=\"accordion-label-editais\"\n\t\t\t\tid=\"accordion-content-editais\"\n\t\t\t\tstyle=\"display: none;\"\t\t\t>\n\t\t\t\t<div class=\"sow-accordion-panel-border\" tabindex=\"0\">\n\t\t\t\t\t<p><a href=\"https:\/\/www2.uepg.br\/escrita-academica\/wp-content\/uploads\/sites\/210\/2024\/08\/EDITAL_09_2024-bolsista-voluntario-e-cadastro-reserva.docx.pdf\">EDITAL 09\/24 AWARD - Sele\u00e7\u00e3o de Equipe (Bolsista, Volunt\u00e1rio e Cadastro Reserva)<\/a><\/p>\n<p><a href=\"https:\/\/www2.uepg.br\/escrita-academica\/wp-content\/uploads\/sites\/210\/2024\/08\/EDITAL-10_24-CONVOCACAO-CEA.pdf\">EDITAL 10\/24 AWARD - Convoca\u00e7\u00e3o Bolsista Modalidade Graduando<\/a><\/p>\n<p><a href=\"https:\/\/www2.uepg.br\/escrita-academica\/wp-content\/uploads\/sites\/210\/2024\/08\/Edital-11_2024_Inscricoes-homologadas.docx.pdf\">EDITAL 11\/24 AWARD - Inscri\u00e7\u00f5es Homologadas<\/a><\/p>\n<p><a href=\"https:\/\/www2.uepg.br\/escrita-academica\/wp-content\/uploads\/sites\/210\/2024\/08\/RETIFICACAO-Edital-12_24.docx.pdf\">EDITAL 12\/24 AWARD - Inscri\u00e7\u00f5es Homologadas RETIFICA\u00c7\u00c3O<\/a><\/p>\n<p><a href=\"https:\/\/www2.uepg.br\/escrita-academica\/wp-content\/uploads\/sites\/210\/2024\/08\/RETIFICACAO-EDITAL-13_24.docx.pdf\">EDITAL 13\/24 AWARD - Cronograma RETIFICA\u00c7\u00c3O<\/a><\/p>\n<p><a href=\"https:\/\/www2.uepg.br\/escrita-academica\/wp-content\/uploads\/sites\/210\/2024\/08\/EDITAL-14_24-RESULTADO-DA-PROVA-PRATICA.docx.pdf\">EDITAL 14\/24 AWARD - Resultado da Prova Pr\u00e1tica<\/a><\/p>\n<p><a href=\"https:\/\/www2.uepg.br\/escrita-academica\/wp-content\/uploads\/sites\/210\/2024\/08\/EDITAL-15_24-CONVOCACAO-PARA-A-ENTREVISTA.docx.pdf\">EDITAL 15\/24 AWARD - Convoca\u00e7\u00e3o para a Entrevista<\/a><\/p>\n<p><a href=\"https:\/\/www2.uepg.br\/escrita-academica\/wp-content\/uploads\/sites\/210\/2024\/08\/EDITAL-16_24-RESULTADO-FINAL.docx.pdf\">EDITAL 16\/24 AWARD - Resultado Final<\/a><\/p>\n<p><a href=\"https:\/\/www2.uepg.br\/escrita-academica\/wp-content\/uploads\/sites\/210\/2024\/09\/edital-17_2024-convocacao-vitoria.docx-1.pdf\">EDITAL 17\/24 AWARD - Convoca\u00e7\u00e3o Bolsista Graduando<\/a><\/p>\n\t\t\t\t<\/div>\n\t\t\t<\/div>\n\t\t<\/div>\n\t\t\t<div class=\"sow-accordion-panel\"\n\t\t\t data-anchor=\"editais-anteriores\">\n\t\t\t\t<div class=\"sow-accordion-panel-header-container\" role=\"heading\" aria-level=\"2\">\n\t\t\t\t\t<div class=\"sow-accordion-panel-header\" tabindex=\"0\" role=\"button\" id=\"accordion-label-editais-anteriores\" aria-controls=\"accordion-content-editais-anteriores\" aria-expanded=\"false\">\n\t\t\t\t\t\t<div class=\"sow-accordion-title sow-accordion-title-icon-left\">\n\t\t\t\t\t\t\t\t\t\t\t\t\t\tEditais anteriores\t\t\t\t\t\t\t\t\t\t\t\t\t<\/div>\n\t\t\t\t\t\t<div class=\"sow-accordion-open-close-button\">\n\t\t\t\t\t\t\t<div class=\"sow-accordion-open-button\">\n\t\t\t\t\t\t\t\t<span class=\"sow-icon-ionicons\" data-sow-icon=\"&#xf218;\"\n\t\t \n\t\taria-hidden=\"true\"><\/span>\t\t\t\t\t\t\t<\/div>\n\t\t\t\t\t\t\t<div class=\"sow-accordion-close-button\">\n\t\t\t\t\t\t\t\t<span class=\"sow-icon-ionicons\" data-sow-icon=\"&#xf209;\"\n\t\t \n\t\taria-hidden=\"true\"><\/span>\t\t\t\t\t\t\t<\/div>\n\t\t\t\t\t\t<\/div>\n\t\t\t\t\t<\/div>\n\t\t\t\t<\/div>\n\n\t\t\t<div\n\t\t\t\tclass=\"sow-accordion-panel-content\"\n\t\t\t\trole=\"region\"\n\t\t\t\taria-labelledby=\"accordion-label-editais-anteriores\"\n\t\t\t\tid=\"accordion-content-editais-anteriores\"\n\t\t\t\tstyle=\"display: none;\"\t\t\t>\n\t\t\t\t<div class=\"sow-accordion-panel-border\" tabindex=\"0\">\n\t\t\t\t\t<p>2024<\/p>\n<p><del><a href=\"https:\/\/www2.uepg.br\/escrita-academica\/wp-content\/uploads\/sites\/210\/2024\/05\/2024_EDITAL-DE-SELECAO-No-01-voluntarios-e-cadastro-reserva.docx-8.pdf\">Edital 04\/2024 AWARD - Sele\u00e7\u00e3o Equipe (Volunt\u00e1rios e Cadastro Reserva de Bolsistas)<\/a><\/del><\/p>\n<p><del><a href=\"https:\/\/www2.uepg.br\/escrita-academica\/wp-content\/uploads\/sites\/210\/2024\/06\/Edital-05_2024_Inscricoes-homologadas.docx.pdf\">Edital 05\/2024 AWARD - Sele\u00e7\u00e3o Equipe (Volunt\u00e1rios e Cadastro Reserva de Bolsistas) - Inscri\u00e7\u00f5es Homologadas.docx<\/a><\/del><\/p>\n<p><del><a href=\"https:\/\/www2.uepg.br\/escrita-academica\/wp-content\/uploads\/sites\/210\/2024\/06\/Edital_06_2024-RESULTADO-ESCRITA-.pdf\">Edital 06\/2024 AWARD - Sele\u00e7\u00e3o Equipe (Volunt\u00e1rios e Cadastro Reserva de Bolsistas) - Resultado Prova Pr\u00e1tica<\/a><\/del><\/p>\n<p><del><a href=\"https:\/\/www2.uepg.br\/escrita-academica\/wp-content\/uploads\/sites\/210\/2024\/06\/Edital-07_2024-CONVOCA-ENTREVISTA-1.pdf\">Edital 07\/2024 AWARD - Sele\u00e7\u00e3o Equipe (Volunt\u00e1rios e Cadastro Reserva de Bolsistas) - Cronograma das Entrevistas<\/a><\/del><\/p>\n<p><del><a href=\"https:\/\/www2.uepg.br\/escrita-academica\/wp-content\/uploads\/sites\/210\/2024\/06\/EDITAL-08_2024-resultado-final.pdf\">Edital 08\/2024 AWARD - Sele\u00e7\u00e3o Equipe (Volunt\u00e1rios e Cadastro Reserva de Bolsistas) - Resultado Final<\/a><\/del><\/p>\n<p>2023<\/p>\n<p><del><a href=\"https:\/\/www2.uepg.br\/escrita-academica\/wp-content\/uploads\/sites\/210\/2023\/05\/EDITAL-01_2023-AWARD-EQUIPE.pdf\">Edital 01\/2023 AWARD Sele\u00e7\u00e3o Equipe (Volunt\u00e1rio)<\/a><\/del><\/p>\n<p><del><a href=\"https:\/\/www2.uepg.br\/escrita-academica\/wp-content\/uploads\/sites\/210\/2023\/05\/Edital-02_2023_Inscric\u0327o\u0303es-homologadas.pdf\">Edital 02\/2023 AWARD Sele\u00e7\u00e3o Equipe (Volunt\u00e1rio) - Inscri\u00e7\u00f5es homologadas<\/a><\/del><\/p>\n<p><del><a href=\"https:\/\/www2.uepg.br\/escrita-academica\/wp-content\/uploads\/sites\/210\/2023\/05\/Edital-032023-_PROVA-ESCRITA.pdf\">Edital 03\/2023 AWARD Sele\u00e7\u00e3o Equipe (Volunt\u00e1rio) - Prova Pr\u00e1tica<\/a><\/del><\/p>\n<p><del><a href=\"https:\/\/www2.uepg.br\/escrita-academica\/wp-content\/uploads\/sites\/210\/2023\/05\/Edital_04-RESULTADO-ESCRITA-CONVOCA-ENTREVISTA.pdf\">Edital 04\/2023 AWARD Sele\u00e7\u00e3o Equipe (Volunt\u00e1rio) - Resultado Prova e Convoca\u00e7\u00e3o Entrevistas<\/a><\/del><\/p>\n<p><del><a href=\"https:\/\/www2.uepg.br\/escrita-academica\/wp-content\/uploads\/sites\/210\/2023\/05\/EDITAL-05_2023-resultado-final.pdf\">Edital 05\/2023 AWARD Sele\u00e7\u00e3o Equipe (Volunt\u00e1rio) - Resultado Final<\/a><\/del><\/p>\n<p><del><a href=\"https:\/\/www2.uepg.br\/escrita-academica\/wp-content\/uploads\/sites\/210\/2023\/11\/EDITAL-06_2023-AWARD-EQUIPE.pdf\">Edital_06\/2023 AWARD Sele\u00e7\u00e3o Equipe<\/a><\/del><\/p>\n<p><del><a href=\"https:\/\/www2.uepg.br\/escrita-academica\/wp-content\/uploads\/sites\/210\/2023\/11\/Edital-07_2023_Inscric\u0327o\u0303es-homologadas.pdf\">Edital_07\/2023 AWARD Sele\u00e7\u00e3o Equipe - Inscri\u00e7\u00f5es Homologadas<\/a><\/del><\/p>\n<p><del><a href=\"https:\/\/www2.uepg.br\/escrita-academica\/wp-content\/uploads\/sites\/210\/2023\/11\/Edital-07_2023_Inscric\u0327o\u0303es-homologadas-retificado.pdf\">Retifica\u00e7\u00e3o_Edital_07\/2023 AWARD Sele\u00e7\u00e3o Equipe - Inscri\u00e7\u00f5es Homologadas<\/a><\/del><\/p>\n<p><del><a href=\"https:\/\/www2.uepg.br\/escrita-academica\/wp-content\/uploads\/sites\/210\/2023\/11\/Edital-08_2023_Convocac\u0327a\u0303o_PROVA-ESCRITA.pdf\">Edital_08\/2023 AWARD Sele\u00e7\u00e3o Equipe - Convoca\u00e7\u00e3o para a Prova Escrita<\/a><\/del><\/p>\n<p><del><a href=\"https:\/\/www2.uepg.br\/escrita-academica\/wp-content\/uploads\/sites\/210\/2023\/11\/Edital-08_2023_Convocac\u0327a\u0303o_PROVA-ESCRITARetificado.pdf\">Retifica\u00e7\u00e3o_Edital_08\/2023 AWARD Sele\u00e7\u00e3o Equipe - Convoca\u00e7\u00e3o para a Prova Escrita<\/a><\/del><\/p>\n<p><del><a href=\"https:\/\/www2.uepg.br\/escrita-academica\/wp-content\/uploads\/sites\/210\/2023\/12\/Edital_092023-RESULTADO-ESCRITA-.pdf\">Edital_09\/2023 AWARD Sele\u00e7\u00e3o Equipe - Resultado Prova Escrita<\/a><\/del><\/p>\n<p><del><a href=\"https:\/\/www2.uepg.br\/escrita-academica\/wp-content\/uploads\/sites\/210\/2023\/12\/Edital_10-CONVOCA-ENTREVISTA.pdf\">Edital_10\/2023 AWARD Sele\u00e7\u00e3o Equipe - Convoca\u00e7\u00e3o para Entrevista<\/a><\/del><\/p>\n<p><del><a href=\"https:\/\/www2.uepg.br\/escrita-academica\/wp-content\/uploads\/sites\/210\/2023\/12\/EDITAL-11_2023-resultado-final.pdf\">Edital_11\/2023 AWARD Sele\u00e7\u00e3o Equipe - Resultado Final<\/a><\/del><\/p>\n<p>2022<\/p>\n<p><del><a href=\"https:\/\/www2.uepg.br\/escrita-academica\/wp-content\/uploads\/sites\/210\/2022\/11\/EDITAL-06_2022-AWARD-EQUIPE.pdf\">Edital 06 2022 AWARD Sele\u00e7\u00e3o EQUIPE<\/a><\/del><\/p>\n<p><del><a href=\"https:\/\/www2.uepg.br\/escrita-academica\/wp-content\/uploads\/sites\/210\/2022\/12\/UEPG_Edital-07-CE_Inscric\u0327o\u0303es-homologadas.pdf\">Edital 07 - Inscri\u00e7\u00f5es homologadas<\/a><\/del><\/p>\n<p><del><a href=\"https:\/\/www2.uepg.br\/escrita-academica\/wp-content\/uploads\/sites\/210\/2022\/12\/UEPG_Edital-08-CE_PROVA-ESCRITAdocx.pdf\">Edital 08 - Prova escrita<\/a><\/del><\/p>\n<p><del><a href=\"https:\/\/www2.uepg.br\/escrita-academica\/wp-content\/uploads\/sites\/210\/2022\/12\/Edital_09-RESULTADO-ESCRITA-CONVOCA-ENTREVISTA.pdf\">Edital 09 - Convoca\u00e7\u00e3o para entrevista<\/a><\/del><\/p>\n<p><del><a href=\"https:\/\/www2.uepg.br\/escrita-academica\/wp-content\/uploads\/sites\/210\/2023\/01\/EDITAL-10_2022-resultado-final.pdf\">Edital 10 - Resultado Final<\/a><\/del><\/p>\n<p><a href=\"https:\/\/www2.uepg.br\/escrita-academica\/wp-content\/uploads\/sites\/210\/2023\/01\/EDITAL-11_2022-Prof-GRADUADO.pdf\" target=\"_blank\" rel=\"noopener\"><del>Edital 11 - Chamada do Segundo Colocado<\/del><\/a><\/p>\n\t\t\t\t<\/div>\n\t\t\t<\/div>\n\t\t<\/div>\n\t\t<\/div>\n<\/div>\n<\/div><\/div><div id=\"panel-221-0-0-3\" class=\"so-panel widget widget_sow-accordion\" data-index=\"3\" ><div\n\t\t\t\n\t\t\tclass=\"so-widget-sow-accordion so-widget-sow-accordion-default-2b55ed2807e6-221\"\n\t\t\t\n\t\t><h3 class=\"widget-title\">Pr\u00f3ximos Editais 2024<\/h3><div>\n\t<div class=\"sow-accordion\">\n\t\t<\/div>\n<\/div>\n<\/div><\/div><div id=\"panel-221-0-0-4\" class=\"so-panel widget widget_sow-accordion panel-last-child\" data-index=\"4\" ><div\n\t\t\t\n\t\t\tclass=\"so-widget-sow-accordion so-widget-sow-accordion-default-2b55ed2807e6-221\"\n\t\t\t\n\t\t><h3 class=\"widget-title\">Editais Anteriores<\/h3><div>\n\t<div class=\"sow-accordion\">\n\t\t\t<div class=\"sow-accordion-panel\"\n\t\t\t data-anchor=\"sow-accordion-3717759656602cdad95b09287198105-0\">\n\t\t\t\t<div class=\"sow-accordion-panel-header-container\" role=\"heading\" aria-level=\"2\">\n\t\t\t\t\t<div class=\"sow-accordion-panel-header\" tabindex=\"0\" role=\"button\" id=\"accordion-label-sow-accordion-3717759656602cdad95b09287198105-0\" aria-controls=\"accordion-content-sow-accordion-3717759656602cdad95b09287198105-0\" aria-expanded=\"false\">\n\t\t\t\t\t\t<div class=\"sow-accordion-title sow-accordion-title-icon-left\">\n\t\t\t\t\t\t\t\t\t\t\t\t\t\t\t\t\t\t\t\t\t\t\t\t\t\t\t<\/div>\n\t\t\t\t\t\t<div class=\"sow-accordion-open-close-button\">\n\t\t\t\t\t\t\t<div class=\"sow-accordion-open-button\">\n\t\t\t\t\t\t\t\t<span class=\"sow-icon-ionicons\" data-sow-icon=\"&#xf218;\"\n\t\t \n\t\taria-hidden=\"true\"><\/span>\t\t\t\t\t\t\t<\/div>\n\t\t\t\t\t\t\t<div class=\"sow-accordion-close-button\">\n\t\t\t\t\t\t\t\t<span class=\"sow-icon-ionicons\" data-sow-icon=\"&#xf209;\"\n\t\t \n\t\taria-hidden=\"true\"><\/span>\t\t\t\t\t\t\t<\/div>\n\t\t\t\t\t\t<\/div>\n\t\t\t\t\t<\/div>\n\t\t\t\t<\/div>\n\n\t\t\t<div\n\t\t\t\tclass=\"sow-accordion-panel-content\"\n\t\t\t\trole=\"region\"\n\t\t\t\taria-labelledby=\"accordion-label-sow-accordion-3717759656602cdad95b09287198105-0\"\n\t\t\t\tid=\"accordion-content-sow-accordion-3717759656602cdad95b09287198105-0\"\n\t\t\t\tstyle=\"display: none;\"\t\t\t>\n\t\t\t\t<div class=\"sow-accordion-panel-border\" tabindex=\"0\">\n\t\t\t\t\t<p><strong>2024<\/strong><\/p>\n<p><del>Edital 1\/2024 (<a href=\"https:\/\/www2.uepg.br\/escrita-academica\/wp-content\/uploads\/sites\/210\/2024\/02\/2024_Edital-01_24.docx-1.pdf\">CEA_Edital 01_2024<\/a>)<\/del><\/p>\n<p><del>Edital 2\/2024 (<a href=\"https:\/\/www2.uepg.br\/escrita-academica\/wp-content\/uploads\/sites\/210\/2024\/04\/CEA_Edital-02_2024.docx\">CEA_Edital 02_2024<\/a>)<\/del><\/p>\n<p><del>Edital 3\/2024 (<a href=\"https:\/\/www2.uepg.br\/escrita-academica\/wp-content\/uploads\/sites\/210\/2024\/05\/CEA_Edital-03_24.docx.pdf\">CEA_Edital 03_2024<\/a>)<\/del><\/p>\n<p>&nbsp;<\/p>\n<p>&nbsp;<\/p>\n<p><strong>2023<\/strong><\/p>\n<p><del>Edital 5\/2023 (<a href=\"https:\/\/www2.uepg.br\/escrita-academica\/wp-content\/uploads\/sites\/210\/2023\/09\/2023_Edital-05_23CEA.pdf\">CEA_Edital 05_2023<\/a>)<\/del><\/p>\n<p><del>Edital 4\/2023 (<a href=\"https:\/\/www2.uepg.br\/escrita-academica\/wp-content\/uploads\/sites\/210\/2023\/07\/2023_Edital-04_23CEA.pdf\">CEA_Edital 04_2023<\/a>)<\/del><\/p>\n<p><del>Edital 3\/2023 (<a href=\"https:\/\/www2.uepg.br\/escrita-academica\/wp-content\/uploads\/sites\/210\/2023\/05\/2023_Edital-03_23CEA.pdf\">CEA_Edital 03_2023<\/a>)<\/del><\/p>\n<p><del>Edital 2\/2023 (<a href=\"https:\/\/www2.uepg.br\/escrita-academica\/wp-content\/uploads\/sites\/210\/2023\/04\/Edital-0223-CEA.pdf\">CEA_Edital 02_2023<\/a>)<\/del><\/p>\n<p><del>Edital 1\/2023 (<\/del><a href=\"https:\/\/www2.uepg.br\/eri\/wp-content\/uploads\/sites\/52\/2023\/03\/AWARD_CEA_ERI_Edital-01_23.pdf\"><del>CEA_Edital 01_2023)<\/del><\/a><\/p>\n<p>&nbsp;<\/p>\n<p><strong>2022<\/strong><\/p>\n<p><del>Edital 5\/2022 (<\/del><a href=\"https:\/\/www2.uepg.br\/escrita-academica\/wp-content\/uploads\/sites\/210\/2022\/11\/CEA_Edital-05.docx\" target=\"_blank\" rel=\"noopener\"><del>CEA_Edital 05_2022)<\/del><\/a><\/p>\n<p><del>Edital 4\/2022<\/del><del> (<\/del><a href=\"https:\/\/www2.uepg.br\/escrita-academica\/wp-content\/uploads\/sites\/210\/2022\/09\/CEA_Edital-04_2022_.docx\" target=\"_blank\" rel=\"noopener\"><del>CEA_Edital 04_2022)<\/del><\/a><\/p>\n<p><del>Edital 3\/2022 (<\/del><del><a href=\"https:\/\/www2.uepg.br\/escrita-academica\/wp-content\/uploads\/sites\/210\/2022\/08\/CEA_Edital-03_2022.pdf\">CEA_Edital 03_2022)<\/a><\/del><\/p>\n<p><del>Edital 2\/2022 (<\/del><del><a href=\"https:\/\/www2.uepg.br\/escrita-academica\/wp-content\/uploads\/sites\/210\/2022\/05\/CEA_Edital-02_2022.docx\">CEA_Edital 02_2022)<\/a><\/del><\/p>\n<p><del>Edital 1\/2022 (<a href=\"https:\/\/www2.uepg.br\/escrita-academica\/wp-content\/uploads\/sites\/210\/2022\/02\/UEPG_CEA-F_Edital-01_2022.pdf\">CEA_Edital 01_2022<\/a>)<\/del><\/p>\n\t\t\t\t<\/div>\n\t\t\t<\/div>\n\t\t<\/div>\n\t\t<\/div>\n<\/div>\n<\/div><\/div><\/div><\/div><\/div>","protected":false},"excerpt":{"rendered":"<p>Selecione o edital para fazer a sua inscri\u00e7\u00e3o. OBS \u2013 Leia atentamente o edital na \u00edntegra antes de submeter a sua inscri\u00e7\u00e3o.<\/p>\n","protected":false},"author":429,"featured_media":699,"parent":0,"menu_order":0,"comment_status":"closed","ping_status":"closed","template":"","meta":[],"_links":{"self":[{"href":"https:\/\/www2.uepg.br\/escrita-academica\/wp-json\/wp\/v2\/pages\/221"}],"collection":[{"href":"https:\/\/www2.uepg.br\/escrita-academica\/wp-json\/wp\/v2\/pages"}],"about":[{"href":"https:\/\/www2.uepg.br\/escrita-academica\/wp-json\/wp\/v2\/types\/page"}],"author":[{"embeddable":true,"href":"https:\/\/www2.uepg.br\/escrita-academica\/wp-json\/wp\/v2\/users\/429"}],"replies":[{"embeddable":true,"href":"https:\/\/www2.uepg.br\/escrita-academica\/wp-json\/wp\/v2\/comments?post=221"}],"version-history":[{"count":126,"href":"https:\/\/www2.uepg.br\/escrita-academica\/wp-json\/wp\/v2\/pages\/221\/revisions"}],"predecessor-version":[{"id":741,"href":"https:\/\/www2.uepg.br\/escrita-academica\/wp-json\/wp\/v2\/pages\/221\/revisions\/741"}],"wp:featuredmedia":[{"embeddable":true,"href":"https:\/\/www2.uepg.br\/escrita-academica\/wp-json\/wp\/v2\/media\/699"}],"wp:attachment":[{"href":"https:\/\/www2.uepg.br\/escrita-academica\/wp-json\/wp\/v2\/media?parent=221"}],"curies":[{"name":"wp","href":"https:\/\/api.w.org\/{rel}","templated":true}]}}