{"id":155,"date":"2023-05-10T20:59:49","date_gmt":"2023-05-10T23:59:49","guid":{"rendered":"https:\/\/www2.uepg.br\/eslin\/?page_id=155"},"modified":"2025-08-19T16:38:06","modified_gmt":"2025-08-19T19:38:06","slug":"cursos","status":"publish","type":"page","link":"https:\/\/www2.uepg.br\/eslin\/cursos\/","title":{"rendered":"CURSOS"},"content":{"rendered":"<div style=\"text-align: justify\">\n<h2>CURSOS<\/h2>\n<p>&nbsp;<\/p>\n<p>A Escola de L\u00ednguas, Literaturas e Culturas da Universidade Estadual de Ponta Grossa-ESLiN oferece diversos cursos \u00e0 comunidade de Ponta Grossa e regi\u00e3o. Dentre as op\u00e7\u00f5es s\u00e3o ofertados as l\u00ednguas: Espanhol, Franc\u00eas, Ingl\u00eas, Portugu\u00eas para estrangeiros\/como l\u00edngua adicional, Portugu\u00eas para reda\u00e7\u00e3o em v\u00e1rias modalidades e L\u00edngua Brasileira de Sinais-LIBRAS.<\/p>\n<p>Cada n\u00edvel tem dura\u00e7\u00e3o de um semestre letivo, com 42 horas-aula, e dura\u00e7\u00e3o que varia conforme a l\u00edngua escolhida. Caso voc\u00ea j\u00e1 tenha algum conhecimento pr\u00e9vio nas l\u00ednguas ofertadas a ESLiN proporciona um teste de nivelamento para que n\u00e3o haja necessidade de iniciar do primeiro n\u00edvel. Viu s\u00f3 que bacana?<\/p>\n<p>Vem estudar com a gente!<\/p>\n<h2>ACESSE ABAIXO O CALEND\u00c1RIO LETIVO 2025<\/h2>\n<p><a href=\"https:\/\/drive.google.com\/file\/d\/1LyTxNm0qXZDkYi-8eFrCxPaioElUfftg\/view?usp=drive_link\">CALEND\u00c1RIO 2025<\/a><\/p>\n<\/div>\n<p>&nbsp;<\/p>\n<p>Para emitir o seu certificado de cursos anteriores (at\u00e9 dezembro de 2024) acesse o link abaixo e siga as instru\u00e7\u00f5es.<\/p>\n<p><a href=\"https:\/\/sumerio.apps.uepg.br\/buscar\/\">CERTIFICADOS &#8211; PROEX<\/a><\/p>\n","protected":false},"excerpt":{"rendered":"<p>CURSOS &nbsp; A Escola de L\u00ednguas, Literaturas e Culturas da Universidade Estadual de Ponta Grossa-ESLiN oferece diversos cursos \u00e0 comunidade de Ponta Grossa e regi\u00e3o. Dentre as op\u00e7\u00f5es s\u00e3o ofertados as l\u00ednguas: Espanhol, Franc\u00eas, Ingl\u00eas, Portugu\u00eas para estrangeiros\/como l\u00edngua adicional, Portugu\u00eas para reda\u00e7\u00e3o em v\u00e1rias modalidades e L\u00edngua Brasileira de Sinais-LIBRAS. Cada n\u00edvel tem dura\u00e7\u00e3o&nbsp;&hellip;<\/p>\n","protected":false},"author":582,"featured_media":280,"parent":0,"menu_order":0,"comment_status":"closed","ping_status":"closed","template":"","meta":[],"_links":{"self":[{"href":"https:\/\/www2.uepg.br\/eslin\/wp-json\/wp\/v2\/pages\/155"}],"collection":[{"href":"https:\/\/www2.uepg.br\/eslin\/wp-json\/wp\/v2\/pages"}],"about":[{"href":"https:\/\/www2.uepg.br\/eslin\/wp-json\/wp\/v2\/types\/page"}],"author":[{"embeddable":true,"href":"https:\/\/www2.uepg.br\/eslin\/wp-json\/wp\/v2\/users\/582"}],"replies":[{"embeddable":true,"href":"https:\/\/www2.uepg.br\/eslin\/wp-json\/wp\/v2\/comments?post=155"}],"version-history":[{"count":9,"href":"https:\/\/www2.uepg.br\/eslin\/wp-json\/wp\/v2\/pages\/155\/revisions"}],"predecessor-version":[{"id":512,"href":"https:\/\/www2.uepg.br\/eslin\/wp-json\/wp\/v2\/pages\/155\/revisions\/512"}],"wp:featuredmedia":[{"embeddable":true,"href":"https:\/\/www2.uepg.br\/eslin\/wp-json\/wp\/v2\/media\/280"}],"wp:attachment":[{"href":"https:\/\/www2.uepg.br\/eslin\/wp-json\/wp\/v2\/media?parent=155"}],"curies":[{"name":"wp","href":"https:\/\/api.w.org\/{rel}","templated":true}]}}