{"id":262,"date":"2023-05-11T16:21:45","date_gmt":"2023-05-11T19:21:45","guid":{"rendered":"https:\/\/www2.uepg.br\/eslin\/?page_id=262"},"modified":"2024-03-19T12:28:58","modified_gmt":"2024-03-19T15:28:58","slug":"equipe","status":"publish","type":"page","link":"https:\/\/www2.uepg.br\/eslin\/equipe\/","title":{"rendered":"EQUIPE"},"content":{"rendered":"<div style=\"text-align: justify\">\n<h2 id=\"valeska\">EQUIPE<\/h2>\n<p>&nbsp;<\/p>\n<p><strong>Valeska Gracioso Carlos &#8211; Diretora<\/strong><\/p>\n<p>Graduada em Letras Portugu\u00eas\/ Espanhol (1997) pela Universidade Estadual Paulista J\u00falio de Mesquita Filho (UNESP) e em Letras Portugu\u00eas\/Ingl\u00eas (1999) pela mesma institui\u00e7\u00e3o. Possui Mestrado (2006) e Doutorado pela Universidade Estadual de Londrina. Professora Adjunta do Departamento de Estudos da Linguagem e do Programa de P\u00f3s-Gradua\u00e7\u00e3o em Estudos da Linguagem na Universidade Estadual de Ponta Grossa (UEPG), onde ministra aulas de L\u00edngua Espanhola na gradua\u00e7\u00e3o e a disciplina de Varia\u00e7\u00e3o Lingu\u00edstica: pluralidade e identidade na p\u00f3s-gradua\u00e7\u00e3o. Desenvolve pesquisas direcionadas \u00e0 forma\u00e7\u00e3o cr\u00edtica e reflexiva de professores de l\u00ednguas, na perspectiva da diversidade e pluralidade lingu\u00edstica, visando projetos voltados ao ensino e aprendizagem de l\u00ednguas, aos processos de varia\u00e7\u00e3o e mudan\u00e7a lingu\u00edstica e \u00e0 descri\u00e7\u00e3o e documenta\u00e7\u00e3o da l\u00edngua falada em contato com outras variedades da l\u00edngua portuguesa e\/ou de l\u00ednguas de imigra\u00e7\u00e3o, e\/ou de l\u00ednguas estrangeiras, ademais, englobam quest\u00f5es de pol\u00edticas lingu\u00edsticas voltadas ao ensino de l\u00ednguas.<\/p>\n<p><img loading=\"lazy\" class=\"aligncenter wp-image-277\" src=\"https:\/\/www2.uepg.br\/eslin\/wp-content\/uploads\/sites\/269\/2023\/05\/VALESKA-1024x731.png\" alt=\"\" width=\"800\" height=\"571\" srcset=\"https:\/\/www2.uepg.br\/eslin\/wp-content\/uploads\/sites\/269\/2023\/05\/VALESKA-1024x731.png 1024w, https:\/\/www2.uepg.br\/eslin\/wp-content\/uploads\/sites\/269\/2023\/05\/VALESKA-300x214.png 300w, https:\/\/www2.uepg.br\/eslin\/wp-content\/uploads\/sites\/269\/2023\/05\/VALESKA-768x548.png 768w, https:\/\/www2.uepg.br\/eslin\/wp-content\/uploads\/sites\/269\/2023\/05\/VALESKA-1536x1097.png 1536w, https:\/\/www2.uepg.br\/eslin\/wp-content\/uploads\/sites\/269\/2023\/05\/VALESKA-1232x880.png 1232w, https:\/\/www2.uepg.br\/eslin\/wp-content\/uploads\/sites\/269\/2023\/05\/VALESKA-1512x1080.png 1512w, https:\/\/www2.uepg.br\/eslin\/wp-content\/uploads\/sites\/269\/2023\/05\/VALESKA.png 1864w\" sizes=\"(max-width: 800px) 100vw, 800px\" \/><\/p>\n<p>&nbsp;<\/p>\n<p><strong id=\"patricia\">Patr\u00edcia Barreto Mainardi Maeso &#8211; Coordenadora Pedag\u00f3gica<\/strong><\/p>\n<p>Patricia Barreto Mainardi Maeso \u00e9 mestra em Letras e doutoranda em Estudos Liter\u00e1rios na UFPR, institui\u00e7\u00e3o em que se licenciou em Letras-Ingl\u00eas. Foi professora de L\u00edngua Inglesa e suas Literaturas na Unespar, Campus Paranagu\u00e1, e lecionou L\u00edngua Inglesa na UEPG para os cursos de Letras, Odontologia, Engenharia e Turismo. Antes disso foi redatora e roteirista de TV e publicidade em Curitiba, realizando projetos institucionais e em parceria com institui\u00e7\u00f5es p\u00fablicas e privadas. \u00c9 coordenadora pedag\u00f3gica da Eslin e ex-coordenadora institucional do Paran\u00e1 Fala Ingl\u00eas na UEPG. De 2021 a 2024 foi co-coordenadora do Centro de Escrita Acad\u00eamica (CEA) da UEPG.<\/p>\n<p>&nbsp;<\/p>\n<p><strong id=\"aline\">Marina Xavier &#8211; Coordenadora (L\u00edngua Espanhola)<\/strong><\/p>\n<p>&nbsp;<\/p>\n<p>&nbsp;<\/p>\n<p><strong id=\"bhianca\">Rictor Dantas &#8211; Coordenador (L\u00edngua Inglesa)<\/strong><\/p>\n<p>Rictor de Oliveira Dantas \u00e9 graduado em Letras &#8211; Portugu\u00eas\/Ingl\u00eas pela Universidade Estadual de Ponta Grossa e mestre em Estudos da Linguagem pela mesma institui\u00e7\u00e3o. Realizou pesquisas no campo de varia\u00e7\u00e3o e preconceito lingu\u00edstico. Atualmente, atua como professor de ingl\u00eas e coordenador da \u00e1rea de l\u00edngua inglesa na Eslin.<\/p>\n<p>&nbsp;<\/p>\n<p><strong id=\"cloris\">Charlott Eloize Leviski &#8211; Coordenadora (L\u00edngua Portuguesa)<\/strong><\/p>\n<p>Doutora em Lingu\u00edstica (UFSC), Mestra em Letras (UFPR). Tem experi\u00eancia no ensino de l\u00edngua portuguesa na educa\u00e7\u00e3o b\u00e1sica e na gradua\u00e7\u00e3o. Orientadora do Programa de Desenvolvimento Educacional &#8211; PDE, Curso de Especializa\u00e7\u00e3o da SEED-PR. Professora formada pela Universidade Aberta Brasil, UAB-UEPG. Integrou o projeto de extens\u00e3o &#8220;Estrangeirando a l\u00edngua portuguesa: rompendo fronteiras e construindo di\u00e1logos&#8221;, na UFSC, 2015-2019.<\/p>\n<p>&nbsp;<\/p>\n<p><strong id=\"leandro\">Juliana Ristow &#8211; Coordenador (L\u00edngua Francesa)<\/strong><\/p>\n<p>Atualmente pertence ao corpo discente do Programa de P\u00f3s-Gradua\u00e7\u00e3o em Letras, na \u00e1rea de Estudos Liter\u00e1rios na Universidade Federal do Paran\u00e1 (UFPR) e ao corpo docente do departamento de estudos da linguagem na Universidade Estadual de Ponta Grossa (UEPG). Mestra em Linguagem, Identidade e Subjetividade pela Universidade Estadual de Ponta Grossa (2020).Possui gradua\u00e7\u00e3o em Letras Portugu\u00eas\/ Franc\u00eas pela Universidade Estadual de Ponta Grossa (2016). \u00c9 membro do grupo interinstitucional que desenvolve pesquisa em Estudos Ecocr\u00edticos, Geco (UFPR\/UTFPR). Interessa-se pela pesquisa em Ecocr\u00edtica, literaturas em l\u00edngua portuguesa e francesa. Coordenadora da \u00e1rea de franc\u00eas na Escola de L\u00ednguas, Literaturas e Culturas UEPG (ESLIN).<\/p>\n<p>&nbsp;<\/p>\n<p><strong id=\"rubia\">Rubia Carla da Silva \u2013 Coordenadora (Libras)<\/strong><\/p>\n<p>Doutora em Lingu\u00edstica (UFSC). Mestre em Ensino de Ci\u00eancias e Tecnologias (UTFPR). Especialista em Ed. Especial (UEPG). Especialista em Lg. Portuguesa e Literaturas (ESAP). Licenciada em Letras (UEPG). Bacharelanda em Letras (UNIOESTE). TILSP &#8211; tradutora e Int\u00e9rprete de Libras-Portugu\u00eas (SEED\/CAS\/FENEIS).<br \/>\nAtualmente est\u00e1 na Coord. da \u00e1rea de Libras &#8211; Dep. Estudos da Linguagem DEEL-UEPG.<\/p>\n<\/div>\n","protected":false},"excerpt":{"rendered":"<p>EQUIPE &nbsp; Valeska Gracioso Carlos &#8211; Diretora Graduada em Letras Portugu\u00eas\/ Espanhol (1997) pela Universidade Estadual Paulista J\u00falio de Mesquita Filho (UNESP) e em Letras Portugu\u00eas\/Ingl\u00eas (1999) pela mesma institui\u00e7\u00e3o. Possui Mestrado (2006) e Doutorado pela Universidade Estadual de Londrina. Professora Adjunta do Departamento de Estudos da Linguagem e do Programa de P\u00f3s-Gradua\u00e7\u00e3o em Estudos&nbsp;&hellip;<\/p>\n","protected":false},"author":582,"featured_media":248,"parent":0,"menu_order":0,"comment_status":"closed","ping_status":"closed","template":"","meta":[],"_links":{"self":[{"href":"https:\/\/www2.uepg.br\/eslin\/wp-json\/wp\/v2\/pages\/262"}],"collection":[{"href":"https:\/\/www2.uepg.br\/eslin\/wp-json\/wp\/v2\/pages"}],"about":[{"href":"https:\/\/www2.uepg.br\/eslin\/wp-json\/wp\/v2\/types\/page"}],"author":[{"embeddable":true,"href":"https:\/\/www2.uepg.br\/eslin\/wp-json\/wp\/v2\/users\/582"}],"replies":[{"embeddable":true,"href":"https:\/\/www2.uepg.br\/eslin\/wp-json\/wp\/v2\/comments?post=262"}],"version-history":[{"count":10,"href":"https:\/\/www2.uepg.br\/eslin\/wp-json\/wp\/v2\/pages\/262\/revisions"}],"predecessor-version":[{"id":410,"href":"https:\/\/www2.uepg.br\/eslin\/wp-json\/wp\/v2\/pages\/262\/revisions\/410"}],"wp:featuredmedia":[{"embeddable":true,"href":"https:\/\/www2.uepg.br\/eslin\/wp-json\/wp\/v2\/media\/248"}],"wp:attachment":[{"href":"https:\/\/www2.uepg.br\/eslin\/wp-json\/wp\/v2\/media?parent=262"}],"curies":[{"name":"wp","href":"https:\/\/api.w.org\/{rel}","templated":true}]}}