{"id":43,"date":"2020-08-19T18:27:14","date_gmt":"2020-08-19T21:27:14","guid":{"rendered":"http:\/\/www2.uepg.br\/etlqueijos\/?page_id=43"},"modified":"2026-03-16T14:37:32","modified_gmt":"2026-03-16T17:37:32","slug":"corpo-docente","status":"publish","type":"page","link":"https:\/\/www2.uepg.br\/etlqueijos\/corpo-docente\/","title":{"rendered":"Corpo Docente"},"content":{"rendered":"<h3 style=\"text-align: center\">Corpo Docente<\/h3>\n<p style=\"text-align: center\">Dr. Alessandro Nogueira<br \/>\nDra. Aline Alberti<br \/>\nDra. Ana Claudia Barana<br \/>\nDra. Anna Carolina Campos<br \/>\nDra. Deise Rosana Silva Sim\u00f5es<br \/>\nDr. Ivo Mottin Demiate<br \/>\nDra. J\u00e9ssica Bigaski Ribeiro<br \/>\nDr. Jos\u00e9 Pedro Wojeicchowski<br \/>\nDra. Marina Tolentino Marinho<br \/>\nEng. de Alimento Matheus Baldykoski Ribas Santos<br \/>\nDr. Paulo Ricardo Los<br \/>\nDra. Priscila Judacewski<br \/>\nDra. Renata Dinnies Santos Salem<\/p>\n","protected":false},"excerpt":{"rendered":"<p>Corpo Docente Dr. Alessandro Nogueira Dra. Aline Alberti Dra. Ana Claudia Barana Dra. Anna Carolina Campos Dra. Deise Rosana Silva Sim\u00f5es Dr. Ivo Mottin Demiate Dra. J\u00e9ssica Bigaski Ribeiro Dr. Jos\u00e9 Pedro Wojeicchowski Dra. Marina Tolentino Marinho Eng. de Alimento Matheus Baldykoski Ribas Santos Dr. Paulo Ricardo Los Dra. Priscila Judacewski Dra. Renata Dinnies Santos&nbsp;&hellip;<\/p>\n","protected":false},"author":204,"featured_media":0,"parent":0,"menu_order":0,"comment_status":"closed","ping_status":"closed","template":"","meta":[],"_links":{"self":[{"href":"https:\/\/www2.uepg.br\/etlqueijos\/wp-json\/wp\/v2\/pages\/43"}],"collection":[{"href":"https:\/\/www2.uepg.br\/etlqueijos\/wp-json\/wp\/v2\/pages"}],"about":[{"href":"https:\/\/www2.uepg.br\/etlqueijos\/wp-json\/wp\/v2\/types\/page"}],"author":[{"embeddable":true,"href":"https:\/\/www2.uepg.br\/etlqueijos\/wp-json\/wp\/v2\/users\/204"}],"replies":[{"embeddable":true,"href":"https:\/\/www2.uepg.br\/etlqueijos\/wp-json\/wp\/v2\/comments?post=43"}],"version-history":[{"count":8,"href":"https:\/\/www2.uepg.br\/etlqueijos\/wp-json\/wp\/v2\/pages\/43\/revisions"}],"predecessor-version":[{"id":900,"href":"https:\/\/www2.uepg.br\/etlqueijos\/wp-json\/wp\/v2\/pages\/43\/revisions\/900"}],"wp:attachment":[{"href":"https:\/\/www2.uepg.br\/etlqueijos\/wp-json\/wp\/v2\/media?parent=43"}],"curies":[{"name":"wp","href":"https:\/\/api.w.org\/{rel}","templated":true}]}}