{"id":1632,"date":"2025-10-28T11:54:56","date_gmt":"2025-10-28T14:54:56","guid":{"rendered":"https:\/\/www2.uepg.br\/fenata\/?page_id=1632"},"modified":"2025-11-03T23:15:40","modified_gmt":"2025-11-04T02:15:40","slug":"teatro-de-rua","status":"publish","type":"page","link":"https:\/\/www2.uepg.br\/fenata\/teatro-de-rua\/","title":{"rendered":"TEATRO DE RUA"},"content":{"rendered":"<div id=\"pl-1632\"  class=\"panel-layout\" ><div id=\"pg-1632-0\"  class=\"panel-grid panel-has-style\" ><div class=\"panel-row-style panel-row-style-for-1632-0\" ><div id=\"pgc-1632-0-0\"  class=\"panel-grid-cell\" ><div id=\"panel-1632-0-0-0\" class=\"so-panel widget widget_sow-editor panel-first-child panel-last-child\" data-index=\"0\" ><div class=\"panel-widget-style panel-widget-style-for-1632-0-0-0\" ><div\n\t\t\t\n\t\t\tclass=\"so-widget-sow-editor so-widget-sow-editor-base\"\n\t\t\t\n\t\t><h3 class=\"widget-title\">Risas y Sonrisas<\/h3>\n<div class=\"siteorigin-widget-tinymce textwidget\">\n\t<p style=\"text-align: justify\">Cia Risas (Curitiba\/PR)<\/p>\n<p style=\"text-align: justify\">09\/11 - domingo - 15h e 17h \u2013 Lago de Olarias<br \/>\n<em>Obs: As apresenta\u00e7\u00f5es contar\u00e3o com acessibilidade em Libras e\u00a0Audiodescri\u00e7\u00e3o.<\/em><\/p>\n<p style=\"text-align: justify\">Classifica\u00e7\u00e3o: livre<br \/>\nDura\u00e7\u00e3o: 55 min<\/p>\n<p style=\"text-align: justify\">Sinopse: Espet\u00e1culo de palha\u00e7aria que celebra as cenas circenses tradicionais em di\u00e1logo com o presente. A trupe mergulha no repert\u00f3rio clownesco, revisita entradas cl\u00e1ssicas que atravessam gera\u00e7\u00f5es, acrescenta elementos pr\u00f3prios e apresenta cenas que unem o riso secular \u00e0 atualidade. Com m\u00fasica ao vivo, improvisa\u00e7\u00f5es e participa\u00e7\u00e3o do p\u00fablico, a pe\u00e7a convida todas as idades a compartilhar a experi\u00eancia do riso coletivo.<\/p>\n<p>Ingressos: gratuito.<\/p>\n<\/div>\n<\/div><\/div><\/div><\/div><div id=\"pgc-1632-0-1\"  class=\"panel-grid-cell\" ><div id=\"panel-1632-0-1-0\" class=\"so-panel widget widget_media_image panel-first-child panel-last-child\" data-index=\"1\" ><img width=\"1024\" height=\"683\" src=\"https:\/\/www2.uepg.br\/fenata\/wp-content\/uploads\/sites\/136\/2025\/10\/RUA-Risas-y-Sonrisas-foto-de-Manu-Zanon-1024x683.jpg\" class=\"image wp-image-1633  attachment-large size-large\" alt=\"\" loading=\"lazy\" style=\"max-width: 100%; height: auto;\" srcset=\"https:\/\/www2.uepg.br\/fenata\/wp-content\/uploads\/sites\/136\/2025\/10\/RUA-Risas-y-Sonrisas-foto-de-Manu-Zanon-1024x683.jpg 1024w, https:\/\/www2.uepg.br\/fenata\/wp-content\/uploads\/sites\/136\/2025\/10\/RUA-Risas-y-Sonrisas-foto-de-Manu-Zanon-300x200.jpg 300w, https:\/\/www2.uepg.br\/fenata\/wp-content\/uploads\/sites\/136\/2025\/10\/RUA-Risas-y-Sonrisas-foto-de-Manu-Zanon-768x512.jpg 768w, https:\/\/www2.uepg.br\/fenata\/wp-content\/uploads\/sites\/136\/2025\/10\/RUA-Risas-y-Sonrisas-foto-de-Manu-Zanon-1536x1024.jpg 1536w, https:\/\/www2.uepg.br\/fenata\/wp-content\/uploads\/sites\/136\/2025\/10\/RUA-Risas-y-Sonrisas-foto-de-Manu-Zanon-2048x1365.jpg 2048w, https:\/\/www2.uepg.br\/fenata\/wp-content\/uploads\/sites\/136\/2025\/10\/RUA-Risas-y-Sonrisas-foto-de-Manu-Zanon-1232x821.jpg 1232w, https:\/\/www2.uepg.br\/fenata\/wp-content\/uploads\/sites\/136\/2025\/10\/RUA-Risas-y-Sonrisas-foto-de-Manu-Zanon-1620x1080.jpg 1620w, https:\/\/www2.uepg.br\/fenata\/wp-content\/uploads\/sites\/136\/2025\/10\/RUA-Risas-y-Sonrisas-foto-de-Manu-Zanon-272x182.jpg 272w\" sizes=\"(max-width: 1024px) 100vw, 1024px\" \/><\/div><\/div><\/div><\/div><div id=\"pg-1632-1\"  class=\"panel-grid panel-has-style\" ><div class=\"panel-row-style panel-row-style-for-1632-1\" ><div id=\"pgc-1632-1-0\"  class=\"panel-grid-cell\" ><div id=\"panel-1632-1-0-0\" class=\"so-panel widget widget_sow-editor panel-first-child panel-last-child\" data-index=\"2\" ><div class=\"panel-widget-style panel-widget-style-for-1632-1-0-0\" ><div\n\t\t\t\n\t\t\tclass=\"so-widget-sow-editor so-widget-sow-editor-base\"\n\t\t\t\n\t\t><h3 class=\"widget-title\">\u00c0 flor da pele<\/h3>\n<div class=\"siteorigin-widget-tinymce textwidget\">\n\t<p style=\"text-align: justify\">Grupo Teatral ApanelA (Ribeir\u00e3o Preto\/SP)<\/p>\n<p style=\"text-align: justify\">11\/11 \u2013 ter\u00e7a-feira - 10h \u2013 Pra\u00e7a da UEPG Central<\/p>\n<p style=\"text-align: justify\">Classifica\u00e7\u00e3o: livre<br \/>\nDura\u00e7\u00e3o: 40 min<\/p>\n<p style=\"text-align: justify\">Sinopse: Livremente inspirado nas poesias de Carolina Maria de Jesus, o espet\u00e1culo acompanha a jornada de pessoas em busca da felicidade. Com muita poesia, m\u00fasica e humor, somos apresentados a universos e personagens que brotam das p\u00e1ginas do livro, revelando emo\u00e7\u00f5es \u00e0 flor da pele por serem quem s\u00e3o.<\/p>\n<p>Ingressos: gratuito.<\/p>\n<\/div>\n<\/div><\/div><\/div><\/div><div id=\"pgc-1632-1-1\"  class=\"panel-grid-cell\" ><div id=\"panel-1632-1-1-0\" class=\"so-panel widget widget_media_image panel-first-child panel-last-child\" data-index=\"3\" ><img width=\"1024\" height=\"683\" src=\"https:\/\/www2.uepg.br\/fenata\/wp-content\/uploads\/sites\/136\/2025\/10\/RUA-A-flor-da-pele-Gabi-Nalon-1024x683.jpg\" class=\"image wp-image-1639  attachment-large size-large\" alt=\"\" loading=\"lazy\" style=\"max-width: 100%; height: auto;\" srcset=\"https:\/\/www2.uepg.br\/fenata\/wp-content\/uploads\/sites\/136\/2025\/10\/RUA-A-flor-da-pele-Gabi-Nalon-1024x683.jpg 1024w, https:\/\/www2.uepg.br\/fenata\/wp-content\/uploads\/sites\/136\/2025\/10\/RUA-A-flor-da-pele-Gabi-Nalon-300x200.jpg 300w, https:\/\/www2.uepg.br\/fenata\/wp-content\/uploads\/sites\/136\/2025\/10\/RUA-A-flor-da-pele-Gabi-Nalon-768x512.jpg 768w, https:\/\/www2.uepg.br\/fenata\/wp-content\/uploads\/sites\/136\/2025\/10\/RUA-A-flor-da-pele-Gabi-Nalon-1536x1024.jpg 1536w, https:\/\/www2.uepg.br\/fenata\/wp-content\/uploads\/sites\/136\/2025\/10\/RUA-A-flor-da-pele-Gabi-Nalon-2048x1365.jpg 2048w, https:\/\/www2.uepg.br\/fenata\/wp-content\/uploads\/sites\/136\/2025\/10\/RUA-A-flor-da-pele-Gabi-Nalon-1232x821.jpg 1232w, https:\/\/www2.uepg.br\/fenata\/wp-content\/uploads\/sites\/136\/2025\/10\/RUA-A-flor-da-pele-Gabi-Nalon-1620x1080.jpg 1620w, https:\/\/www2.uepg.br\/fenata\/wp-content\/uploads\/sites\/136\/2025\/10\/RUA-A-flor-da-pele-Gabi-Nalon-272x182.jpg 272w\" sizes=\"(max-width: 1024px) 100vw, 1024px\" \/><\/div><\/div><\/div><\/div><div id=\"pg-1632-2\"  class=\"panel-grid panel-has-style\" ><div class=\"panel-row-style panel-row-style-for-1632-2\" ><div id=\"pgc-1632-2-0\"  class=\"panel-grid-cell\" ><div id=\"panel-1632-2-0-0\" class=\"so-panel widget widget_sow-editor panel-first-child panel-last-child\" data-index=\"4\" ><div class=\"panel-widget-style panel-widget-style-for-1632-2-0-0\" ><div\n\t\t\t\n\t\t\tclass=\"so-widget-sow-editor so-widget-sow-editor-base\"\n\t\t\t\n\t\t><h3 class=\"widget-title\">Percursos afetivos<\/h3>\n<div class=\"siteorigin-widget-tinymce textwidget\">\n\t<p style=\"text-align: justify\">Bilboqu\u00ea Cria\u00e7\u00f5es Art\u00edsticas e Culturais (Curitiba\/PR)<\/p>\n<p style=\"text-align: justify\">12\/11 \u2013 quarta-feira \u2013 18h30 \u2013 sa\u00edda da UEPG Central<\/p>\n<p style=\"text-align: justify\">Classifica\u00e7\u00e3o: 12 anos<br \/>\nDura\u00e7\u00e3o: 80 min<\/p>\n<p style=\"text-align: justify\">Sinopse: \u2018Percursos afetivos\u2019 \u00e9 um projeto de narra\u00e7\u00e3o de hist\u00f3rias itinerante de Cadu Cinelli (ator, artista t\u00eaxtil, contador de hist\u00f3rias e diretor teatral, integrante do grupo Os Tapetes Contadores de Hist\u00f3rias), que consiste na cria\u00e7\u00e3o e realiza\u00e7\u00e3o de uma a\u00e7\u00e3o com bicicletas que percorre trajetos por uma cidade, onde s\u00e3o contadas hist\u00f3rias semificcionais ao longo do percurso pedalado para um grupo de ciclistas presentes. O grupo de ciclistas forma com o artista, que os guia, um conjunto que ao longo do percurso ouve narrativas e paisagens sonoras, que sinalizam um novo olhar sobre as rotas que atravessam o mapa afetivo da cidade.<\/p>\n<p>Ingressos: gratuito - <a href=\"https:\/\/forms.gle\/EJV7weAn4K6dgwWD7\" target=\"_blank\" rel=\"noopener\">inscreva-se aqui<\/a><\/p>\n<\/div>\n<\/div><\/div><\/div><\/div><div id=\"pgc-1632-2-1\"  class=\"panel-grid-cell\" ><div id=\"panel-1632-2-1-0\" class=\"so-panel widget widget_media_image panel-first-child panel-last-child\" data-index=\"5\" ><div class=\"panel-widget-style panel-widget-style-for-1632-2-1-0\" ><img width=\"1024\" height=\"683\" src=\"https:\/\/www2.uepg.br\/fenata\/wp-content\/uploads\/sites\/136\/2025\/10\/RUA-Percursos-Afetivos-foto-de-Gabriel-Bazt-1024x683.jpg\" class=\"image wp-image-1642  attachment-large size-large\" alt=\"\" loading=\"lazy\" style=\"max-width: 100%; height: auto;\" srcset=\"https:\/\/www2.uepg.br\/fenata\/wp-content\/uploads\/sites\/136\/2025\/10\/RUA-Percursos-Afetivos-foto-de-Gabriel-Bazt-1024x683.jpg 1024w, https:\/\/www2.uepg.br\/fenata\/wp-content\/uploads\/sites\/136\/2025\/10\/RUA-Percursos-Afetivos-foto-de-Gabriel-Bazt-300x200.jpg 300w, https:\/\/www2.uepg.br\/fenata\/wp-content\/uploads\/sites\/136\/2025\/10\/RUA-Percursos-Afetivos-foto-de-Gabriel-Bazt-768x512.jpg 768w, https:\/\/www2.uepg.br\/fenata\/wp-content\/uploads\/sites\/136\/2025\/10\/RUA-Percursos-Afetivos-foto-de-Gabriel-Bazt-1536x1024.jpg 1536w, https:\/\/www2.uepg.br\/fenata\/wp-content\/uploads\/sites\/136\/2025\/10\/RUA-Percursos-Afetivos-foto-de-Gabriel-Bazt-2048x1365.jpg 2048w, https:\/\/www2.uepg.br\/fenata\/wp-content\/uploads\/sites\/136\/2025\/10\/RUA-Percursos-Afetivos-foto-de-Gabriel-Bazt-1232x821.jpg 1232w, https:\/\/www2.uepg.br\/fenata\/wp-content\/uploads\/sites\/136\/2025\/10\/RUA-Percursos-Afetivos-foto-de-Gabriel-Bazt-1620x1080.jpg 1620w, https:\/\/www2.uepg.br\/fenata\/wp-content\/uploads\/sites\/136\/2025\/10\/RUA-Percursos-Afetivos-foto-de-Gabriel-Bazt-272x182.jpg 272w\" sizes=\"(max-width: 1024px) 100vw, 1024px\" \/><\/div><\/div><\/div><\/div><\/div><\/div>","protected":false},"excerpt":{"rendered":"<p>Cia Risas (Curitiba\/PR) 09\/11 &#8211; domingo &#8211; 15h e 17h \u2013 Lago de Olarias Obs: As apresenta\u00e7\u00f5es contar\u00e3o com acessibilidade em Libras e\u00a0Audiodescri\u00e7\u00e3o. Classifica\u00e7\u00e3o: livre Dura\u00e7\u00e3o: 55 min Sinopse: Espet\u00e1culo de palha\u00e7aria que celebra as cenas circenses tradicionais em di\u00e1logo com o presente. A trupe mergulha no repert\u00f3rio clownesco, revisita entradas cl\u00e1ssicas que atravessam gera\u00e7\u00f5es,&nbsp;&hellip;<\/p>\n","protected":false},"author":84,"featured_media":0,"parent":0,"menu_order":0,"comment_status":"closed","ping_status":"closed","template":"","meta":{"_monsterinsights_skip_tracking":false,"_monsterinsights_sitenote_active":false,"_monsterinsights_sitenote_note":"","_monsterinsights_sitenote_category":0},"_links":{"self":[{"href":"https:\/\/www2.uepg.br\/fenata\/wp-json\/wp\/v2\/pages\/1632"}],"collection":[{"href":"https:\/\/www2.uepg.br\/fenata\/wp-json\/wp\/v2\/pages"}],"about":[{"href":"https:\/\/www2.uepg.br\/fenata\/wp-json\/wp\/v2\/types\/page"}],"author":[{"embeddable":true,"href":"https:\/\/www2.uepg.br\/fenata\/wp-json\/wp\/v2\/users\/84"}],"replies":[{"embeddable":true,"href":"https:\/\/www2.uepg.br\/fenata\/wp-json\/wp\/v2\/comments?post=1632"}],"version-history":[{"count":13,"href":"https:\/\/www2.uepg.br\/fenata\/wp-json\/wp\/v2\/pages\/1632\/revisions"}],"predecessor-version":[{"id":1743,"href":"https:\/\/www2.uepg.br\/fenata\/wp-json\/wp\/v2\/pages\/1632\/revisions\/1743"}],"wp:attachment":[{"href":"https:\/\/www2.uepg.br\/fenata\/wp-json\/wp\/v2\/media?parent=1632"}],"curies":[{"name":"wp","href":"https:\/\/api.w.org\/{rel}","templated":true}]}}