{"id":1698,"date":"2025-10-28T16:11:26","date_gmt":"2025-10-28T19:11:26","guid":{"rendered":"https:\/\/www2.uepg.br\/fenata\/?page_id=1698"},"modified":"2025-11-03T23:06:27","modified_gmt":"2025-11-04T02:06:27","slug":"mostra-especial","status":"publish","type":"page","link":"https:\/\/www2.uepg.br\/fenata\/mostra-especial\/","title":{"rendered":"Mostra especial"},"content":{"rendered":"<div id=\"pl-1698\"  class=\"panel-layout\" ><div id=\"pg-1698-0\"  class=\"panel-grid panel-has-style\" ><div class=\"panel-row-style panel-row-style-for-1698-0\" ><div id=\"pgc-1698-0-0\"  class=\"panel-grid-cell\" ><div id=\"panel-1698-0-0-0\" class=\"so-panel widget widget_sow-editor panel-first-child panel-last-child\" data-index=\"0\" ><div class=\"panel-widget-style panel-widget-style-for-1698-0-0-0\" ><div\n\t\t\t\n\t\t\tclass=\"so-widget-sow-editor so-widget-sow-editor-base\"\n\t\t\t\n\t\t><h3 class=\"widget-title\">O v\u00e9io Joaquim<\/h3>\n<div class=\"siteorigin-widget-tinymce textwidget\">\n\t<p>G.L Arts (Ponta Grossa\/PR)<\/p>\n<p>10 a 13\/11 \u2013 16 apresenta\u00e7\u00f5es em escolas e institui\u00e7\u00f5es<\/p>\n<p>Classifica\u00e7\u00e3o: livre<br \/>\nDura\u00e7\u00e3o: 30 min<\/p>\n<p>Sinopse: O V\u00e9io Joaquim compartilha com jovens, velhos e crian\u00e7as suas hist\u00f3rias de vida e suas li\u00e7\u00f5es, sempre enxergando o lado bom da vida, at\u00e9 mesmo nas tristezas, e sempre com muita alegria.<\/p>\n<\/div>\n<\/div><\/div><\/div><\/div><div id=\"pgc-1698-0-1\"  class=\"panel-grid-cell\" ><div id=\"panel-1698-0-1-0\" class=\"so-panel widget widget_media_image panel-first-child panel-last-child\" data-index=\"1\" ><img width=\"750\" height=\"497\" src=\"https:\/\/www2.uepg.br\/fenata\/wp-content\/uploads\/sites\/136\/2025\/10\/ESPECIAL-O-veio-Joaquim.jpeg\" class=\"image wp-image-1699  attachment-full size-full\" alt=\"\" loading=\"lazy\" style=\"max-width: 100%; height: auto;\" srcset=\"https:\/\/www2.uepg.br\/fenata\/wp-content\/uploads\/sites\/136\/2025\/10\/ESPECIAL-O-veio-Joaquim.jpeg 750w, https:\/\/www2.uepg.br\/fenata\/wp-content\/uploads\/sites\/136\/2025\/10\/ESPECIAL-O-veio-Joaquim-300x199.jpeg 300w\" sizes=\"(max-width: 750px) 100vw, 750px\" \/><\/div><\/div><\/div><\/div><div id=\"pg-1698-1\"  class=\"panel-grid panel-has-style\" ><div class=\"panel-row-style panel-row-style-for-1698-1\" ><div id=\"pgc-1698-1-0\"  class=\"panel-grid-cell\" ><div id=\"panel-1698-1-0-0\" class=\"so-panel widget widget_sow-editor panel-first-child panel-last-child\" data-index=\"2\" ><div class=\"panel-widget-style panel-widget-style-for-1698-1-0-0\" ><div\n\t\t\t\n\t\t\tclass=\"so-widget-sow-editor so-widget-sow-editor-base\"\n\t\t\t\n\t\t><h3 class=\"widget-title\">Magn\u00f3lia e o p\u00e1ssaro falante<\/h3>\n<div class=\"siteorigin-widget-tinymce textwidget\">\n\t<p>Cia Carnivale (Curitiba\/PR)<\/p>\n<p>10 a 13\/11 \u2013 16 apresenta\u00e7\u00f5es em escolas e institui\u00e7\u00f5es<\/p>\n<p>Classifica\u00e7\u00e3o: livre<br \/>\nDura\u00e7\u00e3o: 35 min<\/p>\n<p>Sinopse: Magn\u00f3lia \u00e9 uma menina alegre e criativa. Em uma de suas aventuras, conhece um p\u00e1ssaro falante, e juntos, constroem uma forte amizade. Um dia, quando o p\u00e1ssaro desaparece, a menina fica sozinha, triste e pensativa. Embarque nesta aventura, com bonecos e formas animadas, para descobrir se Magn\u00f3lia ir\u00e1 reencontrar seu grande amigo.<\/p>\n<\/div>\n<\/div><\/div><\/div><\/div><div id=\"pgc-1698-1-1\"  class=\"panel-grid-cell\" ><div id=\"panel-1698-1-1-0\" class=\"so-panel widget widget_media_image panel-first-child panel-last-child\" data-index=\"3\" ><img width=\"2048\" height=\"1366\" src=\"https:\/\/www2.uepg.br\/fenata\/wp-content\/uploads\/sites\/136\/2025\/10\/ESPECIAL-Magnolia-e-o-passaro-falante-foto-de-Andre-Meirelles.jpg\" class=\"image wp-image-1701  attachment-full size-full\" alt=\"\" loading=\"lazy\" style=\"max-width: 100%; height: auto;\" srcset=\"https:\/\/www2.uepg.br\/fenata\/wp-content\/uploads\/sites\/136\/2025\/10\/ESPECIAL-Magnolia-e-o-passaro-falante-foto-de-Andre-Meirelles.jpg 2048w, https:\/\/www2.uepg.br\/fenata\/wp-content\/uploads\/sites\/136\/2025\/10\/ESPECIAL-Magnolia-e-o-passaro-falante-foto-de-Andre-Meirelles-300x200.jpg 300w, https:\/\/www2.uepg.br\/fenata\/wp-content\/uploads\/sites\/136\/2025\/10\/ESPECIAL-Magnolia-e-o-passaro-falante-foto-de-Andre-Meirelles-1024x683.jpg 1024w, https:\/\/www2.uepg.br\/fenata\/wp-content\/uploads\/sites\/136\/2025\/10\/ESPECIAL-Magnolia-e-o-passaro-falante-foto-de-Andre-Meirelles-768x512.jpg 768w, https:\/\/www2.uepg.br\/fenata\/wp-content\/uploads\/sites\/136\/2025\/10\/ESPECIAL-Magnolia-e-o-passaro-falante-foto-de-Andre-Meirelles-1536x1025.jpg 1536w, https:\/\/www2.uepg.br\/fenata\/wp-content\/uploads\/sites\/136\/2025\/10\/ESPECIAL-Magnolia-e-o-passaro-falante-foto-de-Andre-Meirelles-1232x822.jpg 1232w, https:\/\/www2.uepg.br\/fenata\/wp-content\/uploads\/sites\/136\/2025\/10\/ESPECIAL-Magnolia-e-o-passaro-falante-foto-de-Andre-Meirelles-1619x1080.jpg 1619w, https:\/\/www2.uepg.br\/fenata\/wp-content\/uploads\/sites\/136\/2025\/10\/ESPECIAL-Magnolia-e-o-passaro-falante-foto-de-Andre-Meirelles-272x182.jpg 272w\" sizes=\"(max-width: 2048px) 100vw, 2048px\" \/><\/div><\/div><\/div><\/div><div id=\"pg-1698-2\"  class=\"panel-grid panel-has-style\" ><div class=\"panel-row-style panel-row-style-for-1698-2\" ><div id=\"pgc-1698-2-0\"  class=\"panel-grid-cell\" ><div id=\"panel-1698-2-0-0\" class=\"so-panel widget widget_sow-editor panel-first-child panel-last-child\" data-index=\"4\" ><div class=\"panel-widget-style panel-widget-style-for-1698-2-0-0\" ><div\n\t\t\t\n\t\t\tclass=\"so-widget-sow-editor so-widget-sow-editor-base\"\n\t\t\t\n\t\t><h3 class=\"widget-title\">O menino de lugar nenhum<\/h3>\n<div class=\"siteorigin-widget-tinymce textwidget\">\n\t<p style=\"text-align: justify\">KB Produ\u00e7\u00f5es Art\u00edsticas (Ponta Grossa\/PR)<\/p>\n<p style=\"text-align: justify\">10 a 13\/11 \u2013 16 apresenta\u00e7\u00f5es em escolas e institui\u00e7\u00f5es<\/p>\n<p style=\"text-align: justify\">Classifica\u00e7\u00e3o: livre<br \/>\nDura\u00e7\u00e3o: 40 min<\/p>\n<p style=\"text-align: justify\">Sinopse: Entediado com a vida solit\u00e1ria, O Menino da Terra decide criar gal\u00e1xias e universos. Assim surge Lugar Nenhum, o mundo da imagina\u00e7\u00e3o do garoto. Dentro de seu quarto vazio, ele desenha e brinca com os universos fant\u00e1sticos e d\u00e1 vida a diversos personagens com seu poder criador. Durante sua jornada, ele conta a hist\u00f3ria do Menino da Nuvem e de outros personagens de suas hist\u00f3rias. Premiado em 2013 pela Funda\u00e7\u00e3o Curro Velho (Bel\u00e9m\/PA) e em 2022 no Festival Prosi\u00e1, \u2018O Menino de Lugar Nenhum\u2019 convida os adultos a voltarem a ser crian\u00e7as ao mesmo tempo em que instiga as crian\u00e7as a deixarem a imagina\u00e7\u00e3o e a criatividade conduzirem as hist\u00f3rias e brincadeiras em sua inf\u00e2ncia.<\/p>\n<\/div>\n<\/div><\/div><\/div><\/div><div id=\"pgc-1698-2-1\"  class=\"panel-grid-cell\" ><div id=\"panel-1698-2-1-0\" class=\"so-panel widget widget_media_image panel-first-child panel-last-child\" data-index=\"5\" ><div class=\"panel-widget-style panel-widget-style-for-1698-2-1-0\" ><img width=\"2048\" height=\"1365\" src=\"https:\/\/www2.uepg.br\/fenata\/wp-content\/uploads\/sites\/136\/2025\/10\/ESPECIAL-O-menino-de-lugar-nenhum-foto-de-Guilherme-Carneiro.jpg\" class=\"image wp-image-1702  attachment-full size-full\" alt=\"\" loading=\"lazy\" style=\"max-width: 100%; height: auto;\" srcset=\"https:\/\/www2.uepg.br\/fenata\/wp-content\/uploads\/sites\/136\/2025\/10\/ESPECIAL-O-menino-de-lugar-nenhum-foto-de-Guilherme-Carneiro.jpg 2048w, https:\/\/www2.uepg.br\/fenata\/wp-content\/uploads\/sites\/136\/2025\/10\/ESPECIAL-O-menino-de-lugar-nenhum-foto-de-Guilherme-Carneiro-300x200.jpg 300w, https:\/\/www2.uepg.br\/fenata\/wp-content\/uploads\/sites\/136\/2025\/10\/ESPECIAL-O-menino-de-lugar-nenhum-foto-de-Guilherme-Carneiro-1024x683.jpg 1024w, https:\/\/www2.uepg.br\/fenata\/wp-content\/uploads\/sites\/136\/2025\/10\/ESPECIAL-O-menino-de-lugar-nenhum-foto-de-Guilherme-Carneiro-768x512.jpg 768w, https:\/\/www2.uepg.br\/fenata\/wp-content\/uploads\/sites\/136\/2025\/10\/ESPECIAL-O-menino-de-lugar-nenhum-foto-de-Guilherme-Carneiro-1536x1024.jpg 1536w, https:\/\/www2.uepg.br\/fenata\/wp-content\/uploads\/sites\/136\/2025\/10\/ESPECIAL-O-menino-de-lugar-nenhum-foto-de-Guilherme-Carneiro-1232x821.jpg 1232w, https:\/\/www2.uepg.br\/fenata\/wp-content\/uploads\/sites\/136\/2025\/10\/ESPECIAL-O-menino-de-lugar-nenhum-foto-de-Guilherme-Carneiro-1620x1080.jpg 1620w, https:\/\/www2.uepg.br\/fenata\/wp-content\/uploads\/sites\/136\/2025\/10\/ESPECIAL-O-menino-de-lugar-nenhum-foto-de-Guilherme-Carneiro-272x182.jpg 272w\" sizes=\"(max-width: 2048px) 100vw, 2048px\" \/><\/div><\/div><\/div><\/div><\/div><div id=\"pg-1698-3\"  class=\"panel-grid panel-has-style\" ><div class=\"panel-row-style panel-row-style-for-1698-3\" ><div id=\"pgc-1698-3-0\"  class=\"panel-grid-cell\" ><div id=\"panel-1698-3-0-0\" class=\"so-panel widget widget_sow-editor panel-first-child panel-last-child\" data-index=\"6\" ><div class=\"panel-widget-style panel-widget-style-for-1698-3-0-0\" ><div\n\t\t\t\n\t\t\tclass=\"so-widget-sow-editor so-widget-sow-editor-base\"\n\t\t\t\n\t\t><h3 class=\"widget-title\">O menino que queria salvar a natureza<\/h3>\n<div class=\"siteorigin-widget-tinymce textwidget\">\n\t<p style=\"text-align: justify\">Sintonia Domin\u00f3 (Rio de Janeiro\/RJ)<\/p>\n<p style=\"text-align: justify\">10 a 13\/11 \u2013 16 apresenta\u00e7\u00f5es em escolas e institui\u00e7\u00f5es<\/p>\n<p style=\"text-align: justify\">Classifica\u00e7\u00e3o: livre<br \/>\nDura\u00e7\u00e3o: 45 min<\/p>\n<p style=\"text-align: justify\">Sinopse: \u2018O Menino que Queria Salvar a Natureza\u2019 \u00e9 um espet\u00e1culo infantil que combina teatro e m\u00fasica para abordar a import\u00e2ncia da preserva\u00e7\u00e3o ambiental, reciclagem e consumo consciente. A pe\u00e7a conta a hist\u00f3ria de um menino que tenta convencer um vil\u00e3o chamado Sujismundo Quinto a mudar seus h\u00e1bitos prejudiciais ao meio ambiente.<\/p>\n<\/div>\n<\/div><\/div><\/div><\/div><div id=\"pgc-1698-3-1\"  class=\"panel-grid-cell\" ><div id=\"panel-1698-3-1-0\" class=\"so-panel widget widget_media_image panel-first-child panel-last-child\" data-index=\"7\" ><img width=\"2560\" height=\"1707\" src=\"https:\/\/www2.uepg.br\/fenata\/wp-content\/uploads\/sites\/136\/2025\/10\/ESPECIAL-O-menino-que-queria-salvar-a-natureza-scaled.jpg\" class=\"image wp-image-1704  attachment-full size-full\" alt=\"\" loading=\"lazy\" style=\"max-width: 100%; height: auto;\" srcset=\"https:\/\/www2.uepg.br\/fenata\/wp-content\/uploads\/sites\/136\/2025\/10\/ESPECIAL-O-menino-que-queria-salvar-a-natureza-scaled.jpg 2560w, https:\/\/www2.uepg.br\/fenata\/wp-content\/uploads\/sites\/136\/2025\/10\/ESPECIAL-O-menino-que-queria-salvar-a-natureza-300x200.jpg 300w, https:\/\/www2.uepg.br\/fenata\/wp-content\/uploads\/sites\/136\/2025\/10\/ESPECIAL-O-menino-que-queria-salvar-a-natureza-1024x683.jpg 1024w, https:\/\/www2.uepg.br\/fenata\/wp-content\/uploads\/sites\/136\/2025\/10\/ESPECIAL-O-menino-que-queria-salvar-a-natureza-768x512.jpg 768w, https:\/\/www2.uepg.br\/fenata\/wp-content\/uploads\/sites\/136\/2025\/10\/ESPECIAL-O-menino-que-queria-salvar-a-natureza-1536x1024.jpg 1536w, https:\/\/www2.uepg.br\/fenata\/wp-content\/uploads\/sites\/136\/2025\/10\/ESPECIAL-O-menino-que-queria-salvar-a-natureza-2048x1365.jpg 2048w, https:\/\/www2.uepg.br\/fenata\/wp-content\/uploads\/sites\/136\/2025\/10\/ESPECIAL-O-menino-que-queria-salvar-a-natureza-1232x821.jpg 1232w, https:\/\/www2.uepg.br\/fenata\/wp-content\/uploads\/sites\/136\/2025\/10\/ESPECIAL-O-menino-que-queria-salvar-a-natureza-1620x1080.jpg 1620w, https:\/\/www2.uepg.br\/fenata\/wp-content\/uploads\/sites\/136\/2025\/10\/ESPECIAL-O-menino-que-queria-salvar-a-natureza-272x182.jpg 272w\" sizes=\"(max-width: 2560px) 100vw, 2560px\" \/><\/div><\/div><\/div><\/div><div id=\"pg-1698-4\"  class=\"panel-grid panel-has-style\" ><div class=\"panel-row-style panel-row-style-for-1698-4\" ><div id=\"pgc-1698-4-0\"  class=\"panel-grid-cell\" ><div id=\"panel-1698-4-0-0\" class=\"so-panel widget widget_sow-editor panel-first-child panel-last-child\" data-index=\"8\" ><div class=\"panel-widget-style panel-widget-style-for-1698-4-0-0\" ><div\n\t\t\t\n\t\t\tclass=\"so-widget-sow-editor so-widget-sow-editor-base\"\n\t\t\t\n\t\t><h3 class=\"widget-title\">Seu Manejo e o Mano Beja<\/h3>\n<div class=\"siteorigin-widget-tinymce textwidget\">\n\t<p style=\"text-align: justify\">Cia Teatro em Cordel (Rio de Janeiro\/RJ)<\/p>\n<p style=\"text-align: justify\">10 a 13\/11 \u2013 16 apresenta\u00e7\u00f5es em escolas e institui\u00e7\u00f5es<\/p>\n<p style=\"text-align: justify\">Classifica\u00e7\u00e3o: livre<br \/>\nDura\u00e7\u00e3o: 50 min<\/p>\n<p style=\"text-align: justify\">Sinopse: Mano Beja, o Homem, pretende descobrir o segredo da sustentabilidade, alcan\u00e7ando a derradeira folha da \u00e1rvore mais alta da Floresta. Tenta, portanto, contar com ajuda de Seu Manejo, o Sapo (um mamulengo), que prefere permanecer no ch\u00e3o. Mano s\u00f3 e s\u00f3, logo descobre que o 'segredo' que busca est\u00e1 nos movimentos de Seu Manejo.<\/p>\n<\/div>\n<\/div><\/div><\/div><\/div><div id=\"pgc-1698-4-1\"  class=\"panel-grid-cell\" ><div id=\"panel-1698-4-1-0\" class=\"so-panel widget widget_media_image panel-first-child panel-last-child\" data-index=\"9\" ><img width=\"1065\" height=\"710\" src=\"https:\/\/www2.uepg.br\/fenata\/wp-content\/uploads\/sites\/136\/2025\/10\/ESPECIAL-Seu-Manejo-e-Mano-Beja.jpg\" class=\"image wp-image-1705  attachment-full size-full\" alt=\"\" loading=\"lazy\" style=\"max-width: 100%; height: auto;\" srcset=\"https:\/\/www2.uepg.br\/fenata\/wp-content\/uploads\/sites\/136\/2025\/10\/ESPECIAL-Seu-Manejo-e-Mano-Beja.jpg 1065w, https:\/\/www2.uepg.br\/fenata\/wp-content\/uploads\/sites\/136\/2025\/10\/ESPECIAL-Seu-Manejo-e-Mano-Beja-300x200.jpg 300w, https:\/\/www2.uepg.br\/fenata\/wp-content\/uploads\/sites\/136\/2025\/10\/ESPECIAL-Seu-Manejo-e-Mano-Beja-1024x683.jpg 1024w, https:\/\/www2.uepg.br\/fenata\/wp-content\/uploads\/sites\/136\/2025\/10\/ESPECIAL-Seu-Manejo-e-Mano-Beja-768x512.jpg 768w, https:\/\/www2.uepg.br\/fenata\/wp-content\/uploads\/sites\/136\/2025\/10\/ESPECIAL-Seu-Manejo-e-Mano-Beja-272x182.jpg 272w\" sizes=\"(max-width: 1065px) 100vw, 1065px\" \/><\/div><\/div><\/div><\/div><div id=\"pg-1698-5\"  class=\"panel-grid panel-has-style\" ><div class=\"panel-row-style panel-row-style-for-1698-5\" ><div id=\"pgc-1698-5-0\"  class=\"panel-grid-cell\" ><div id=\"panel-1698-5-0-0\" class=\"so-panel widget widget_sow-editor panel-first-child panel-last-child\" data-index=\"10\" ><div class=\"panel-widget-style panel-widget-style-for-1698-5-0-0\" ><div\n\t\t\t\n\t\t\tclass=\"so-widget-sow-editor so-widget-sow-editor-base\"\n\t\t\t\n\t\t><h3 class=\"widget-title\">Dona M\u00e1ssima: tendo sa\u00fade t\u00e1 bom<\/h3>\n<div class=\"siteorigin-widget-tinymce textwidget\">\n\t<p class=\"western\" style=\"text-align: justify\" align=\"justify\">Cia Dell\u2019arte (Socorro\/SP)<\/p>\n<p class=\"western\" style=\"text-align: justify\" align=\"justify\">10 a 13\/11 \u2013 16 apresenta\u00e7\u00f5es em escolas e institui\u00e7\u00f5es<\/p>\n<p class=\"western\" style=\"text-align: justify\" align=\"justify\">Classifica\u00e7\u00e3o: 14 anos<\/p>\n<p class=\"western\" style=\"text-align: justify\" align=\"justify\">Dura\u00e7\u00e3o: 40 min<\/p>\n<p class=\"western\" style=\"text-align: justify\" align=\"justify\">Sinopse: Dona M\u00e1ssima, uma mulher simples, m\u00e3e de 4 filhos, ganha uma viagem para conhecer S\u00e3o Paulo em uma promo\u00e7\u00e3o de supermercado. Como ningu\u00e9m da fam\u00edlia pode viajar com ela, convida sua amiga Jurema para acompanha-la. Daqui pra frente \u00e9 s\u00f3 perrengue e divers\u00e3o. A pe\u00e7a narra de forma hil\u00e1ria as aventuras das amigas na maior cidade da Am\u00e9rica Latina.<\/p>\n<\/div>\n<\/div><\/div><\/div><\/div><div id=\"pgc-1698-5-1\"  class=\"panel-grid-cell\" ><div id=\"panel-1698-5-1-0\" class=\"so-panel widget widget_media_image panel-first-child panel-last-child\" data-index=\"11\" ><img width=\"1772\" height=\"1181\" src=\"https:\/\/www2.uepg.br\/fenata\/wp-content\/uploads\/sites\/136\/2025\/10\/ESPECIAL-Dona-Massima.jpg\" class=\"image wp-image-1709  attachment-full size-full\" alt=\"\" loading=\"lazy\" style=\"max-width: 100%; height: auto;\" srcset=\"https:\/\/www2.uepg.br\/fenata\/wp-content\/uploads\/sites\/136\/2025\/10\/ESPECIAL-Dona-Massima.jpg 1772w, https:\/\/www2.uepg.br\/fenata\/wp-content\/uploads\/sites\/136\/2025\/10\/ESPECIAL-Dona-Massima-300x200.jpg 300w, https:\/\/www2.uepg.br\/fenata\/wp-content\/uploads\/sites\/136\/2025\/10\/ESPECIAL-Dona-Massima-1024x682.jpg 1024w, https:\/\/www2.uepg.br\/fenata\/wp-content\/uploads\/sites\/136\/2025\/10\/ESPECIAL-Dona-Massima-768x512.jpg 768w, https:\/\/www2.uepg.br\/fenata\/wp-content\/uploads\/sites\/136\/2025\/10\/ESPECIAL-Dona-Massima-1536x1024.jpg 1536w, https:\/\/www2.uepg.br\/fenata\/wp-content\/uploads\/sites\/136\/2025\/10\/ESPECIAL-Dona-Massima-1232x821.jpg 1232w, https:\/\/www2.uepg.br\/fenata\/wp-content\/uploads\/sites\/136\/2025\/10\/ESPECIAL-Dona-Massima-1620x1080.jpg 1620w, https:\/\/www2.uepg.br\/fenata\/wp-content\/uploads\/sites\/136\/2025\/10\/ESPECIAL-Dona-Massima-272x182.jpg 272w\" sizes=\"(max-width: 1772px) 100vw, 1772px\" \/><\/div><\/div><\/div><\/div><div id=\"pg-1698-6\"  class=\"panel-grid panel-has-style\" ><div class=\"panel-row-style panel-row-style-for-1698-6\" ><div id=\"pgc-1698-6-0\"  class=\"panel-grid-cell\" ><div id=\"panel-1698-6-0-0\" class=\"so-panel widget widget_sow-editor panel-first-child panel-last-child\" data-index=\"12\" ><div class=\"panel-widget-style panel-widget-style-for-1698-6-0-0\" ><div\n\t\t\t\n\t\t\tclass=\"so-widget-sow-editor so-widget-sow-editor-base\"\n\t\t\t\n\t\t><h3 class=\"widget-title\">R\u00e1dio Comida<\/h3>\n<div class=\"siteorigin-widget-tinymce textwidget\">\n\t<p style=\"text-align: justify\">Grupo R\u00e1dio Comida (Piracicaba\/SP)<\/p>\n<p style=\"text-align: justify\">10 a 13\/11 \u2013 16 apresenta\u00e7\u00f5es em escolas e institui\u00e7\u00f5es<br \/>\n09 a 12\/11 \u2013 8 apresenta\u00e7\u00f5es na Mostra Teatro de Boteco<\/p>\n<p style=\"text-align: justify\">Classifica\u00e7\u00e3o: livre<br \/>\nDura\u00e7\u00e3o: 30 min<\/p>\n<p style=\"text-align: justify\">Sinopse: Alegria, divers\u00e3o, entretenimento, muita comida boa e interatividade! Essa \u00e9 a receita da R\u00e1dio Comida. No card\u00e1pio interativo s\u00e3o apresentadas as del\u00edcias que v\u00e3o agradar e encantar o seu paladar! O gourmet viaja do Oiapoque ao Chu\u00ed, de Piracicaba a Bangladesh, tudo junto, misturado e levado ao fogo pra esquentar o seu apetite. Criado em 2001, o projeto j\u00e1 passou por diversos pa\u00edses europeus e \u00e9 presen\u00e7a constante em programas de televis\u00e3o (TV Globo, TV Record, Band, SBT). Atua com muito humor interativo e par\u00f3dias voltadas \u00e0 culin\u00e1ria nacional e internacional, com dicas de receitas musicadas produzidas ao vivo para todos os gostos e estilos.<\/p>\n<\/div>\n<\/div><\/div><\/div><\/div><div id=\"pgc-1698-6-1\"  class=\"panel-grid-cell\" ><div id=\"panel-1698-6-1-0\" class=\"so-panel widget widget_media_image panel-first-child panel-last-child\" data-index=\"13\" ><div class=\"panel-widget-style panel-widget-style-for-1698-6-1-0\" ><img width=\"1327\" height=\"831\" src=\"https:\/\/www2.uepg.br\/fenata\/wp-content\/uploads\/sites\/136\/2025\/10\/ESPECIAL-Radio-Comida.jpeg\" class=\"image wp-image-1711  attachment-full size-full\" alt=\"\" loading=\"lazy\" style=\"max-width: 100%; height: auto;\" srcset=\"https:\/\/www2.uepg.br\/fenata\/wp-content\/uploads\/sites\/136\/2025\/10\/ESPECIAL-Radio-Comida.jpeg 1327w, https:\/\/www2.uepg.br\/fenata\/wp-content\/uploads\/sites\/136\/2025\/10\/ESPECIAL-Radio-Comida-300x188.jpeg 300w, https:\/\/www2.uepg.br\/fenata\/wp-content\/uploads\/sites\/136\/2025\/10\/ESPECIAL-Radio-Comida-1024x641.jpeg 1024w, https:\/\/www2.uepg.br\/fenata\/wp-content\/uploads\/sites\/136\/2025\/10\/ESPECIAL-Radio-Comida-768x481.jpeg 768w, https:\/\/www2.uepg.br\/fenata\/wp-content\/uploads\/sites\/136\/2025\/10\/ESPECIAL-Radio-Comida-1232x772.jpeg 1232w\" sizes=\"(max-width: 1327px) 100vw, 1327px\" \/><\/div><\/div><\/div><\/div><\/div><\/div>","protected":false},"excerpt":{"rendered":"<p>G.L Arts (Ponta Grossa\/PR) 10 a 13\/11 \u2013 16 apresenta\u00e7\u00f5es em escolas e institui\u00e7\u00f5es Classifica\u00e7\u00e3o: livre Dura\u00e7\u00e3o: 30 min Sinopse: O V\u00e9io Joaquim compartilha com jovens, velhos e crian\u00e7as suas hist\u00f3rias de vida e suas li\u00e7\u00f5es, sempre enxergando o lado bom da vida, at\u00e9 mesmo nas tristezas, e sempre com muita alegria. Cia Carnivale (Curitiba\/PR)&nbsp;&hellip;<\/p>\n","protected":false},"author":84,"featured_media":0,"parent":0,"menu_order":0,"comment_status":"closed","ping_status":"closed","template":"","meta":{"_monsterinsights_skip_tracking":false,"_monsterinsights_sitenote_active":false,"_monsterinsights_sitenote_note":"","_monsterinsights_sitenote_category":0},"_links":{"self":[{"href":"https:\/\/www2.uepg.br\/fenata\/wp-json\/wp\/v2\/pages\/1698"}],"collection":[{"href":"https:\/\/www2.uepg.br\/fenata\/wp-json\/wp\/v2\/pages"}],"about":[{"href":"https:\/\/www2.uepg.br\/fenata\/wp-json\/wp\/v2\/types\/page"}],"author":[{"embeddable":true,"href":"https:\/\/www2.uepg.br\/fenata\/wp-json\/wp\/v2\/users\/84"}],"replies":[{"embeddable":true,"href":"https:\/\/www2.uepg.br\/fenata\/wp-json\/wp\/v2\/comments?post=1698"}],"version-history":[{"count":11,"href":"https:\/\/www2.uepg.br\/fenata\/wp-json\/wp\/v2\/pages\/1698\/revisions"}],"predecessor-version":[{"id":1738,"href":"https:\/\/www2.uepg.br\/fenata\/wp-json\/wp\/v2\/pages\/1698\/revisions\/1738"}],"wp:attachment":[{"href":"https:\/\/www2.uepg.br\/fenata\/wp-json\/wp\/v2\/media?parent=1698"}],"curies":[{"name":"wp","href":"https:\/\/api.w.org\/{rel}","templated":true}]}}