{"id":201,"date":"2019-09-26T08:21:57","date_gmt":"2019-09-26T11:21:57","guid":{"rendered":"http:\/\/www2.uepg.br\/fenata\/?page_id=201"},"modified":"2025-11-03T21:48:16","modified_gmt":"2025-11-04T00:48:16","slug":"sobre","status":"publish","type":"page","link":"https:\/\/www2.uepg.br\/fenata\/sobre\/","title":{"rendered":"Sobre o Fenata"},"content":{"rendered":"<div id=\"pl-201\"  class=\"panel-layout\" ><div id=\"pg-201-0\"  class=\"panel-grid panel-no-style\" ><div id=\"pgc-201-0-0\"  class=\"panel-grid-cell\" ><div id=\"panel-201-0-0-0\" class=\"so-panel widget widget_sow-editor panel-first-child panel-last-child\" data-index=\"0\" ><div\n\t\t\t\n\t\t\tclass=\"so-widget-sow-editor so-widget-sow-editor-base\"\n\t\t\t\n\t\t>\n<div class=\"siteorigin-widget-tinymce textwidget\">\n\t<p>Festival Nacional de Teatro \u2013 FENATA<br \/>\nRealizado desde 1973 de forma ininterrupta, o Fenata (Festival Nacional de Teatro) faz parte do calend\u00e1rio oficial da UEPG e acontece sempre no m\u00eas de novembro. Participam grupos de Ponta Grossa e de todo o Brasil, com espet\u00e1culos nos mais variados g\u00eaneros e para os mais diversos p\u00fablicos. Palco de grandes pe\u00e7as, que j\u00e1 contou com presen\u00e7as de nomes consagrados, o festival concebe-se como um espa\u00e7o de cultura e de debate na \u00e1rea de artes c\u00eanicas, integrando a produ\u00e7\u00e3o local \u00e0 nacional e promovendo o fortalecimento de linguagens e o olhar cr\u00edtico sobre a produ\u00e7\u00e3o contempor\u00e2nea.<\/p>\n<\/div>\n<\/div><\/div><\/div><\/div><div id=\"pg-201-1\"  class=\"panel-grid panel-no-style\" ><div id=\"pgc-201-1-0\"  class=\"panel-grid-cell\" ><div id=\"panel-201-1-0-0\" class=\"so-panel widget widget_sow-image panel-first-child panel-last-child\" data-index=\"1\" ><div class=\"panel-widget-style panel-widget-style-for-201-1-0-0\" ><div\n\t\t\t\n\t\t\tclass=\"so-widget-sow-image so-widget-sow-image-default-d70c3388eec3-201\"\n\t\t\t\n\t\t>\n\n<div class=\"sow-image-container\">\n\t\t<img title=\"Sobre o Fenata\" alt=\"\" loading=\"lazy\" \t\tclass=\"so-widget-image\"\/>\n\t<\/div>\n\n<\/div><\/div><\/div><\/div><\/div><\/div>","protected":false},"excerpt":{"rendered":"<p>Festival Nacional de Teatro \u2013 FENATA Realizado desde 1973 de forma ininterrupta, o Fenata (Festival Nacional de Teatro) faz parte do calend\u00e1rio oficial da UEPG e acontece sempre no m\u00eas de novembro. Participam grupos de Ponta Grossa e de todo o Brasil, com espet\u00e1culos nos mais variados g\u00eaneros e para os mais diversos p\u00fablicos. Palco&nbsp;&hellip;<\/p>\n","protected":false},"author":76,"featured_media":391,"parent":0,"menu_order":0,"comment_status":"closed","ping_status":"closed","template":"","meta":{"_monsterinsights_skip_tracking":false,"_monsterinsights_sitenote_active":false,"_monsterinsights_sitenote_note":"","_monsterinsights_sitenote_category":0},"_links":{"self":[{"href":"https:\/\/www2.uepg.br\/fenata\/wp-json\/wp\/v2\/pages\/201"}],"collection":[{"href":"https:\/\/www2.uepg.br\/fenata\/wp-json\/wp\/v2\/pages"}],"about":[{"href":"https:\/\/www2.uepg.br\/fenata\/wp-json\/wp\/v2\/types\/page"}],"author":[{"embeddable":true,"href":"https:\/\/www2.uepg.br\/fenata\/wp-json\/wp\/v2\/users\/76"}],"replies":[{"embeddable":true,"href":"https:\/\/www2.uepg.br\/fenata\/wp-json\/wp\/v2\/comments?post=201"}],"version-history":[{"count":31,"href":"https:\/\/www2.uepg.br\/fenata\/wp-json\/wp\/v2\/pages\/201\/revisions"}],"predecessor-version":[{"id":1734,"href":"https:\/\/www2.uepg.br\/fenata\/wp-json\/wp\/v2\/pages\/201\/revisions\/1734"}],"wp:featuredmedia":[{"embeddable":true,"href":"https:\/\/www2.uepg.br\/fenata\/wp-json\/wp\/v2\/media\/391"}],"wp:attachment":[{"href":"https:\/\/www2.uepg.br\/fenata\/wp-json\/wp\/v2\/media?parent=201"}],"curies":[{"name":"wp","href":"https:\/\/api.w.org\/{rel}","templated":true}]}}